{"id":347,"date":"2017-06-15T12:17:05","date_gmt":"2017-06-15T10:17:05","guid":{"rendered":"http:\/\/wp.unil.ch\/labelettres\/?page_id=347"},"modified":"2025-03-20T10:21:31","modified_gmt":"2025-03-20T09:21:31","slug":"langues-et-litteratures","status":"publish","type":"page","link":"https:\/\/wp.unil.ch\/labelettres\/langues-et-litteratures\/","title":{"rendered":"Langues et litt\u00e9ratures"},"content":{"rendered":"<div id=\"bdpp-post-masonry-1\" class=\"bdpp-wrap bdpp-lite bdpp-post-masonry-wrap bdpp-post-grid-wrap bdpp-post-data-wrap bdpp-design-1 bdpp-effect-1 bdpp-grid-4  bdpp-clearfix\">\r\n\t<div class=\"bdpp-post-masonry-inr-wrap bdpp-post-data-inr-wrap bdpp-clearfix\"><div class=\"bdpp-post-grid bdpp-col-4 bdpp-columns bdpp-post-16090 bdpp-post-standard bdpp-has-thumb\">\r\n\t<div class=\"bdpp-post-grid-content\">\r\n\t\t\t\t<div class=\"bdpp-post-img-bg\">\r\n\t\t\t<a href=\"https:\/\/wp.unil.ch\/labelettres\/les-guerres-de-bourgogne-memoires-et-commemorations-en-suisse-1476-2026\/\">\r\n\t\t\t\t<img decoding=\"async\" src=\"https:\/\/wp.unil.ch\/labelettres\/files\/2026\/03\/2026-fra-guerres-de-bourgogne-couv.png\" class=\"bdpp-img bdpp-post-feat-img\" alt=\"Les guerres de Bourgogne. M\u00e9moires et comm\u00e9morations en Suisse (1476-2026)\" \/>\r\n\t\t\t\t\t\t\t<\/a>\r\n\t\t<\/div>\r\n\t\t\r\n\t\t<h2 class=\"bdpp-post-title\">\r\n\t\t\t<a href=\"https:\/\/wp.unil.ch\/labelettres\/les-guerres-de-bourgogne-memoires-et-commemorations-en-suisse-1476-2026\/\">Les guerres de Bourgogne. M\u00e9moires et comm\u00e9morations en Suisse (1476-2026)<\/a>\r\n\t\t<\/h2>\r\n\r\n\t\t\t<\/div>\r\n<\/div><div class=\"bdpp-post-grid bdpp-col-4 bdpp-columns bdpp-post-16114 bdpp-post-standard bdpp-has-thumb\">\r\n\t<div class=\"bdpp-post-grid-content\">\r\n\t\t\t\t<div class=\"bdpp-post-img-bg\">\r\n\t\t\t<a href=\"https:\/\/wp.unil.ch\/labelettres\/langue-et-integration-requerants-dasile-benevoles-et-institutions-en-suisse-romande-positionnements-de-la-communaute-asile\/\">\r\n\t\t\t\t<img decoding=\"async\" src=\"https:\/\/wp.unil.ch\/labelettres\/files\/2026\/03\/2026-efle-langue-et-integration-couv.png\" class=\"bdpp-img bdpp-post-feat-img\" alt=\"Langue et int\u00e9gration. Requ\u00e9rants d\u2019asile, b\u00e9n\u00e9voles et institutions en Suisse romande: positionnements de la communaut\u00e9 asile\" \/>\r\n\t\t\t\t\t\t\t<\/a>\r\n\t\t<\/div>\r\n\t\t\r\n\t\t<h2 class=\"bdpp-post-title\">\r\n\t\t\t<a href=\"https:\/\/wp.unil.ch\/labelettres\/langue-et-integration-requerants-dasile-benevoles-et-institutions-en-suisse-romande-positionnements-de-la-communaute-asile\/\">Langue et int\u00e9gration. Requ\u00e9rants d\u2019asile, b\u00e9n\u00e9voles et institutions en Suisse romande: positionnements de la communaut\u00e9 asile<\/a>\r\n\t\t<\/h2>\r\n\r\n\t\t\t<\/div>\r\n<\/div><div class=\"bdpp-post-grid bdpp-col-4 bdpp-columns bdpp-post-16103 bdpp-post-standard bdpp-has-thumb\">\r\n\t<div class=\"bdpp-post-grid-content\">\r\n\t\t\t\t<div class=\"bdpp-post-img-bg\">\r\n\t\t\t<a href=\"https:\/\/wp.unil.ch\/labelettres\/isabelle-de-charriere-dutrecht-a-colombier-une-femme-de-lettres-engagee-au-siecle-des-lumieres\/\">\r\n\t\t\t\t<img decoding=\"async\" src=\"https:\/\/wp.unil.ch\/labelettres\/files\/2026\/03\/2025-ibc-isabelle-de-charriere-nrn-couv.png\" class=\"bdpp-img bdpp-post-feat-img\" alt=\"Isabelle de Charri\u00e8re, d\u2019Utrecht \u00e0 Colombier. Une femme de lettres engag\u00e9e au si\u00e8cle des Lumi\u00e8res\" \/>\r\n\t\t\t\t\t\t\t<\/a>\r\n\t\t<\/div>\r\n\t\t\r\n\t\t<h2 class=\"bdpp-post-title\">\r\n\t\t\t<a href=\"https:\/\/wp.unil.ch\/labelettres\/isabelle-de-charriere-dutrecht-a-colombier-une-femme-de-lettres-engagee-au-siecle-des-lumieres\/\">Isabelle de Charri\u00e8re, d\u2019Utrecht \u00e0 Colombier. Une femme de lettres engag\u00e9e au si\u00e8cle des Lumi\u00e8res<\/a>\r\n\t\t<\/h2>\r\n\r\n\t\t\t<\/div>\r\n<\/div><div class=\"bdpp-post-grid bdpp-col-4 bdpp-columns bdpp-post-16080 bdpp-post-standard bdpp-has-thumb\">\r\n\t<div class=\"bdpp-post-grid-content\">\r\n\t\t\t\t<div class=\"bdpp-post-img-bg\">\r\n\t\t\t<a href=\"https:\/\/wp.unil.ch\/labelettres\/%d1%82%d0%b0%d1%80%d1%82%d1%83-%d0%b2-%d0%b8%d1%81%d1%82%d0%be%d1%80%d0%b8%d0%b8-%d1%81%d0%bb%d0%b0%d0%b2%d1%8f%d0%bd%d1%81%d0%ba%d0%be%d0%b9-%d1%84%d0%b8%d0%bb%d0%be%d0%bb%d0%be%d0%b3%d0%b8%d0%b8-3\/\">\r\n\t\t\t\t<img decoding=\"async\" src=\"https:\/\/wp.unil.ch\/labelettres\/files\/2026\/03\/2025-slas-tartu-vol3-couv.jpg\" class=\"bdpp-img bdpp-post-feat-img\" alt=\"\u0422\u0430\u0440\u0442\u0443 \u0432 \u0438\u0441\u0442\u043e\u0440\u0438\u0438 \u0441\u043b\u0430\u0432\u044f\u043d\u0441\u043a\u043e\u0439 \u0444\u0438\u043b\u043e\u043b\u043e\u0433\u0438\u0438. \u0412\u044b\u043f. 3 [Tartu dans l&rsquo;histoire de la philogogie slave, vol. 3]\" \/>\r\n\t\t\t\t\t\t\t<\/a>\r\n\t\t<\/div>\r\n\t\t\r\n\t\t<h2 class=\"bdpp-post-title\">\r\n\t\t\t<a href=\"https:\/\/wp.unil.ch\/labelettres\/%d1%82%d0%b0%d1%80%d1%82%d1%83-%d0%b2-%d0%b8%d1%81%d1%82%d0%be%d1%80%d0%b8%d0%b8-%d1%81%d0%bb%d0%b0%d0%b2%d1%8f%d0%bd%d1%81%d0%ba%d0%be%d0%b9-%d1%84%d0%b8%d0%bb%d0%be%d0%bb%d0%be%d0%b3%d0%b8%d0%b8-3\/\">\u0422\u0430\u0440\u0442\u0443 \u0432 \u0438\u0441\u0442\u043e\u0440\u0438\u0438 \u0441\u043b\u0430\u0432\u044f\u043d\u0441\u043a\u043e\u0439 \u0444\u0438\u043b\u043e\u043b\u043e\u0433\u0438\u0438. \u0412\u044b\u043f. 3 [Tartu dans l&rsquo;histoire de la philogogie slave, vol. 3]<\/a>\r\n\t\t<\/h2>\r\n\r\n\t\t\t<\/div>\r\n<\/div><div class=\"bdpp-post-grid bdpp-col-4 bdpp-columns bdpp-post-16051 bdpp-post-standard bdpp-has-thumb\">\r\n\t<div class=\"bdpp-post-grid-content\">\r\n\t\t\t\t<div class=\"bdpp-post-img-bg\">\r\n\t\t\t<a href=\"https:\/\/wp.unil.ch\/labelettres\/le-corps-acteur-dans-le-theatre-antique\/\">\r\n\t\t\t\t<img decoding=\"async\" src=\"https:\/\/wp.unil.ch\/labelettres\/files\/2026\/02\/2026-iasa-corps-acteur.jpg\" class=\"bdpp-img bdpp-post-feat-img\" alt=\"Le corps acteur dans le th\u00e9\u00e2tre antique\" \/>\r\n\t\t\t\t\t\t\t<\/a>\r\n\t\t<\/div>\r\n\t\t\r\n\t\t<h2 class=\"bdpp-post-title\">\r\n\t\t\t<a href=\"https:\/\/wp.unil.ch\/labelettres\/le-corps-acteur-dans-le-theatre-antique\/\">Le corps acteur dans le th\u00e9\u00e2tre antique<\/a>\r\n\t\t<\/h2>\r\n\r\n\t\t\t<\/div>\r\n<\/div><div class=\"bdpp-post-grid bdpp-col-4 bdpp-columns bdpp-post-15943 bdpp-post-standard bdpp-has-thumb\">\r\n\t<div class=\"bdpp-post-grid-content\">\r\n\t\t\t\t<div class=\"bdpp-post-img-bg\">\r\n\t\t\t<a href=\"https:\/\/wp.unil.ch\/labelettres\/angela-carter-translator-and-translated-in-the-workshop-of-creation\/\">\r\n\t\t\t\t<img decoding=\"async\" src=\"https:\/\/wp.unil.ch\/labelettres\/files\/2026\/01\/2026-angl-angela-carter-couv.jpg\" class=\"bdpp-img bdpp-post-feat-img\" alt=\"Angela Carter Translator and Translated: In the Workshop of Creation\" \/>\r\n\t\t\t\t\t\t\t<\/a>\r\n\t\t<\/div>\r\n\t\t\r\n\t\t<h2 class=\"bdpp-post-title\">\r\n\t\t\t<a href=\"https:\/\/wp.unil.ch\/labelettres\/angela-carter-translator-and-translated-in-the-workshop-of-creation\/\">Angela Carter Translator and Translated: In the Workshop of Creation<\/a>\r\n\t\t<\/h2>\r\n\r\n\t\t\t<\/div>\r\n<\/div><div class=\"bdpp-post-grid bdpp-col-4 bdpp-columns bdpp-post-15958 bdpp-post-standard bdpp-has-thumb\">\r\n\t<div class=\"bdpp-post-grid-content\">\r\n\t\t\t\t<div class=\"bdpp-post-img-bg\">\r\n\t\t\t<a href=\"https:\/\/wp.unil.ch\/labelettres\/la-ville-ideale-entre-utopie-et-realite\/\">\r\n\t\t\t\t<img decoding=\"async\" src=\"https:\/\/wp.unil.ch\/labelettres\/files\/2026\/02\/2025-fdi-la-ville-ideale-couv.jpg\" class=\"bdpp-img bdpp-post-feat-img\" alt=\"La ville id\u00e9ale. Entre utopie et r\u00e9alit\u00e9\" \/>\r\n\t\t\t\t\t\t\t<\/a>\r\n\t\t<\/div>\r\n\t\t\r\n\t\t<h2 class=\"bdpp-post-title\">\r\n\t\t\t<a href=\"https:\/\/wp.unil.ch\/labelettres\/la-ville-ideale-entre-utopie-et-realite\/\">La ville id\u00e9ale. Entre utopie et r\u00e9alit\u00e9<\/a>\r\n\t\t<\/h2>\r\n\r\n\t\t\t<\/div>\r\n<\/div><div class=\"bdpp-post-grid bdpp-col-4 bdpp-columns bdpp-post-15952 bdpp-post-standard bdpp-has-thumb\">\r\n\t<div class=\"bdpp-post-grid-content\">\r\n\t\t\t\t<div class=\"bdpp-post-img-bg\">\r\n\t\t\t<a href=\"https:\/\/wp.unil.ch\/labelettres\/les-suisses-de-la-mer-noire-histoire-dune-diaspora-oubliee\/\">\r\n\t\t\t\t<img decoding=\"async\" src=\"https:\/\/wp.unil.ch\/labelettres\/files\/2026\/02\/2026-slas-les-suisses-de-la-mer-noir-couv.jpeg\" class=\"bdpp-img bdpp-post-feat-img\" alt=\"Les Suisses de la mer Noire: histoire d&rsquo;une diaspora oubli\u00e9e\" \/>\r\n\t\t\t\t\t\t\t<\/a>\r\n\t\t<\/div>\r\n\t\t\r\n\t\t<h2 class=\"bdpp-post-title\">\r\n\t\t\t<a href=\"https:\/\/wp.unil.ch\/labelettres\/les-suisses-de-la-mer-noire-histoire-dune-diaspora-oubliee\/\">Les Suisses de la mer Noire: histoire d&rsquo;une diaspora oubli\u00e9e<\/a>\r\n\t\t<\/h2>\r\n\r\n\t\t\t<\/div>\r\n<\/div><div class=\"bdpp-post-grid bdpp-col-4 bdpp-columns bdpp-post-15922 bdpp-post-standard bdpp-has-thumb\">\r\n\t<div class=\"bdpp-post-grid-content\">\r\n\t\t\t\t<div class=\"bdpp-post-img-bg\">\r\n\t\t\t<a href=\"https:\/\/wp.unil.ch\/labelettres\/les-reseaux-de-personnages-nouveaux-outils-danalyse-narrations-interactives-jeux-video-et-adaptations\/\">\r\n\t\t\t\t<img decoding=\"async\" src=\"https:\/\/wp.unil.ch\/labelettres\/files\/2026\/01\/2026-sli-reseaux-de-personnages-couv.jpg\" class=\"bdpp-img bdpp-post-feat-img\" alt=\"Les r\u00e9seaux de personnages: nouveaux outils d&rsquo;analyse. Narrations interactives, jeux vid\u00e9o et adaptations\" \/>\r\n\t\t\t\t\t\t\t<\/a>\r\n\t\t<\/div>\r\n\t\t\r\n\t\t<h2 class=\"bdpp-post-title\">\r\n\t\t\t<a href=\"https:\/\/wp.unil.ch\/labelettres\/les-reseaux-de-personnages-nouveaux-outils-danalyse-narrations-interactives-jeux-video-et-adaptations\/\">Les r\u00e9seaux de personnages: nouveaux outils d&rsquo;analyse. Narrations interactives, jeux vid\u00e9o et adaptations<\/a>\r\n\t\t<\/h2>\r\n\r\n\t\t\t<\/div>\r\n<\/div><div class=\"bdpp-post-grid bdpp-col-4 bdpp-columns bdpp-post-15917 bdpp-post-standard bdpp-has-thumb\">\r\n\t<div class=\"bdpp-post-grid-content\">\r\n\t\t\t\t<div class=\"bdpp-post-img-bg\">\r\n\t\t\t<a href=\"https:\/\/wp.unil.ch\/labelettres\/lecteur-et-lecture-un-etat-des-lieux\/\">\r\n\t\t\t\t<img decoding=\"async\" src=\"https:\/\/wp.unil.ch\/labelettres\/files\/2026\/01\/2025-efle-lecteur-et-lecture-couv.png\" class=\"bdpp-img bdpp-post-feat-img\" alt=\"Lecteur et lecture: un \u00e9tat des lieux\" \/>\r\n\t\t\t\t\t\t\t<\/a>\r\n\t\t<\/div>\r\n\t\t\r\n\t\t<h2 class=\"bdpp-post-title\">\r\n\t\t\t<a href=\"https:\/\/wp.unil.ch\/labelettres\/lecteur-et-lecture-un-etat-des-lieux\/\">Lecteur et lecture: un \u00e9tat des lieux<\/a>\r\n\t\t<\/h2>\r\n\r\n\t\t\t<\/div>\r\n<\/div><div class=\"bdpp-post-grid bdpp-col-4 bdpp-columns bdpp-post-15875 bdpp-post-standard bdpp-has-thumb\">\r\n\t<div class=\"bdpp-post-grid-content\">\r\n\t\t\t\t<div class=\"bdpp-post-img-bg\">\r\n\t\t\t<a href=\"https:\/\/wp.unil.ch\/labelettres\/larbre-a-lettres-lecons-inaugurales-2024-2025\/\">\r\n\t\t\t\t<img decoding=\"async\" src=\"https:\/\/wp.unil.ch\/labelettres\/files\/2025\/12\/2025-edl-lecons-inaugurales-2024-2025.jpg\" class=\"bdpp-img bdpp-post-feat-img\" alt=\"L&rsquo;arbre \u00e0 lettres. Le\u00e7ons inaugurales 2024-2025\" \/>\r\n\t\t\t\t\t\t\t<\/a>\r\n\t\t<\/div>\r\n\t\t\r\n\t\t<h2 class=\"bdpp-post-title\">\r\n\t\t\t<a href=\"https:\/\/wp.unil.ch\/labelettres\/larbre-a-lettres-lecons-inaugurales-2024-2025\/\">L&rsquo;arbre \u00e0 lettres. Le\u00e7ons inaugurales 2024-2025<\/a>\r\n\t\t<\/h2>\r\n\r\n\t\t\t<\/div>\r\n<\/div><div class=\"bdpp-post-grid bdpp-col-4 bdpp-columns bdpp-post-15754 bdpp-post-standard bdpp-has-thumb\">\r\n\t<div class=\"bdpp-post-grid-content\">\r\n\t\t\t\t<div class=\"bdpp-post-img-bg\">\r\n\t\t\t<a href=\"https:\/\/wp.unil.ch\/labelettres\/le-crime-de-sylvestre-bonnard-1879-1922-edition-numerique-comparative\/\">\r\n\t\t\t\t<img decoding=\"async\" src=\"https:\/\/wp.unil.ch\/labelettres\/files\/2025\/11\/2025-fra-variance-crime-couv.jpg\" class=\"bdpp-img bdpp-post-feat-img\" alt=\"Le Crime de Sylvestre Bonnard (1879-1922). \u00c9dition num\u00e9rique comparative\" \/>\r\n\t\t\t\t\t\t\t<\/a>\r\n\t\t<\/div>\r\n\t\t\r\n\t\t<h2 class=\"bdpp-post-title\">\r\n\t\t\t<a href=\"https:\/\/wp.unil.ch\/labelettres\/le-crime-de-sylvestre-bonnard-1879-1922-edition-numerique-comparative\/\">Le Crime de Sylvestre Bonnard (1879-1922). \u00c9dition num\u00e9rique comparative<\/a>\r\n\t\t<\/h2>\r\n\r\n\t\t\t<\/div>\r\n<\/div><div class=\"bdpp-post-grid bdpp-col-4 bdpp-columns bdpp-post-15745 bdpp-post-standard bdpp-has-thumb\">\r\n\t<div class=\"bdpp-post-grid-content\">\r\n\t\t\t\t<div class=\"bdpp-post-img-bg\">\r\n\t\t\t<a href=\"https:\/\/wp.unil.ch\/labelettres\/il-libre-de-vicis-et-de-vertutz-edizione-critica-della-versione-occitanica-della-somme-le-roi\/\">\r\n\t\t\t\t<img decoding=\"async\" src=\"https:\/\/wp.unil.ch\/labelettres\/files\/2025\/11\/2025-fra-libre-couv.jpg\" class=\"bdpp-img bdpp-post-feat-img\" alt=\"Il Libre de vicis et de vertutz. Edizione critica della versione occitanica della Somme le roi\" \/>\r\n\t\t\t\t\t\t\t<\/a>\r\n\t\t<\/div>\r\n\t\t\r\n\t\t<h2 class=\"bdpp-post-title\">\r\n\t\t\t<a href=\"https:\/\/wp.unil.ch\/labelettres\/il-libre-de-vicis-et-de-vertutz-edizione-critica-della-versione-occitanica-della-somme-le-roi\/\">Il Libre de vicis et de vertutz. Edizione critica della versione occitanica della Somme le roi<\/a>\r\n\t\t<\/h2>\r\n\r\n\t\t\t<\/div>\r\n<\/div><div class=\"bdpp-post-grid bdpp-col-4 bdpp-columns bdpp-post-15701 bdpp-post-standard bdpp-has-thumb\">\r\n\t<div class=\"bdpp-post-grid-content\">\r\n\t\t\t\t<div class=\"bdpp-post-img-bg\">\r\n\t\t\t<a href=\"https:\/\/wp.unil.ch\/labelettres\/blaise-cendrars-georges-sauser-hall-correspondance-1904-1960\/\">\r\n\t\t\t\t<img decoding=\"async\" src=\"https:\/\/wp.unil.ch\/labelettres\/files\/2025\/11\/2025-fra-cendrars-sauser-couv-1333x2000.png\" class=\"bdpp-img bdpp-post-feat-img\" alt=\"Blaise Cendrars &#8211; Georges Sauser-Hall. Correspondance 1904-1960\" \/>\r\n\t\t\t\t\t\t\t<\/a>\r\n\t\t<\/div>\r\n\t\t\r\n\t\t<h2 class=\"bdpp-post-title\">\r\n\t\t\t<a href=\"https:\/\/wp.unil.ch\/labelettres\/blaise-cendrars-georges-sauser-hall-correspondance-1904-1960\/\">Blaise Cendrars &#8211; Georges Sauser-Hall. Correspondance 1904-1960<\/a>\r\n\t\t<\/h2>\r\n\r\n\t\t\t<\/div>\r\n<\/div><div class=\"bdpp-post-grid bdpp-col-4 bdpp-columns bdpp-post-15680 bdpp-post-standard bdpp-has-thumb\">\r\n\t<div class=\"bdpp-post-grid-content\">\r\n\t\t\t\t<div class=\"bdpp-post-img-bg\">\r\n\t\t\t<a href=\"https:\/\/wp.unil.ch\/labelettres\/mr-feuilleton-josef-viktor-widmann\/\">\r\n\t\t\t\t<img decoding=\"async\" src=\"https:\/\/wp.unil.ch\/labelettres\/files\/2025\/11\/2025-all-widmann-couv.png\" class=\"bdpp-img bdpp-post-feat-img\" alt=\"Mr. Feuilleton: Josef Viktor Widmann\" \/>\r\n\t\t\t\t\t\t\t<\/a>\r\n\t\t<\/div>\r\n\t\t\r\n\t\t<h2 class=\"bdpp-post-title\">\r\n\t\t\t<a href=\"https:\/\/wp.unil.ch\/labelettres\/mr-feuilleton-josef-viktor-widmann\/\">Mr. Feuilleton: Josef Viktor Widmann<\/a>\r\n\t\t<\/h2>\r\n\r\n\t\t\t<\/div>\r\n<\/div><div class=\"bdpp-post-grid bdpp-col-4 bdpp-columns bdpp-post-15688 bdpp-post-standard bdpp-has-thumb\">\r\n\t<div class=\"bdpp-post-grid-content\">\r\n\t\t\t\t<div class=\"bdpp-post-img-bg\">\r\n\t\t\t<a href=\"https:\/\/wp.unil.ch\/labelettres\/le-rime-di-andrea-michieli-detto-lo-strazzola-edizione-critica-e-commento\/\">\r\n\t\t\t\t<img decoding=\"async\" src=\"https:\/\/wp.unil.ch\/labelettres\/files\/2025\/11\/2025-ital-michieli-couv-1391x2000.png\" class=\"bdpp-img bdpp-post-feat-img\" alt=\"Le rime di Andrea Michieli detto lo Strazzola. Edizione critica e commento\" \/>\r\n\t\t\t\t\t\t\t<\/a>\r\n\t\t<\/div>\r\n\t\t\r\n\t\t<h2 class=\"bdpp-post-title\">\r\n\t\t\t<a href=\"https:\/\/wp.unil.ch\/labelettres\/le-rime-di-andrea-michieli-detto-lo-strazzola-edizione-critica-e-commento\/\">Le rime di Andrea Michieli detto lo Strazzola. Edizione critica e commento<\/a>\r\n\t\t<\/h2>\r\n\r\n\t\t\t<\/div>\r\n<\/div><div class=\"bdpp-post-grid bdpp-col-4 bdpp-columns bdpp-post-15673 bdpp-post-standard bdpp-has-thumb\">\r\n\t<div class=\"bdpp-post-grid-content\">\r\n\t\t\t\t<div class=\"bdpp-post-img-bg\">\r\n\t\t\t<a href=\"https:\/\/wp.unil.ch\/labelettres\/robert-walser-feuilletons\/\">\r\n\t\t\t\t<img decoding=\"async\" src=\"https:\/\/wp.unil.ch\/labelettres\/files\/2025\/11\/2025-all-walser-une-couv.jpg\" class=\"bdpp-img bdpp-post-feat-img\" alt=\"Robert Walser: Feuilletons\" \/>\r\n\t\t\t\t\t\t\t<\/a>\r\n\t\t<\/div>\r\n\t\t\r\n\t\t<h2 class=\"bdpp-post-title\">\r\n\t\t\t<a href=\"https:\/\/wp.unil.ch\/labelettres\/robert-walser-feuilletons\/\">Robert Walser: Feuilletons<\/a>\r\n\t\t<\/h2>\r\n\r\n\t\t\t<\/div>\r\n<\/div><div class=\"bdpp-post-grid bdpp-col-4 bdpp-columns bdpp-post-15626 bdpp-post-standard bdpp-has-thumb\">\r\n\t<div class=\"bdpp-post-grid-content\">\r\n\t\t\t\t<div class=\"bdpp-post-img-bg\">\r\n\t\t\t<a href=\"https:\/\/wp.unil.ch\/labelettres\/henri-roorda-debourrer-les-cranes-ecrits-pacifistes-1915-1924\/\">\r\n\t\t\t\t<img decoding=\"async\" src=\"https:\/\/wp.unil.ch\/labelettres\/files\/2025\/10\/2025-efle-roorda-debourrer-les-cranes-couv.jpg\" class=\"bdpp-img bdpp-post-feat-img\" alt=\"Henri Roorda, \u00abD\u00e9bourrer les cr\u00e2nes\u00bb. \u00c9crits pacifistes (1915-1924)\" \/>\r\n\t\t\t\t\t\t\t<\/a>\r\n\t\t<\/div>\r\n\t\t\r\n\t\t<h2 class=\"bdpp-post-title\">\r\n\t\t\t<a href=\"https:\/\/wp.unil.ch\/labelettres\/henri-roorda-debourrer-les-cranes-ecrits-pacifistes-1915-1924\/\">Henri Roorda, \u00abD\u00e9bourrer les cr\u00e2nes\u00bb. \u00c9crits pacifistes (1915-1924)<\/a>\r\n\t\t<\/h2>\r\n\r\n\t\t\t<\/div>\r\n<\/div><div class=\"bdpp-post-grid bdpp-col-4 bdpp-columns bdpp-post-15609 bdpp-post-standard bdpp-has-thumb\">\r\n\t<div class=\"bdpp-post-grid-content\">\r\n\t\t\t\t<div class=\"bdpp-post-img-bg\">\r\n\t\t\t<a href=\"https:\/\/wp.unil.ch\/labelettres\/constellation-cendrars-n9\/\">\r\n\t\t\t\t<img decoding=\"async\" src=\"https:\/\/wp.unil.ch\/labelettres\/files\/2025\/10\/2025-fra-constellation-cendrars.jpg\" class=\"bdpp-img bdpp-post-feat-img\" alt=\"Constellation Cendrars n\u00b09\" \/>\r\n\t\t\t\t\t\t\t<\/a>\r\n\t\t<\/div>\r\n\t\t\r\n\t\t<h2 class=\"bdpp-post-title\">\r\n\t\t\t<a href=\"https:\/\/wp.unil.ch\/labelettres\/constellation-cendrars-n9\/\">Constellation Cendrars n\u00b09<\/a>\r\n\t\t<\/h2>\r\n\r\n\t\t\t<\/div>\r\n<\/div><div class=\"bdpp-post-grid bdpp-col-4 bdpp-columns bdpp-post-15543 bdpp-post-standard bdpp-has-thumb\">\r\n\t<div class=\"bdpp-post-grid-content\">\r\n\t\t\t\t<div class=\"bdpp-post-img-bg\">\r\n\t\t\t<a href=\"https:\/\/wp.unil.ch\/labelettres\/loutre-humain-automates-performances-mecaniques-et-cultures-spectaculaires\/\">\r\n\t\t\t\t<img decoding=\"async\" src=\"https:\/\/wp.unil.ch\/labelettres\/files\/2025\/09\/2025-cin-loutre-humain-couv.jpeg\" class=\"bdpp-img bdpp-post-feat-img\" alt=\"L&rsquo;outre-humain. Automates, performances m\u00e9caniques et cultures spectaculaires\" \/>\r\n\t\t\t\t\t\t\t<\/a>\r\n\t\t<\/div>\r\n\t\t\r\n\t\t<h2 class=\"bdpp-post-title\">\r\n\t\t\t<a href=\"https:\/\/wp.unil.ch\/labelettres\/loutre-humain-automates-performances-mecaniques-et-cultures-spectaculaires\/\">L&rsquo;outre-humain. Automates, performances m\u00e9caniques et cultures spectaculaires<\/a>\r\n\t\t<\/h2>\r\n\r\n\t\t\t<\/div>\r\n<\/div>\t<\/div>\r\n\t\t<div class=\"bdpp-paging bdpp-clearfix\">\r\n\t\t\r\n\t\t\t<div class=\"bdpp-load-more bdpp-post-load-more bdpp-ajax-btn-style\" data-conf=\"{&quot;grid&quot;:4,&quot;design&quot;:&quot;design-1&quot;,&quot;show_date&quot;:false,&quot;show_category&quot;:false,&quot;show_content&quot;:false,&quot;show_author&quot;:false,&quot;show_read_more&quot;:true,&quot;show_tags&quot;:false,&quot;show_comments&quot;:false,&quot;read_more_text&quot;:&quot;Lire la suite&quot;,&quot;effect&quot;:&quot;effect-1&quot;,&quot;media_size&quot;:&quot;medium&quot;,&quot;limit&quot;:20,&quot;content_words_limit&quot;:20,&quot;category&quot;:[&quot;3&quot;],&quot;order&quot;:&quot;DESC&quot;,&quot;orderby&quot;:&quot;date&quot;,&quot;pagination&quot;:true,&quot;css_class&quot;:&quot;&quot;,&quot;custom_param_1&quot;:&quot;&quot;,&quot;custom_param_2&quot;:&quot;&quot;,&quot;shortcode&quot;:&quot;bdp_masonry&quot;,&quot;layout_id&quot;:null,&quot;multi_page&quot;:0,&quot;unique&quot;:1,&quot;paged&quot;:1,&quot;max_num_pages&quot;:35}\" data-paged=\"1\">Load More <i class=\"bdpp-fa fa-solid fa-chevron-down bdpp-load-more-icon\"><\/i> <span class=\"bdpp-loader\"><\/span><\/div>\r\n\r\n\t\t\t<\/div>\r\n<\/div>\n","protected":false},"excerpt":{"rendered":"<p>LabeLettres: les publications des chercheuses et chercheurs de la Facult\u00e9 des lettres de l&rsquo;Universit\u00e9 de Lausanne.<\/p>\n","protected":false},"author":1001334,"featured_media":0,"parent":0,"menu_order":0,"comment_status":"closed","ping_status":"closed","template":"","meta":{"_seopress_robots_primary_cat":"","_seopress_titles_title":"","_seopress_titles_desc":"","_seopress_robots_index":"","footnotes":""},"class_list":["post-347","page","type-page","status-publish"],"_links":{"self":[{"href":"https:\/\/wp.unil.ch\/labelettres\/wp-json\/wp\/v2\/pages\/347","targetHints":{"allow":["GET"]}}],"collection":[{"href":"https:\/\/wp.unil.ch\/labelettres\/wp-json\/wp\/v2\/pages"}],"about":[{"href":"https:\/\/wp.unil.ch\/labelettres\/wp-json\/wp\/v2\/types\/page"}],"author":[{"embeddable":true,"href":"https:\/\/wp.unil.ch\/labelettres\/wp-json\/wp\/v2\/users\/1001334"}],"replies":[{"embeddable":true,"href":"https:\/\/wp.unil.ch\/labelettres\/wp-json\/wp\/v2\/comments?post=347"}],"version-history":[{"count":5,"href":"https:\/\/wp.unil.ch\/labelettres\/wp-json\/wp\/v2\/pages\/347\/revisions"}],"predecessor-version":[{"id":13718,"href":"https:\/\/wp.unil.ch\/labelettres\/wp-json\/wp\/v2\/pages\/347\/revisions\/13718"}],"wp:attachment":[{"href":"https:\/\/wp.unil.ch\/labelettres\/wp-json\/wp\/v2\/media?parent=347"}],"curies":[{"name":"wp","href":"https:\/\/api.w.org\/{rel}","templated":true}]}}