{"id":345,"date":"2017-06-15T12:16:33","date_gmt":"2017-06-15T10:16:33","guid":{"rendered":"http:\/\/wp.unil.ch\/labelettres\/?page_id=345"},"modified":"2025-03-19T09:48:23","modified_gmt":"2025-03-19T08:48:23","slug":"arts-et-medias","status":"publish","type":"page","link":"https:\/\/wp.unil.ch\/labelettres\/arts-et-medias\/","title":{"rendered":"Arts et m\u00e9dias"},"content":{"rendered":"<div id=\"bdpp-post-masonry-1\" class=\"bdpp-wrap bdpp-lite bdpp-post-masonry-wrap bdpp-post-grid-wrap bdpp-post-data-wrap bdpp-design-1 bdpp-effect-1 bdpp-grid-4  bdpp-clearfix\">\r\n\t<div class=\"bdpp-post-masonry-inr-wrap bdpp-post-data-inr-wrap bdpp-clearfix\"><div class=\"bdpp-post-grid bdpp-col-4 bdpp-columns bdpp-post-16143 bdpp-post-standard bdpp-has-thumb\">\r\n\t<div class=\"bdpp-post-grid-content\">\r\n\t\t\t\t<div class=\"bdpp-post-img-bg\">\r\n\t\t\t<a href=\"https:\/\/wp.unil.ch\/labelettres\/le-immagini-a-roma-nellalto-medioevo-1-dallatrio-alla-navata\/\">\r\n\t\t\t\t<img decoding=\"async\" src=\"https:\/\/wp.unil.ch\/labelettres\/files\/2026\/04\/2026-hart-immagini-a-roma-couv.png\" class=\"bdpp-img bdpp-post-feat-img\" alt=\"Le immagini a Roma nell\u2019alto medioevo. 1. Dall\u2019atrio alla navata\" \/>\r\n\t\t\t\t\t\t\t<\/a>\r\n\t\t<\/div>\r\n\t\t\r\n\t\t<h2 class=\"bdpp-post-title\">\r\n\t\t\t<a href=\"https:\/\/wp.unil.ch\/labelettres\/le-immagini-a-roma-nellalto-medioevo-1-dallatrio-alla-navata\/\">Le immagini a Roma nell\u2019alto medioevo. 1. Dall\u2019atrio alla navata<\/a>\r\n\t\t<\/h2>\r\n\r\n\t\t\t<\/div>\r\n<\/div><div class=\"bdpp-post-grid bdpp-col-4 bdpp-columns bdpp-post-16108 bdpp-post-standard bdpp-has-thumb\">\r\n\t<div class=\"bdpp-post-grid-content\">\r\n\t\t\t\t<div class=\"bdpp-post-img-bg\">\r\n\t\t\t<a href=\"https:\/\/wp.unil.ch\/labelettres\/objets-iconophores-du-politique-au-tournant-des-lumieres\/\">\r\n\t\t\t\t<img decoding=\"async\" src=\"https:\/\/wp.unil.ch\/labelettres\/files\/2026\/03\/2025-ibc-objets-iconophores-couv.png\" class=\"bdpp-img bdpp-post-feat-img\" alt=\"Objets iconophores du politique au tournant des Lumi\u00e8res\" \/>\r\n\t\t\t\t\t\t\t<\/a>\r\n\t\t<\/div>\r\n\t\t\r\n\t\t<h2 class=\"bdpp-post-title\">\r\n\t\t\t<a href=\"https:\/\/wp.unil.ch\/labelettres\/objets-iconophores-du-politique-au-tournant-des-lumieres\/\">Objets iconophores du politique au tournant des Lumi\u00e8res<\/a>\r\n\t\t<\/h2>\r\n\r\n\t\t\t<\/div>\r\n<\/div><div class=\"bdpp-post-grid bdpp-col-4 bdpp-columns bdpp-post-16103 bdpp-post-standard bdpp-has-thumb\">\r\n\t<div class=\"bdpp-post-grid-content\">\r\n\t\t\t\t<div class=\"bdpp-post-img-bg\">\r\n\t\t\t<a href=\"https:\/\/wp.unil.ch\/labelettres\/isabelle-de-charriere-dutrecht-a-colombier-une-femme-de-lettres-engagee-au-siecle-des-lumieres\/\">\r\n\t\t\t\t<img decoding=\"async\" src=\"https:\/\/wp.unil.ch\/labelettres\/files\/2026\/03\/2025-ibc-isabelle-de-charriere-nrn-couv.png\" class=\"bdpp-img bdpp-post-feat-img\" alt=\"Isabelle de Charri\u00e8re, d\u2019Utrecht \u00e0 Colombier. Une femme de lettres engag\u00e9e au si\u00e8cle des Lumi\u00e8res\" \/>\r\n\t\t\t\t\t\t\t<\/a>\r\n\t\t<\/div>\r\n\t\t\r\n\t\t<h2 class=\"bdpp-post-title\">\r\n\t\t\t<a href=\"https:\/\/wp.unil.ch\/labelettres\/isabelle-de-charriere-dutrecht-a-colombier-une-femme-de-lettres-engagee-au-siecle-des-lumieres\/\">Isabelle de Charri\u00e8re, d\u2019Utrecht \u00e0 Colombier. Une femme de lettres engag\u00e9e au si\u00e8cle des Lumi\u00e8res<\/a>\r\n\t\t<\/h2>\r\n\r\n\t\t\t<\/div>\r\n<\/div><div class=\"bdpp-post-grid bdpp-col-4 bdpp-columns bdpp-post-16051 bdpp-post-standard bdpp-has-thumb\">\r\n\t<div class=\"bdpp-post-grid-content\">\r\n\t\t\t\t<div class=\"bdpp-post-img-bg\">\r\n\t\t\t<a href=\"https:\/\/wp.unil.ch\/labelettres\/le-corps-acteur-dans-le-theatre-antique\/\">\r\n\t\t\t\t<img decoding=\"async\" src=\"https:\/\/wp.unil.ch\/labelettres\/files\/2026\/02\/2026-iasa-corps-acteur.jpg\" class=\"bdpp-img bdpp-post-feat-img\" alt=\"Le corps acteur dans le th\u00e9\u00e2tre antique\" \/>\r\n\t\t\t\t\t\t\t<\/a>\r\n\t\t<\/div>\r\n\t\t\r\n\t\t<h2 class=\"bdpp-post-title\">\r\n\t\t\t<a href=\"https:\/\/wp.unil.ch\/labelettres\/le-corps-acteur-dans-le-theatre-antique\/\">Le corps acteur dans le th\u00e9\u00e2tre antique<\/a>\r\n\t\t<\/h2>\r\n\r\n\t\t\t<\/div>\r\n<\/div><div class=\"bdpp-post-grid bdpp-col-4 bdpp-columns bdpp-post-15958 bdpp-post-standard bdpp-has-thumb\">\r\n\t<div class=\"bdpp-post-grid-content\">\r\n\t\t\t\t<div class=\"bdpp-post-img-bg\">\r\n\t\t\t<a href=\"https:\/\/wp.unil.ch\/labelettres\/la-ville-ideale-entre-utopie-et-realite\/\">\r\n\t\t\t\t<img decoding=\"async\" src=\"https:\/\/wp.unil.ch\/labelettres\/files\/2026\/02\/2025-fdi-la-ville-ideale-couv.jpg\" class=\"bdpp-img bdpp-post-feat-img\" alt=\"La ville id\u00e9ale. Entre utopie et r\u00e9alit\u00e9\" \/>\r\n\t\t\t\t\t\t\t<\/a>\r\n\t\t<\/div>\r\n\t\t\r\n\t\t<h2 class=\"bdpp-post-title\">\r\n\t\t\t<a href=\"https:\/\/wp.unil.ch\/labelettres\/la-ville-ideale-entre-utopie-et-realite\/\">La ville id\u00e9ale. Entre utopie et r\u00e9alit\u00e9<\/a>\r\n\t\t<\/h2>\r\n\r\n\t\t\t<\/div>\r\n<\/div><div class=\"bdpp-post-grid bdpp-col-4 bdpp-columns bdpp-post-15962 bdpp-post-standard bdpp-has-thumb\">\r\n\t<div class=\"bdpp-post-grid-content\">\r\n\t\t\t\t<div class=\"bdpp-post-img-bg\">\r\n\t\t\t<a href=\"https:\/\/wp.unil.ch\/labelettres\/retour-vers-le-vivant-valoriser-les-archives-filmiques-et-sonores-des-arts-du-spectacle\/\">\r\n\t\t\t\t<img decoding=\"async\" src=\"https:\/\/wp.unil.ch\/labelettres\/files\/2026\/02\/2026-fra-cet-retour-vers-le-vivant-couv.jpg\" class=\"bdpp-img bdpp-post-feat-img\" alt=\"Retour vers le vivant: valoriser les archives filmiques et sonores des arts du spectacle\" \/>\r\n\t\t\t\t\t\t\t<\/a>\r\n\t\t<\/div>\r\n\t\t\r\n\t\t<h2 class=\"bdpp-post-title\">\r\n\t\t\t<a href=\"https:\/\/wp.unil.ch\/labelettres\/retour-vers-le-vivant-valoriser-les-archives-filmiques-et-sonores-des-arts-du-spectacle\/\">Retour vers le vivant: valoriser les archives filmiques et sonores des arts du spectacle<\/a>\r\n\t\t<\/h2>\r\n\r\n\t\t\t<\/div>\r\n<\/div><div class=\"bdpp-post-grid bdpp-col-4 bdpp-columns bdpp-post-15909 bdpp-post-standard bdpp-has-thumb\">\r\n\t<div class=\"bdpp-post-grid-content\">\r\n\t\t\t\t<div class=\"bdpp-post-img-bg\">\r\n\t\t\t<a href=\"https:\/\/wp.unil.ch\/labelettres\/images-operationnelles-agencements-utilitaires-des-images-en-mouvement\/\">\r\n\t\t\t\t<img decoding=\"async\" src=\"https:\/\/wp.unil.ch\/labelettres\/files\/2026\/01\/2025-cin-images-operationnelles-couv-vf.png\" class=\"bdpp-img bdpp-post-feat-img\" alt=\"Images op\u00e9rationnelles: agencements utilitaires des images en mouvement\" \/>\r\n\t\t\t\t\t\t\t<\/a>\r\n\t\t<\/div>\r\n\t\t\r\n\t\t<h2 class=\"bdpp-post-title\">\r\n\t\t\t<a href=\"https:\/\/wp.unil.ch\/labelettres\/images-operationnelles-agencements-utilitaires-des-images-en-mouvement\/\">Images op\u00e9rationnelles: agencements utilitaires des images en mouvement<\/a>\r\n\t\t<\/h2>\r\n\r\n\t\t\t<\/div>\r\n<\/div><div class=\"bdpp-post-grid bdpp-col-4 bdpp-columns bdpp-post-15759 bdpp-post-standard bdpp-has-thumb\">\r\n\t<div class=\"bdpp-post-grid-content\">\r\n\t\t\t\t<div class=\"bdpp-post-img-bg\">\r\n\t\t\t<a href=\"https:\/\/wp.unil.ch\/labelettres\/cultures-paysannes\/\">\r\n\t\t\t\t<img decoding=\"async\" src=\"https:\/\/wp.unil.ch\/labelettres\/files\/2025\/12\/2025-hart-hist-cultures-paysanes.jpg\" class=\"bdpp-img bdpp-post-feat-img\" alt=\"Cultures paysannes\" \/>\r\n\t\t\t\t\t\t\t<\/a>\r\n\t\t<\/div>\r\n\t\t\r\n\t\t<h2 class=\"bdpp-post-title\">\r\n\t\t\t<a href=\"https:\/\/wp.unil.ch\/labelettres\/cultures-paysannes\/\">Cultures paysannes<\/a>\r\n\t\t<\/h2>\r\n\r\n\t\t\t<\/div>\r\n<\/div><div class=\"bdpp-post-grid bdpp-col-4 bdpp-columns bdpp-post-15896 bdpp-post-standard bdpp-has-thumb\">\r\n\t<div class=\"bdpp-post-grid-content\">\r\n\t\t\t\t<div class=\"bdpp-post-img-bg\">\r\n\t\t\t<a href=\"https:\/\/wp.unil.ch\/labelettres\/un-siecle-de-radio-television-le-service-public-audiovisuel-en-suisse-romande\/\">\r\n\t\t\t\t<img decoding=\"async\" src=\"https:\/\/wp.unil.ch\/labelettres\/files\/2026\/01\/2026-hist-rts-couv.jpg\" class=\"bdpp-img bdpp-post-feat-img\" alt=\"Un si\u00e8cle de radio-t\u00e9l\u00e9vision. Le service public audiovisuel en Suisse romande\" \/>\r\n\t\t\t\t\t\t\t<\/a>\r\n\t\t<\/div>\r\n\t\t\r\n\t\t<h2 class=\"bdpp-post-title\">\r\n\t\t\t<a href=\"https:\/\/wp.unil.ch\/labelettres\/un-siecle-de-radio-television-le-service-public-audiovisuel-en-suisse-romande\/\">Un si\u00e8cle de radio-t\u00e9l\u00e9vision. Le service public audiovisuel en Suisse romande<\/a>\r\n\t\t<\/h2>\r\n\r\n\t\t\t<\/div>\r\n<\/div><div class=\"bdpp-post-grid bdpp-col-4 bdpp-columns bdpp-post-15922 bdpp-post-standard bdpp-has-thumb\">\r\n\t<div class=\"bdpp-post-grid-content\">\r\n\t\t\t\t<div class=\"bdpp-post-img-bg\">\r\n\t\t\t<a href=\"https:\/\/wp.unil.ch\/labelettres\/les-reseaux-de-personnages-nouveaux-outils-danalyse-narrations-interactives-jeux-video-et-adaptations\/\">\r\n\t\t\t\t<img decoding=\"async\" src=\"https:\/\/wp.unil.ch\/labelettres\/files\/2026\/01\/2026-sli-reseaux-de-personnages-couv.jpg\" class=\"bdpp-img bdpp-post-feat-img\" alt=\"Les r\u00e9seaux de personnages: nouveaux outils d&rsquo;analyse. Narrations interactives, jeux vid\u00e9o et adaptations\" \/>\r\n\t\t\t\t\t\t\t<\/a>\r\n\t\t<\/div>\r\n\t\t\r\n\t\t<h2 class=\"bdpp-post-title\">\r\n\t\t\t<a href=\"https:\/\/wp.unil.ch\/labelettres\/les-reseaux-de-personnages-nouveaux-outils-danalyse-narrations-interactives-jeux-video-et-adaptations\/\">Les r\u00e9seaux de personnages: nouveaux outils d&rsquo;analyse. Narrations interactives, jeux vid\u00e9o et adaptations<\/a>\r\n\t\t<\/h2>\r\n\r\n\t\t\t<\/div>\r\n<\/div><div class=\"bdpp-post-grid bdpp-col-4 bdpp-columns bdpp-post-15866 bdpp-post-standard bdpp-has-thumb\">\r\n\t<div class=\"bdpp-post-grid-content\">\r\n\t\t\t\t<div class=\"bdpp-post-img-bg\">\r\n\t\t\t<a href=\"https:\/\/wp.unil.ch\/labelettres\/echoes-and-frequencies-tele-visions-and-wireless-technologies-19th-21st-centuries\/\">\r\n\t\t\t\t<img decoding=\"async\" src=\"https:\/\/wp.unil.ch\/labelettres\/files\/2025\/12\/2025-cin-echoes-et-frequencies-couv11.png\" class=\"bdpp-img bdpp-post-feat-img\" alt=\"Echoes and Frequencies: Tele-Visions and Wireless Technologies 19th-21st Centuries\" \/>\r\n\t\t\t\t\t\t\t<\/a>\r\n\t\t<\/div>\r\n\t\t\r\n\t\t<h2 class=\"bdpp-post-title\">\r\n\t\t\t<a href=\"https:\/\/wp.unil.ch\/labelettres\/echoes-and-frequencies-tele-visions-and-wireless-technologies-19th-21st-centuries\/\">Echoes and Frequencies: Tele-Visions and Wireless Technologies 19th-21st Centuries<\/a>\r\n\t\t<\/h2>\r\n\r\n\t\t\t<\/div>\r\n<\/div><div class=\"bdpp-post-grid bdpp-col-4 bdpp-columns bdpp-post-15875 bdpp-post-standard bdpp-has-thumb\">\r\n\t<div class=\"bdpp-post-grid-content\">\r\n\t\t\t\t<div class=\"bdpp-post-img-bg\">\r\n\t\t\t<a href=\"https:\/\/wp.unil.ch\/labelettres\/larbre-a-lettres-lecons-inaugurales-2024-2025\/\">\r\n\t\t\t\t<img decoding=\"async\" src=\"https:\/\/wp.unil.ch\/labelettres\/files\/2025\/12\/2025-edl-lecons-inaugurales-2024-2025.jpg\" class=\"bdpp-img bdpp-post-feat-img\" alt=\"L&rsquo;arbre \u00e0 lettres. Le\u00e7ons inaugurales 2024-2025\" \/>\r\n\t\t\t\t\t\t\t<\/a>\r\n\t\t<\/div>\r\n\t\t\r\n\t\t<h2 class=\"bdpp-post-title\">\r\n\t\t\t<a href=\"https:\/\/wp.unil.ch\/labelettres\/larbre-a-lettres-lecons-inaugurales-2024-2025\/\">L&rsquo;arbre \u00e0 lettres. Le\u00e7ons inaugurales 2024-2025<\/a>\r\n\t\t<\/h2>\r\n\r\n\t\t\t<\/div>\r\n<\/div><div class=\"bdpp-post-grid bdpp-col-4 bdpp-columns bdpp-post-15741 bdpp-post-standard bdpp-has-thumb\">\r\n\t<div class=\"bdpp-post-grid-content\">\r\n\t\t\t\t<div class=\"bdpp-post-img-bg\">\r\n\t\t\t<a href=\"https:\/\/wp.unil.ch\/labelettres\/le-chateau-de-la-sarraz-et-ses-collections\/\">\r\n\t\t\t\t<img decoding=\"async\" src=\"https:\/\/wp.unil.ch\/labelettres\/files\/2025\/11\/2025-hart-chateau-de-la-sarraz-couv.png\" class=\"bdpp-img bdpp-post-feat-img\" alt=\"Le ch\u00e2teau de La Sarraz et ses collections\" \/>\r\n\t\t\t\t\t\t\t<\/a>\r\n\t\t<\/div>\r\n\t\t\r\n\t\t<h2 class=\"bdpp-post-title\">\r\n\t\t\t<a href=\"https:\/\/wp.unil.ch\/labelettres\/le-chateau-de-la-sarraz-et-ses-collections\/\">Le ch\u00e2teau de La Sarraz et ses collections<\/a>\r\n\t\t<\/h2>\r\n\r\n\t\t\t<\/div>\r\n<\/div><div class=\"bdpp-post-grid bdpp-col-4 bdpp-columns bdpp-post-15754 bdpp-post-standard bdpp-has-thumb\">\r\n\t<div class=\"bdpp-post-grid-content\">\r\n\t\t\t\t<div class=\"bdpp-post-img-bg\">\r\n\t\t\t<a href=\"https:\/\/wp.unil.ch\/labelettres\/le-crime-de-sylvestre-bonnard-1879-1922-edition-numerique-comparative\/\">\r\n\t\t\t\t<img decoding=\"async\" src=\"https:\/\/wp.unil.ch\/labelettres\/files\/2025\/11\/2025-fra-variance-crime-couv.jpg\" class=\"bdpp-img bdpp-post-feat-img\" alt=\"Le Crime de Sylvestre Bonnard (1879-1922). \u00c9dition num\u00e9rique comparative\" \/>\r\n\t\t\t\t\t\t\t<\/a>\r\n\t\t<\/div>\r\n\t\t\r\n\t\t<h2 class=\"bdpp-post-title\">\r\n\t\t\t<a href=\"https:\/\/wp.unil.ch\/labelettres\/le-crime-de-sylvestre-bonnard-1879-1922-edition-numerique-comparative\/\">Le Crime de Sylvestre Bonnard (1879-1922). \u00c9dition num\u00e9rique comparative<\/a>\r\n\t\t<\/h2>\r\n\r\n\t\t\t<\/div>\r\n<\/div><div class=\"bdpp-post-grid bdpp-col-4 bdpp-columns bdpp-post-15750 bdpp-post-standard bdpp-has-thumb\">\r\n\t<div class=\"bdpp-post-grid-content\">\r\n\t\t\t\t<div class=\"bdpp-post-img-bg\">\r\n\t\t\t<a href=\"https:\/\/wp.unil.ch\/labelettres\/periodiques-darchitectes-professionnalisation-de-larchitecture-en-suisse-1830-1914\/\">\r\n\t\t\t\t<img decoding=\"async\" src=\"https:\/\/wp.unil.ch\/labelettres\/files\/2025\/11\/2025-hart-periodiques-darchitectes-couv.jpg\" class=\"bdpp-img bdpp-post-feat-img\" alt=\"P\u00e9riodiques d&rsquo;architectes. Professionnalisation de l&rsquo;architecture en Suisse (1830-1914)\" \/>\r\n\t\t\t\t\t\t\t<\/a>\r\n\t\t<\/div>\r\n\t\t\r\n\t\t<h2 class=\"bdpp-post-title\">\r\n\t\t\t<a href=\"https:\/\/wp.unil.ch\/labelettres\/periodiques-darchitectes-professionnalisation-de-larchitecture-en-suisse-1830-1914\/\">P\u00e9riodiques d&rsquo;architectes. Professionnalisation de l&rsquo;architecture en Suisse (1830-1914)<\/a>\r\n\t\t<\/h2>\r\n\r\n\t\t\t<\/div>\r\n<\/div><div class=\"bdpp-post-grid bdpp-col-4 bdpp-columns bdpp-post-15543 bdpp-post-standard bdpp-has-thumb\">\r\n\t<div class=\"bdpp-post-grid-content\">\r\n\t\t\t\t<div class=\"bdpp-post-img-bg\">\r\n\t\t\t<a href=\"https:\/\/wp.unil.ch\/labelettres\/loutre-humain-automates-performances-mecaniques-et-cultures-spectaculaires\/\">\r\n\t\t\t\t<img decoding=\"async\" src=\"https:\/\/wp.unil.ch\/labelettres\/files\/2025\/09\/2025-cin-loutre-humain-couv.jpeg\" class=\"bdpp-img bdpp-post-feat-img\" alt=\"L&rsquo;outre-humain. Automates, performances m\u00e9caniques et cultures spectaculaires\" \/>\r\n\t\t\t\t\t\t\t<\/a>\r\n\t\t<\/div>\r\n\t\t\r\n\t\t<h2 class=\"bdpp-post-title\">\r\n\t\t\t<a href=\"https:\/\/wp.unil.ch\/labelettres\/loutre-humain-automates-performances-mecaniques-et-cultures-spectaculaires\/\">L&rsquo;outre-humain. Automates, performances m\u00e9caniques et cultures spectaculaires<\/a>\r\n\t\t<\/h2>\r\n\r\n\t\t\t<\/div>\r\n<\/div><div class=\"bdpp-post-grid bdpp-col-4 bdpp-columns bdpp-post-15601 bdpp-post-standard bdpp-has-thumb\">\r\n\t<div class=\"bdpp-post-grid-content\">\r\n\t\t\t\t<div class=\"bdpp-post-img-bg\">\r\n\t\t\t<a href=\"https:\/\/wp.unil.ch\/labelettres\/le-hors-champ-extensions-dun-lieu\/\">\r\n\t\t\t\t<img decoding=\"async\" src=\"https:\/\/wp.unil.ch\/labelettres\/files\/2025\/10\/2025-fra-hors-champ-couv.jpg\" class=\"bdpp-img bdpp-post-feat-img\" alt=\"Le Hors-champ: extensions d&rsquo;un lieu\" \/>\r\n\t\t\t\t\t\t\t<\/a>\r\n\t\t<\/div>\r\n\t\t\r\n\t\t<h2 class=\"bdpp-post-title\">\r\n\t\t\t<a href=\"https:\/\/wp.unil.ch\/labelettres\/le-hors-champ-extensions-dun-lieu\/\">Le Hors-champ: extensions d&rsquo;un lieu<\/a>\r\n\t\t<\/h2>\r\n\r\n\t\t\t<\/div>\r\n<\/div><div class=\"bdpp-post-grid bdpp-col-4 bdpp-columns bdpp-post-15585 bdpp-post-standard bdpp-has-thumb\">\r\n\t<div class=\"bdpp-post-grid-content\">\r\n\t\t\t\t<div class=\"bdpp-post-img-bg\">\r\n\t\t\t<a href=\"https:\/\/wp.unil.ch\/labelettres\/consentir-pour-une-ethique-interdisciplinaire-du-consentement\/\">\r\n\t\t\t\t<img decoding=\"async\" src=\"https:\/\/wp.unil.ch\/labelettres\/files\/2025\/10\/2025-efle-consentir-couv.jpeg\" class=\"bdpp-img bdpp-post-feat-img\" alt=\"Consentir. Pour une \u00e9thique interdisciplinaire du consentement\" \/>\r\n\t\t\t\t\t\t\t<\/a>\r\n\t\t<\/div>\r\n\t\t\r\n\t\t<h2 class=\"bdpp-post-title\">\r\n\t\t\t<a href=\"https:\/\/wp.unil.ch\/labelettres\/consentir-pour-une-ethique-interdisciplinaire-du-consentement\/\">Consentir. Pour une \u00e9thique interdisciplinaire du consentement<\/a>\r\n\t\t<\/h2>\r\n\r\n\t\t\t<\/div>\r\n<\/div><div class=\"bdpp-post-grid bdpp-col-4 bdpp-columns bdpp-post-15530 bdpp-post-standard bdpp-has-thumb\">\r\n\t<div class=\"bdpp-post-grid-content\">\r\n\t\t\t\t<div class=\"bdpp-post-img-bg\">\r\n\t\t\t<a href=\"https:\/\/wp.unil.ch\/labelettres\/urbanisme\/\">\r\n\t\t\t\t<img decoding=\"async\" src=\"https:\/\/wp.unil.ch\/labelettres\/files\/2025\/09\/2025-monuments-vaudois-couv.jpg\" class=\"bdpp-img bdpp-post-feat-img\" alt=\"Urbanisme\" \/>\r\n\t\t\t\t\t\t\t<\/a>\r\n\t\t<\/div>\r\n\t\t\r\n\t\t<h2 class=\"bdpp-post-title\">\r\n\t\t\t<a href=\"https:\/\/wp.unil.ch\/labelettres\/urbanisme\/\">Urbanisme<\/a>\r\n\t\t<\/h2>\r\n\r\n\t\t\t<\/div>\r\n<\/div><div class=\"bdpp-post-grid bdpp-col-4 bdpp-columns bdpp-post-15427 bdpp-post-standard bdpp-has-thumb\">\r\n\t<div class=\"bdpp-post-grid-content\">\r\n\t\t\t\t<div class=\"bdpp-post-img-bg\">\r\n\t\t\t<a href=\"https:\/\/wp.unil.ch\/labelettres\/lire-le-ciel-sous-les-etoiles-en-mediterranee\/\">\r\n\t\t\t\t<img decoding=\"async\" src=\"https:\/\/wp.unil.ch\/labelettres\/files\/2025\/09\/2025-hart-lire-le-ciel-couv.jpeg\" class=\"bdpp-img bdpp-post-feat-img\" alt=\"Lire le ciel. Sous les \u00e9toiles en M\u00e9diterran\u00e9e\" \/>\r\n\t\t\t\t\t\t\t<\/a>\r\n\t\t<\/div>\r\n\t\t\r\n\t\t<h2 class=\"bdpp-post-title\">\r\n\t\t\t<a href=\"https:\/\/wp.unil.ch\/labelettres\/lire-le-ciel-sous-les-etoiles-en-mediterranee\/\">Lire le ciel. Sous les \u00e9toiles en M\u00e9diterran\u00e9e<\/a>\r\n\t\t<\/h2>\r\n\r\n\t\t\t<\/div>\r\n<\/div>\t<\/div>\r\n\t\t<div class=\"bdpp-paging bdpp-clearfix\">\r\n\t\t\r\n\t\t\t<div class=\"bdpp-load-more bdpp-post-load-more bdpp-ajax-btn-style\" data-conf=\"{&quot;grid&quot;:4,&quot;design&quot;:&quot;design-1&quot;,&quot;show_date&quot;:false,&quot;show_category&quot;:false,&quot;show_content&quot;:false,&quot;show_author&quot;:false,&quot;show_read_more&quot;:true,&quot;show_tags&quot;:false,&quot;show_comments&quot;:false,&quot;read_more_text&quot;:&quot;Lire la suite&quot;,&quot;effect&quot;:&quot;effect-1&quot;,&quot;media_size&quot;:&quot;medium&quot;,&quot;limit&quot;:20,&quot;content_words_limit&quot;:20,&quot;category&quot;:[&quot;2&quot;],&quot;order&quot;:&quot;DESC&quot;,&quot;orderby&quot;:&quot;date&quot;,&quot;pagination&quot;:true,&quot;css_class&quot;:&quot;&quot;,&quot;custom_param_1&quot;:&quot;&quot;,&quot;custom_param_2&quot;:&quot;&quot;,&quot;shortcode&quot;:&quot;bdp_masonry&quot;,&quot;layout_id&quot;:null,&quot;multi_page&quot;:0,&quot;unique&quot;:1,&quot;paged&quot;:1,&quot;max_num_pages&quot;:21}\" data-paged=\"1\">Load More <i class=\"bdpp-fa fa-solid fa-chevron-down bdpp-load-more-icon\"><\/i> <span class=\"bdpp-loader\"><\/span><\/div>\r\n\r\n\t\t\t<\/div>\r\n<\/div>\n","protected":false},"excerpt":{"rendered":"<p>LabeLettres: les publications des chercheuses et chercheurs de la Facult\u00e9 des lettres de l&rsquo;Universit\u00e9 de Lausanne.<\/p>\n","protected":false},"author":719,"featured_media":0,"parent":0,"menu_order":0,"comment_status":"closed","ping_status":"closed","template":"","meta":{"_seopress_robots_primary_cat":"","_seopress_titles_title":"","_seopress_titles_desc":"","_seopress_robots_index":"","footnotes":""},"class_list":["post-345","page","type-page","status-publish"],"_links":{"self":[{"href":"https:\/\/wp.unil.ch\/labelettres\/wp-json\/wp\/v2\/pages\/345","targetHints":{"allow":["GET"]}}],"collection":[{"href":"https:\/\/wp.unil.ch\/labelettres\/wp-json\/wp\/v2\/pages"}],"about":[{"href":"https:\/\/wp.unil.ch\/labelettres\/wp-json\/wp\/v2\/types\/page"}],"author":[{"embeddable":true,"href":"https:\/\/wp.unil.ch\/labelettres\/wp-json\/wp\/v2\/users\/719"}],"replies":[{"embeddable":true,"href":"https:\/\/wp.unil.ch\/labelettres\/wp-json\/wp\/v2\/comments?post=345"}],"version-history":[{"count":5,"href":"https:\/\/wp.unil.ch\/labelettres\/wp-json\/wp\/v2\/pages\/345\/revisions"}],"predecessor-version":[{"id":13710,"href":"https:\/\/wp.unil.ch\/labelettres\/wp-json\/wp\/v2\/pages\/345\/revisions\/13710"}],"wp:attachment":[{"href":"https:\/\/wp.unil.ch\/labelettres\/wp-json\/wp\/v2\/media?parent=345"}],"curies":[{"name":"wp","href":"https:\/\/api.w.org\/{rel}","templated":true}]}}