{"id":15499,"date":"2025-09-12T08:34:08","date_gmt":"2025-09-12T06:34:08","guid":{"rendered":"https:\/\/wp.unil.ch\/labelettres\/?page_id=15499"},"modified":"2025-09-12T08:34:09","modified_gmt":"2025-09-12T06:34:09","slug":"leonid-heller","status":"publish","type":"page","link":"https:\/\/wp.unil.ch\/labelettres\/leonid-heller\/","title":{"rendered":"Leonid Heller"},"content":{"rendered":"\n<p><em>Cette liste recense les ouvrages r\u00e9f\u00e9renc\u00e9s sur LabeLettres. Pour acc\u00e9der \u00e0 l\u2019ensemble des publications scientifiques, veuillez consulter <strong><a href=\"https:\/\/iris.unil.ch\/entities\/person\/leonidheller\" target=\"_blank\" rel=\"noreferrer noopener\">IRIS, la plateforme de la recherche institutionnelle<\/a><\/strong>.<\/em><\/p>\n\n\n\n<div style=\"height:20px\" aria-hidden=\"true\" class=\"wp-block-spacer\"><\/div>\n\n\n\n\n<div class=\"su-posts su-posts-teaser-loop \">\n\n\t\t\t\t\t\t\n\t\t\t\n\t\t\t<div id=\"su-post-8905\" class=\"su-post \">\n\t\t\t\t\t\t\t\t\t<a class=\"su-post-thumbnail\" href=\"https:\/\/wp.unil.ch\/labelettres\/exotismes-dans-la-culture-russe\/\"><img loading=\"lazy\" decoding=\"async\" width=\"342\" height=\"500\" src=\"https:\/\/wp.unil.ch\/labelettres\/files\/2020\/10\/edl2009_2_3-small500.jpg\" class=\"attachment-post-thumbnail size-post-thumbnail wp-post-image\" alt=\"\" \/><\/a>\n\t\t\t\t\t\t\t\t<h2 class=\"su-post-title\"><a href=\"https:\/\/wp.unil.ch\/labelettres\/exotismes-dans-la-culture-russe\/\">Exotismes dans la culture russe<\/a><\/h2>\n\t\t\t<\/div>\n\n\t\t\t\n<\/div>\n\n","protected":false},"excerpt":{"rendered":"<p>Cette liste recense les ouvrages r\u00e9f\u00e9renc\u00e9s sur LabeLettres. Pour acc\u00e9der \u00e0 l\u2019ensemble des publications scientifiques, veuillez consulter IRIS, la plateforme de la recherche institutionnelle.<\/p>\n","protected":false},"author":1002938,"featured_media":0,"parent":0,"menu_order":0,"comment_status":"closed","ping_status":"closed","template":"","meta":{"_seopress_robots_primary_cat":"","_seopress_titles_title":"","_seopress_titles_desc":"","_seopress_robots_index":"","footnotes":""},"class_list":["post-15499","page","type-page","status-publish"],"_links":{"self":[{"href":"https:\/\/wp.unil.ch\/labelettres\/wp-json\/wp\/v2\/pages\/15499","targetHints":{"allow":["GET"]}}],"collection":[{"href":"https:\/\/wp.unil.ch\/labelettres\/wp-json\/wp\/v2\/pages"}],"about":[{"href":"https:\/\/wp.unil.ch\/labelettres\/wp-json\/wp\/v2\/types\/page"}],"author":[{"embeddable":true,"href":"https:\/\/wp.unil.ch\/labelettres\/wp-json\/wp\/v2\/users\/1002938"}],"replies":[{"embeddable":true,"href":"https:\/\/wp.unil.ch\/labelettres\/wp-json\/wp\/v2\/comments?post=15499"}],"version-history":[{"count":1,"href":"https:\/\/wp.unil.ch\/labelettres\/wp-json\/wp\/v2\/pages\/15499\/revisions"}],"predecessor-version":[{"id":15500,"href":"https:\/\/wp.unil.ch\/labelettres\/wp-json\/wp\/v2\/pages\/15499\/revisions\/15500"}],"wp:attachment":[{"href":"https:\/\/wp.unil.ch\/labelettres\/wp-json\/wp\/v2\/media?parent=15499"}],"curies":[{"name":"wp","href":"https:\/\/api.w.org\/{rel}","templated":true}]}}