{"id":242,"date":"2014-11-24T16:30:12","date_gmt":"2014-11-24T15:30:12","guid":{"rendered":"http:\/\/wp.unil.ch\/keel-lab\/?page_id=242"},"modified":"2017-02-15T15:46:50","modified_gmt":"2017-02-15T14:46:50","slug":"others","status":"publish","type":"page","link":"https:\/\/wp.unil.ch\/keel-lab\/original-papers\/others\/","title":{"rendered":"Others"},"content":{"rendered":"<p>&nbsp;<\/p>\n<p>Fesselet M, Dugon J, Degen T, Dennert F, Schl\u00e4ppi K, Jaffuel G, Chiriboga X, Maurhofer M, Campos Herrera R, Imperiali N, Turlings T, van der Heijden M, Keel C, Mascher F. 2016. Die Bodenbiologie bringt Landwirte und Wissenschaftler zusammen. <span style=\"color: #800000\"><a style=\"color: #800000\" href=\"https:\/\/www.agrarforschungschweiz.ch\/aktuelles_heft_10de.php?id_artikel=2162\">Agrarforschung Schweiz<\/a><\/span> 7:156-9.<\/p>\n<p>Maurhofer M, Flury P, Imperiali N, Vesga P, Ruffner B, Kupferschmied P, P\u00e9chy-Tarr M, Jaffuel G, Dennert F, L\u00f6ser T, Terrettaz C, Aellen N, Schneider J, Bloemberg G, Turlings T, H\u00f6fte M, Keel C. 2016. Fluorescent pseudomonads for joint disease and pest control: just a dream or a real perspective? <span style=\"color: #800000\"><a style=\"color: #800000\" href=\"https:\/\/www.iobc-wprs.org\/members\/shop_en.cfm?mod_Shop_detail_produkte=164\">IOBC-WPRS Bulletin<\/a><\/span> 117: 235-237<\/p>\n<p>Dennert F, Schneider J, Imperiali N, Mavrodi DV, Mavrodi OV, Mascher F, M\u00e4der P, Charles R, Keel C, Maurhofer M. 2016. Abundance of plant beneficial pseudomonads in the rhizosphere of winter wheat grown in different agricultural management systems. <a href=\"https:\/\/www.iobc-wprs.org\/members\/shop_en.cfm?mod_Shop_detail_produkte=164\"><span style=\"color: #800000\">IOBC-WPRS Bulletin<\/span><\/a> 117: 144-148.<\/p>\n<p><span style=\"color: #333333\">Maurhofer M, Ruffner B, P\u00e9chy-Tarr M, Rindlisbacher A, Obrist C, Hoegger P, Keel C. 2011. Oral insecticidal activity of root colonizing <em>P. fluorescens<\/em> CHA0: a biocontrol agent with potential to control plant pests and diseases? <span style=\"color: #800000\"><a style=\"color: #800000\" href=\"https:\/\/www.iobc-wprs.org\/pub\/bulletins\/index.html\" target=\"_blank\">IOBC-WPRS Bulletin<\/a><\/span> 66:67-70.<\/span><\/p>\n<p><span style=\"color: #333333\">Ruffner B, P\u00e9chy-Tarr M, Ryffel F, Keel C, Maurhofer M. 2011. Phylogenetic position of Fit insect toxin producing pseudomonads. <span style=\"color: #800000\"><a style=\"color: #800000\" href=\"https:\/\/www.iobc-wprs.org\/pub\/bulletins\/index.html\" target=\"_blank\">IOBC-WPRS Bulletin<\/a><\/span> 66:71-4.<\/span><\/p>\n<p><span style=\"color: #333333\">P\u00e9chy-Tarr M, Binggeli O, Maurhofer M, Keel C. 2009. Regulation of the expression of Fit insect toxin locus genes in the root-associated biocontrol pseudomonad CHA0. <span style=\"color: #800000\"><a style=\"color: #800000\" href=\"https:\/\/www.iobc-wprs.org\/pub\/bulletins\/index.html#2008\" target=\"_blank\">IOBC-WPRS Bulletin<\/a><\/span> 45:243-7.<\/span><\/p>\n<p><span style=\"color: #333333\">Ruffner B, P\u00e9chy-Tarr M, Keel C, Maurhofer M. 2009. Occurrence and molecular diversity of the Fit insect toxin locus in plant-beneficial pseudomonads. <span style=\"color: #800000\"><a style=\"color: #800000\" href=\"https:\/\/www.iobc-wprs.org\/pub\/bulletins\/index.html#2008\" target=\"_blank\">IOBC-WPRS Bulletin<\/a><\/span> 45:251-4.<\/span><\/p>\n<p><span style=\"color: #333333\">Sharifi-Tehrani A, Kellenberger S, Farzaneh M, Pechy-Tarr M, Keel C, Mascher F. 2009. Genotype-level interactions determine the degree of reduction of leaf rust on wheat by seed application of beneficial <em>Pseudomonas<\/em> spp. <span style=\"color: #800000\"><a style=\"color: #800000\" href=\"https:\/\/www.iobc-wprs.org\/pub\/bulletins\/index.html#2008\" target=\"_blank\">IOBC-WPRS Bulletin<\/a><\/span> 43:321-5.<\/span><\/p>\n<p><span style=\"color: #333333\">de Werra P, Huser A, Baehler E, Keel C, Maurhofer M, 2006. Using flow cytometry for in situ monitoring of antimicrobial compound production in the biocontrol bacterium <em>Pseudomonas fluorescens<\/em> CHA0. <span style=\"color: #800000\"><a style=\"color: #800000\" href=\"https:\/\/www.iobc-wprs.org\/pub\/bulletins\/index.html#2008\" target=\"_blank\">IOBC-WPRS Bulletin<\/a><\/span> 29 (2):117-22.<\/span><\/p>\n<p><span style=\"color: #333333\">Keel C. 2002. Einsatz von Bodenbakterien f\u00fcr den Pflanzenschutz. <span style=\"color: #800000\"><a style=\"color: #800000\" href=\"https:\/\/www.bafu.admin.ch\/bodenschutz\/10160\/10167\/index.html?lang=de\" target=\"_blank\">VBB-Bulletin<\/a><\/span> 6:16-9.<\/span><\/p>\n<p><span style=\"color: #333333\">Schnider U, Keel C, Blumer C, Michaux P, D\u00e9fago G, Haas D. 1997. Regulation of mucoidy in the biological control agent <em>Pseudomonas fluorescens<\/em> CHA0 and construction of an exopolysaccharide-overproducing variant. pp. 349-352 in Ogoshi A, Kobayashi K, Homma Y, Kodama F, Kondo N, Akino S (eds), <span style=\"color: #800000\">Plant Growth-Promoting Rhizobacteria: Present Status and Future Prospects<\/span>. Nakanishi Printing, Sapporo, Japan.<\/span><\/p>\n<p><span style=\"color: #333333\">Beyeler M, Michaux P, Keel C, Haas D. 1997. Effect of enhanced production of indole-3-acetic acid by the biological control agent <em>Pseudomonas fluorescens<\/em> CHA0 on plant growth. pp. 310-312 in Ogoshi A, Kobayashi K, Homma Y, Kodama F, Kondo N, Akino S (eds), <span style=\"color: #800000\">Plant Growth-Promoting Rhizobacteria: Present Status and Future Prospects<\/span>. Nakanishi Printing, Sapporo, Japan.<\/span><\/p>\n<p><span style=\"color: #333333\">Haas D, Keel C. 1997. Construction of <em>Pseudomonas<\/em> strains with improved biocontrol activity. pp. 82-86 in Ogoshi A, Kobayashi K, Homma Y, Kodama F, Kondo N, Akino S (eds), <span style=\"color: #800000\">Plant Growth-Promoting Rhizobacteria: Present Status and Future Prospects<\/span>. Nakanishi Printing, Sapporo, Japan.<\/span><\/p>\n<p><span style=\"color: #333333\">Keel C. 1996. Bakterien als N\u00fctzlinge. <span style=\"color: #800000\">Das Bioskop &#8211; Fachzeitschrift f\u00fcr Biolandbau und \u00d6kologie<\/span> 3: 27.<\/span><\/p>\n<p><span style=\"color: #333333\">Keel C. 1995. Plant protection by beneficial soil bacteria, mechanisms and safety considerations. <span style=\"color: #800000\"><a style=\"color: #800000\" href=\"https:\/\/www.sg-phytomed.ch\/\" target=\"_blank\">SGP Info<\/a><\/span> 3: 2-5.<\/span><\/p>\n<p><span style=\"color: #333333\">Keel C, D\u00e9fago G. 1995. Harmlose Bodenbakterien statt Pflanzenschutzmittel. <span style=\"color: #800000\">Das Bild des Monats<\/span> M\u00e4rz 1995 aus Wissenschaft und Forschung. Swiss National Foundation for Scientific Research.<\/span><\/p>\n<p><span style=\"color: #333333\">Keel C. 1994. Molecular approaches towards understanding the mechanisms of disease suppression by <em>Pseudomonas fluorescens<\/em> CHA0. <span style=\"color: #800000\"><a style=\"color: #800000\" href=\"https:\/\/onlinelibrary.wiley.com\/doi\/10.1111\/mec.1994.3.issue-6\/issuetoc\" target=\"_blank\">Molecular Ecology<\/a><\/span> 3: 616.<\/span><\/p>\n<p><span style=\"color: #333333\">D\u00e9fago G, Fuchs J, Keel C, Maurhofer M, Oberh\u00e4nsli T, Sacherer P. 1992. Krankheitsunterdr\u00fcckende B\u00f6den. <span style=\"color: #800000\">ETH Bulletin<\/span> 242:25-6. doi 10.3929\/ethz-a-000916359.<\/span><\/p>\n<p><span style=\"color: #333333\">Keel C. 1992. Bacterial antagonists of plant pathogens in the rhizosphere: Mechanisms and prospects. <span style=\"color: #800000\"><a style=\"color: #800000\" href=\"https:\/\/www.iobc-wprs.org\/pub\/index.html#bulletin\" target=\"_blank\">IOBC-WPRS Bulletin<\/a><\/span> 15(1): 93-9.<\/span><\/p>\n<p><span style=\"color: #333333\">D\u00e9fago G, Keel C, Maurhofer M, Sacherer P, W\u00fcthrich B, Gaia V, Laville J, Haas D. 1991. HCN as a signal in plant-microbe interactions.\u00a0<span style=\"color: #800000\"><a style=\"color: #800000\" href=\"https:\/\/www.iobc-wprs.org\/pub\/index.html#bulletin\" target=\"_blank\">IOBC-WPRS Bulletin<\/a><\/span> 14(8): 199-200.<\/span><\/p>\n<p><span style=\"color: #333333\">Keel C, D\u00e9fago G. 1991. The fluorescent siderophore of <em>Pseudomonas fluorescens<\/em> strain CHA0 has no effect on the suppression of root diseases of wheat.<span style=\"color: #800000\">\u00a0<a style=\"color: #800000\" href=\"https:\/\/www.iobc-wprs.org\/pub\/index.html#bulletin\" target=\"_blank\">IOBC-WPRS Bulletin<\/a><\/span> 14(8):136-42.<\/span><\/p>\n<p><span style=\"color: #333333\">Keel C, Haas D, Laville J, Maurhofer M, Oberh\u00e4nsli T, Schnider U, Voisard C, D\u00e9fago G. 1991. Suppression of soil-borne pathogens by <em>Pseudomonas fluorescens<\/em> &#8211; a multifactorial mechanism.\u00a0<span style=\"color: #800000\"><a style=\"color: #800000\" href=\"https:\/\/www.iobc-wprs.org\/pub\/index.html#bulletin\" target=\"_blank\">IOBC-WPRS Bulletin<\/a><\/span> 14(8):195-6.<\/span><\/p>\n<p><span style=\"color: #333333\">Maurhofer M, Keel C, Schnider U, Voisard C, Haas D, D\u00e9fago G. 1991. Does enhanced antibiotic production in <em>Pseudomonas fluorescens<\/em> strain CHA0 improve its disease suppressive capacity?\u00a0<span style=\"color: #800000\"><a style=\"color: #800000\" href=\"https:\/\/www.iobc-wprs.org\/pub\/index.html#bulletin\" target=\"_blank\">IOBC-WPRS Bulletin<\/a><\/span> 14(8):201-2.<\/span><\/p>\n","protected":false},"excerpt":{"rendered":"<p>&nbsp; Fesselet M, Dugon J, Degen T, Dennert F, Schl\u00e4ppi K, Jaffuel G, Chiriboga X, Maurhofer M, Campos Herrera R, Imperiali N, Turlings T, van der Heijden M, Keel C, Mascher F. 2016. Die Bodenbiologie bringt Landwirte und Wissenschaftler zusammen.<\/p>\n","protected":false},"author":1001061,"featured_media":0,"parent":238,"menu_order":2,"comment_status":"closed","ping_status":"closed","template":"","meta":{"_seopress_robots_primary_cat":"","_seopress_titles_title":"","_seopress_titles_desc":"","_seopress_robots_index":"","footnotes":""},"class_list":["post-242","page","type-page","status-publish"],"_links":{"self":[{"href":"https:\/\/wp.unil.ch\/keel-lab\/wp-json\/wp\/v2\/pages\/242","targetHints":{"allow":["GET"]}}],"collection":[{"href":"https:\/\/wp.unil.ch\/keel-lab\/wp-json\/wp\/v2\/pages"}],"about":[{"href":"https:\/\/wp.unil.ch\/keel-lab\/wp-json\/wp\/v2\/types\/page"}],"author":[{"embeddable":true,"href":"https:\/\/wp.unil.ch\/keel-lab\/wp-json\/wp\/v2\/users\/1001061"}],"replies":[{"embeddable":true,"href":"https:\/\/wp.unil.ch\/keel-lab\/wp-json\/wp\/v2\/comments?post=242"}],"version-history":[{"count":0,"href":"https:\/\/wp.unil.ch\/keel-lab\/wp-json\/wp\/v2\/pages\/242\/revisions"}],"up":[{"embeddable":true,"href":"https:\/\/wp.unil.ch\/keel-lab\/wp-json\/wp\/v2\/pages\/238"}],"wp:attachment":[{"href":"https:\/\/wp.unil.ch\/keel-lab\/wp-json\/wp\/v2\/media?parent=242"}],"curies":[{"name":"wp","href":"https:\/\/api.w.org\/{rel}","templated":true}]}}