{"id":685,"date":"2013-07-16T11:00:32","date_gmt":"2013-07-16T09:00:32","guid":{"rendered":"http:\/\/wp.unil.ch\/journeerecherchessp\/?page_id=685"},"modified":"2016-07-05T08:35:35","modified_gmt":"2016-07-05T06:35:35","slug":"programme-2","status":"publish","type":"page","link":"https:\/\/wp.unil.ch\/journeerecherchessp\/programme-2\/","title":{"rendered":"Programme 2015"},"content":{"rendered":"<p>&nbsp;<\/p>\n<table style=\"width: 680px\" border=\"1\" cellspacing=\"2\">\n<tbody>\n<tr>\n<td width=\"130\">En pr\u00e9ouverture<\/td>\n<td width=\"550\"><strong>Financer ses recherches: la base de donn\u00e9es de l&rsquo;UNIL<\/strong><br \/>\nClaire Arnold, Adjointe, Grant office, UNIL<br \/>\nB\u00e2timent G\u00e9opolis, salle 2121, 12h30-13h00<\/td>\n<\/tr>\n<tr>\n<td valign=\"top\">13h15-13h30<\/td>\n<td valign=\"top\"><strong>Ouverture<\/strong><br \/>\nPhilippe Moreillon, Vice-recteur de l&rsquo;Universit\u00e9 de Lausanne<br \/>\nJean-Philippe Leresche, Doyen de la Facult\u00e9 des sciences sociales et politiques<\/td>\n<\/tr>\n<tr>\n<td valign=\"top\">13h30-14h15<\/td>\n<td valign=\"top\"><b>Le FNS et le soutien aux chercheurs dans la perspective d\u2019une carri\u00e8re internationale<\/b><br \/>\nPaul Schubert, Pr\u00e9sident de la division I du Conseil national de la recherche du FNS<\/td>\n<\/tr>\n<tr>\n<td valign=\"top\">14h15-15h00<\/td>\n<td valign=\"top\"><strong>L&rsquo;internationalisation des march\u00e9s et des carri\u00e8res acad\u00e9miques comme qualit\u00e9: de quoi parle-t-on?<\/strong><br \/>\nGa\u00eble Goastellec, MER, Observatoire sicence, politique et soci\u00e9t\u00e9 (OSPS), UNIL<\/td>\n<\/tr>\n<tr>\n<td valign=\"top\">15h00-16h00<\/td>\n<td valign=\"top\"><strong>Internationalisation des carri\u00e8res: entre mythe et r\u00e9alit\u00e9 <\/strong><br \/>\nTable ronde et discussion avec :<\/p>\n<ul>\n<li>Eva Green<br \/>\n<em>Pr\u00e9sidente de la Commission de la rel\u00e8ve acad\u00e9mique, UNIL<\/em><\/li>\n<li>Daniela Jopp<br \/>\n<em>Professeure associ\u00e9e, Centre de recherche en psychologie de la sant\u00e9 (CERPSA), UNIL<\/em><\/li>\n<li>Francesco Lagan\u00e0<br \/>\nCollaborateur scientifique, Office f\u00e9d\u00e9ral de la statistique<\/li>\n<li>Jan Rosset<br \/>\n<em>Chercheur post-doc, Mannheimer Zentrum f\u00fcr Europ\u00e4ische Sozialforschung, Universit\u00e9 de Mannheim<\/em><\/li>\n<li>Fran\u00e7ois Allisson<br \/>\n<em><em><em>Co-pr\u00e9sident d\u2019ACIDUL<\/em><\/em><\/em><\/li>\n<li>Mod\u00e9rateur:<br \/>\nProf. J\u00e9r\u00f4me Rossier, <em>D\u00e9canat SSP<\/em><\/li>\n<\/ul>\n<\/td>\n<\/tr>\n<tr>\n<td valign=\"top\">16h00-17h00<\/td>\n<td valign=\"top\"><strong>Posters individuels et discussion<\/strong> (<a title=\"Inscription \u00e0 un poster individuel\" href=\"https:\/\/wp.unil.ch\/journeerecherchessp\/inscription_poster\/\">insciption<\/a>)<\/td>\n<\/tr>\n<tr>\n<td valign=\"top\">D\u00e8s 17h00<\/td>\n<td valign=\"top\">Ap\u00e9ritif et performance \u00ab\u00a0Les d\u00e9plac\u00e9s\u00a0\u00bb, par Nordine Hamimouch, Rebecca Weintgartner et Pierre Emmanuel Sorignet<\/td>\n<\/tr>\n<\/tbody>\n<\/table>\n<p>&nbsp;<\/p>\n<p><strong>Renseignements:<\/strong><br \/>\nAstrid Ruffa (astrid.ruffa@unil.ch)<\/p>\n<p><strong>\u00a0<\/strong><\/p>\n","protected":false},"excerpt":{"rendered":"<p>&nbsp; En pr\u00e9ouverture Financer ses recherches: la base de donn\u00e9es de l&rsquo;UNIL Claire Arnold, Adjointe, Grant office, UNIL B\u00e2timent G\u00e9opolis, salle 2121, 12h30-13h00 13h15-13h30 Ouverture Philippe Moreillon, Vice-recteur de l&rsquo;Universit\u00e9 de Lausanne Jean-Philippe Leresche, Doyen de la Facult\u00e9 des sciences<\/p>\n","protected":false},"author":163,"featured_media":0,"parent":0,"menu_order":0,"comment_status":"closed","ping_status":"closed","template":"","meta":{"_seopress_robots_primary_cat":"","_seopress_titles_title":"","_seopress_titles_desc":"","_seopress_robots_index":"","ngg_post_thumbnail":0,"footnotes":""},"class_list":["post-685","page","type-page","status-publish"],"_links":{"self":[{"href":"https:\/\/wp.unil.ch\/journeerecherchessp\/wp-json\/wp\/v2\/pages\/685","targetHints":{"allow":["GET"]}}],"collection":[{"href":"https:\/\/wp.unil.ch\/journeerecherchessp\/wp-json\/wp\/v2\/pages"}],"about":[{"href":"https:\/\/wp.unil.ch\/journeerecherchessp\/wp-json\/wp\/v2\/types\/page"}],"author":[{"embeddable":true,"href":"https:\/\/wp.unil.ch\/journeerecherchessp\/wp-json\/wp\/v2\/users\/163"}],"replies":[{"embeddable":true,"href":"https:\/\/wp.unil.ch\/journeerecherchessp\/wp-json\/wp\/v2\/comments?post=685"}],"version-history":[{"count":0,"href":"https:\/\/wp.unil.ch\/journeerecherchessp\/wp-json\/wp\/v2\/pages\/685\/revisions"}],"wp:attachment":[{"href":"https:\/\/wp.unil.ch\/journeerecherchessp\/wp-json\/wp\/v2\/media?parent=685"}],"curies":[{"name":"wp","href":"https:\/\/api.w.org\/{rel}","templated":true}]}}