{"id":1756,"date":"2019-09-04T12:02:16","date_gmt":"2019-09-04T10:02:16","guid":{"rendered":"http:\/\/wp.unil.ch\/journeerecherchessp\/?page_id=1756"},"modified":"2019-09-11T10:22:35","modified_gmt":"2019-09-11T08:22:35","slug":"videos-2019","status":"publish","type":"page","link":"https:\/\/wp.unil.ch\/journeerecherchessp\/videos-2019\/","title":{"rendered":"Vid\u00e9os 2019"},"content":{"rendered":"<p><em>La Journ\u00e9e de la recherche<\/em><br \/>\n<iframe loading=\"lazy\" title=\"Journ\u00e9e de la recherche 2019\" width=\"720\" height=\"405\" src=\"https:\/\/www.youtube.com\/embed\/px-i3WLpP9k?feature=oembed\" frameborder=\"0\" allow=\"accelerometer; autoplay; clipboard-write; encrypted-media; gyroscope; picture-in-picture; web-share\" allowfullscreen><\/iframe><\/p>\n<p><em>Remise des prix des meilleurs posters<\/em><br \/>\n<iframe loading=\"lazy\" title=\"C\u00e9r\u00e9monie de remise des prix des meilleurs posters\" width=\"720\" height=\"405\" src=\"https:\/\/www.youtube.com\/embed\/wArQSmultzg?feature=oembed\" frameborder=\"0\" allow=\"accelerometer; autoplay; clipboard-write; encrypted-media; gyroscope; picture-in-picture; web-share\" allowfullscreen><\/iframe><\/p>\n<p><em>S\u00e9lim Ben Amor : 1er Prix ex-aequo<\/em><br \/>\n<iframe loading=\"lazy\" title=\"S\u00e9lim Ben Amor - Gagnant du 1er Prix ex-aequo\" width=\"720\" height=\"405\" src=\"https:\/\/www.youtube.com\/embed\/JvKj9-b3dPc?feature=oembed\" frameborder=\"0\" allow=\"accelerometer; autoplay; clipboard-write; encrypted-media; gyroscope; picture-in-picture; web-share\" allowfullscreen><\/iframe><\/p>\n<p><em>Ocyna Rudmann : 1er Prix ex-aequo<\/em><br \/>\n<iframe loading=\"lazy\" title=\"Ocyna Rudmann - Gagnante du 1er Prix ex-aequo\" width=\"720\" height=\"405\" src=\"https:\/\/www.youtube.com\/embed\/Edo6lNE5Oiw?feature=oembed\" frameborder=\"0\" allow=\"accelerometer; autoplay; clipboard-write; encrypted-media; gyroscope; picture-in-picture; web-share\" allowfullscreen><\/iframe><\/p>\n<p><em>Arthur Gallois : 3\u00e8me Prix<\/em><br \/>\n<iframe loading=\"lazy\" title=\"Arthur Gallois - Gagnant du 3\u00e8me Prix\" width=\"720\" height=\"405\" src=\"https:\/\/www.youtube.com\/embed\/CSSJSZdre6M?feature=oembed\" frameborder=\"0\" allow=\"accelerometer; autoplay; clipboard-write; encrypted-media; gyroscope; picture-in-picture; web-share\" allowfullscreen><\/iframe><\/p>\n<p>&nbsp;<\/p>\n","protected":false},"excerpt":{"rendered":"<p>La Journ\u00e9e de la recherche Remise des prix des meilleurs posters S\u00e9lim Ben Amor : 1er Prix ex-aequo Ocyna Rudmann : 1er Prix ex-aequo Arthur Gallois : 3\u00e8me Prix &nbsp;<\/p>\n","protected":false},"author":163,"featured_media":0,"parent":0,"menu_order":0,"comment_status":"closed","ping_status":"closed","template":"","meta":{"_seopress_robots_primary_cat":"","_seopress_titles_title":"","_seopress_titles_desc":"","_seopress_robots_index":"","ngg_post_thumbnail":0,"footnotes":""},"class_list":["post-1756","page","type-page","status-publish"],"_links":{"self":[{"href":"https:\/\/wp.unil.ch\/journeerecherchessp\/wp-json\/wp\/v2\/pages\/1756","targetHints":{"allow":["GET"]}}],"collection":[{"href":"https:\/\/wp.unil.ch\/journeerecherchessp\/wp-json\/wp\/v2\/pages"}],"about":[{"href":"https:\/\/wp.unil.ch\/journeerecherchessp\/wp-json\/wp\/v2\/types\/page"}],"author":[{"embeddable":true,"href":"https:\/\/wp.unil.ch\/journeerecherchessp\/wp-json\/wp\/v2\/users\/163"}],"replies":[{"embeddable":true,"href":"https:\/\/wp.unil.ch\/journeerecherchessp\/wp-json\/wp\/v2\/comments?post=1756"}],"version-history":[{"count":0,"href":"https:\/\/wp.unil.ch\/journeerecherchessp\/wp-json\/wp\/v2\/pages\/1756\/revisions"}],"wp:attachment":[{"href":"https:\/\/wp.unil.ch\/journeerecherchessp\/wp-json\/wp\/v2\/media?parent=1756"}],"curies":[{"name":"wp","href":"https:\/\/api.w.org\/{rel}","templated":true}]}}