{"id":1230,"date":"2016-08-24T09:39:57","date_gmt":"2016-08-24T07:39:57","guid":{"rendered":"http:\/\/wp.unil.ch\/journeerecherchessp\/?page_id=1230"},"modified":"2019-06-13T11:03:48","modified_gmt":"2019-06-13T09:03:48","slug":"posters-2015","status":"publish","type":"page","link":"https:\/\/wp.unil.ch\/journeerecherchessp\/posters-2015\/","title":{"rendered":"Journ\u00e9e 2015"},"content":{"rendered":"<p><strong>L\u2019internationalisation des carri\u00e8res acad\u00e9miques<\/strong><\/p>\n<p>La mobilit\u00e9 est aujourd&rsquo;hui vue comme une des conditions d&rsquo;une carri\u00e8re acad\u00e9mique. Encourag\u00e9e par de nombreuses instances, elle est per\u00e7ue tout \u00e0 la fois comme un atout et une difficult\u00e9. Atout car l&rsquo;\u00e9change des savoirs et des exp\u00e9riences est \u00e0 la base du caract\u00e8re universel de l&rsquo;Universit\u00e9. Difficult\u00e9, par exemple, quand il s&rsquo;agit de synchroniser ou d&rsquo;harmoniser les parcours des diff\u00e9rents membres d&rsquo;une famille ou d&rsquo;organiser pratiquement les \u00e9tapes d&rsquo;un s\u00e9jour.<\/p>\n<p>La Journ\u00e9e de la recherche 2015 veut mettre en exergue ces questions, en donnant la parole d&rsquo;abord au FNS qui par ses soutiens encourage fortement la mobilit\u00e9, puis en proposant un \u00e9tat des lieux par une chercheuse de notre Facult\u00e9. Pour permettre les \u00e9changes, une table ronde compl\u00e9tera le tableau. Y participeront aussi bien la pr\u00e9sidente de la Commission de la rel\u00e8ve de l&rsquo;Universit\u00e9 que des membres de notre Facult\u00e9 ayant exp\u00e9riment\u00e9 soit une arriv\u00e9e \u00e0 Lausanne, soit un d\u00e9part vers d&rsquo;autres lieux.<\/p>\n<hr>\n<h2>Posters<\/h2>\n<p><strong>Sciences sociales<\/strong><\/p>\n<p><a href=\"https:\/\/wp.unil.ch\/journeerecherchessp\/files\/2016\/09\/Besozzi_JR_2015.pdf\">On-the-job trainers: their trajectoires within the current socioeconomic context. The case of the French-speaking region of Switzerland<\/a> (Roberta Besozzi)<\/p>\n<p><a href=\"https:\/\/wp.unil.ch\/journeerecherchessp\/files\/2016\/09\/Cu\u00e9noudGonzalez_JR_2015.pdf\">Du conflit arm\u00e9 au conflit identitaire: Difficult\u00e9s d\u2019int\u00e9gration \u00e0 la vie civile d\u2019anciens combattants en Colombie<\/a> (Odile Cu\u00e9noud)<\/p>\n<p><a href=\"https:\/\/wp.unil.ch\/journeerecherchessp\/files\/2016\/09\/MOULLET_JR_2015.pdf\">Differences in parents\u2019 educational aspirations for children : The role of migration status<\/a> (Aurore Moullet)<\/p>\n<p><a href=\"https:\/\/wp.unil.ch\/journeerecherchessp\/files\/2016\/09\/Perret_JR_2015.pdf\">La Visualisation et les sociologues &#8211; Un rapport contrari\u00e9 m\u00ealant Illusionnisme et Facteur d&rsquo;Impact<\/a> (Andreas Perret)<\/p>\n<p><a href=\"https:\/\/wp.unil.ch\/journeerecherchessp\/files\/2016\/09\/Vionnet_JR_2015.pdf\">Cr\u00e9er et penser les formes &#8211; Habiter le monde \u00e0 partir de la danse contemporaine<\/a> (Vionnet)<\/p>\n<p><strong>Science politique<\/strong><\/p>\n<p><a href=\"https:\/\/wp.unil.ch\/journeerecherchessp\/files\/2016\/09\/Cahlikova_JR_2015.pdf\">Digital democracy in Switzerland: direct democracy at its best or needless luxury? Point of view of public administrations<\/a> (Tereza Cahlikova)<\/p>\n<p><a href=\"https:\/\/wp.unil.ch\/journeerecherchessp\/files\/2016\/09\/Courant_JR_2015.pdf\">Le Nouvel Esprit du Tirageau Sort \/ Principes d\u00e9mocratiques et repr\u00e9sentation au sein de dispositifs d\u00e9lib\u00e9ratifs contemporains<\/a> (Dimitri Courant)<\/p>\n<p><strong>Psychologie<\/strong><\/p>\n<p><a href=\"https:\/\/wp.unil.ch\/journeerecherchessp\/files\/2016\/09\/Dos_Santos_Dupertuis_JR_2015.pdf\">Langue, geste et main: Approche socio-historique de la corpor\u00e9it\u00e9<\/a> (Marcelo Dos Santos Mamed)<\/p>\n<p><a href=\"https:\/\/wp.unil.ch\/journeerecherchessp\/files\/2016\/09\/Dupertuis_JR_2015.pdf\">\u00c9mergence et constitution du signe d\u2019ostension \u00e0 soi-m\u00eame dans le d\u00e9veloppement pr\u00e9coce<\/a> (Virginie Dupertuis)<\/p>\n<p><a href=\"https:\/\/wp.unil.ch\/journeerecherchessp\/files\/2016\/09\/Laurent_JR_2015.pdf\">D\u00e9limiter une population migrante \u00e0 l&rsquo;aide de cat\u00e9gories \u00ab\u00a0a priori\u00a0\u00bb: un enjeu \u00e9thique et m\u00e9thodologique<\/a> (Mauranne Laurent)<\/p>\n<p><a href=\"https:\/\/wp.unil.ch\/journeerecherchessp\/files\/2016\/09\/Riggenbach_JR.pdf\">Adolescent chronic pain: How does autonomy influences functional outcomes?<\/a> (Annina Riggenbach)<\/p>\n<p><a href=\"https:\/\/wp.unil.ch\/journeerecherchessp\/files\/2016\/09\/Scolari_JR_2015.pdf\">Comment devient-on un \u00ab\u00a0ayant droit\u00a0\u00bb? Le r\u00f4le des personnes ressources dans la trajectoire administrative de l&rsquo;immigr\u00e9 en Suisse<\/a> (St\u00e9phanie Scolari)<\/p>\n<p><a href=\"https:\/\/wp.unil.ch\/journeerecherchessp\/files\/2016\/09\/Swiatkowski_JR_2015.pdf\">When the \u201cBad\u201d Becomes the \u201cGood\u201d and the \u201cGood\u201d Becomes the \u201cBad\u201d: Prevention Orientation Reverses the Performance-Approach and Avoidance Goals\u2019 Effects on Performance<\/a> (Wojciech ?wi?tkowski)<\/p>\n<p><strong>Sport<\/strong><\/p>\n<p><a href=\"https:\/\/wp.unil.ch\/journeerecherchessp\/files\/2016\/09\/Fernandez_JR_2015.pdf\">Effect of normobaric hypoxic walking training on mechanics and energetics of gait in obese adults<\/a> (Fern\u00e1ndez Men\u00e9ndez)<\/p>\n<p><a href=\"https:\/\/wp.unil.ch\/journeerecherchessp\/files\/2016\/09\/Spring_JR_2015.pdf\">Are motor-related electro-cortical markers modulated by an acute endurance exercise?<\/a> (J\u00e9r\u00f4me Spring)<\/p>\n","protected":false},"excerpt":{"rendered":"<p>L\u2019internationalisation des carri\u00e8res acad\u00e9miques La mobilit\u00e9 est aujourd&rsquo;hui vue comme une des conditions d&rsquo;une carri\u00e8re acad\u00e9mique. Encourag\u00e9e par de nombreuses instances, elle est per\u00e7ue tout \u00e0 la fois comme un atout et une difficult\u00e9. Atout car l&rsquo;\u00e9change des savoirs et<\/p>\n","protected":false},"author":163,"featured_media":0,"parent":0,"menu_order":0,"comment_status":"closed","ping_status":"closed","template":"","meta":{"_seopress_robots_primary_cat":"","_seopress_titles_title":"","_seopress_titles_desc":"","_seopress_robots_index":"","ngg_post_thumbnail":0,"footnotes":""},"class_list":["post-1230","page","type-page","status-publish"],"_links":{"self":[{"href":"https:\/\/wp.unil.ch\/journeerecherchessp\/wp-json\/wp\/v2\/pages\/1230","targetHints":{"allow":["GET"]}}],"collection":[{"href":"https:\/\/wp.unil.ch\/journeerecherchessp\/wp-json\/wp\/v2\/pages"}],"about":[{"href":"https:\/\/wp.unil.ch\/journeerecherchessp\/wp-json\/wp\/v2\/types\/page"}],"author":[{"embeddable":true,"href":"https:\/\/wp.unil.ch\/journeerecherchessp\/wp-json\/wp\/v2\/users\/163"}],"replies":[{"embeddable":true,"href":"https:\/\/wp.unil.ch\/journeerecherchessp\/wp-json\/wp\/v2\/comments?post=1230"}],"version-history":[{"count":0,"href":"https:\/\/wp.unil.ch\/journeerecherchessp\/wp-json\/wp\/v2\/pages\/1230\/revisions"}],"wp:attachment":[{"href":"https:\/\/wp.unil.ch\/journeerecherchessp\/wp-json\/wp\/v2\/media?parent=1230"}],"curies":[{"name":"wp","href":"https:\/\/api.w.org\/{rel}","templated":true}]}}