{"id":755,"date":"2020-07-01T15:24:21","date_gmt":"2020-07-01T13:24:21","guid":{"rendered":"http:\/\/wp.unil.ch\/jgep\/?page_id=755"},"modified":"2024-06-04T13:27:05","modified_gmt":"2024-06-04T11:27:05","slug":"7e-journee-programme-2","status":"publish","type":"page","link":"https:\/\/wp.unil.ch\/jgep\/7e-journee\/7e-journee-programme-2\/","title":{"rendered":"7e journ\u00e9e &#8211; Programme"},"content":{"rendered":"<h2 style=\"text-align: center\">7<sup>\u00e8me<\/sup> Journ\u00e9e &#8211; 13 mai 2022<\/h2>\n\n\n<div class=\"wp-block-columns alignwide are-vertically-aligned-top is-layout-flex wp-container-core-columns-is-layout-9d6595d7 wp-block-columns-is-layout-flex\">\n<div class=\"wp-block-column is-vertically-aligned-top is-layout-flow wp-block-column-is-layout-flow\">\n<h5 class=\"wp-block-heading has-text-align-center\" id=\"thematique\"><a href=\"https:\/\/wp.unil.ch\/jgep\/7e-journee\/\"><span style=\"text-decoration: underline\">Th\u00e9matique<\/span><\/a><\/h5>\n<\/div>\n\n\n\n<div class=\"wp-block-column is-vertically-aligned-top is-layout-flow wp-block-column-is-layout-flow\">\n<h5 class=\"wp-block-heading has-text-align-center\" id=\"programme\"><a href=\"https:\/\/wp.unil.ch\/jgep\/7e-journee\/7e-journee-programme-2\"><span style=\"text-decoration: underline\">Programme<\/span><\/a><\/h5>\n<\/div>\n\n\n\n<div class=\"wp-block-column is-layout-flow wp-block-column-is-layout-flow\">\n<h5 class=\"wp-block-heading\"><a href=\"https:\/\/wp.unil.ch\/jgep\/7e-journee-extraits-video\"><span style=\"text-decoration: underline\">Extraits vid\u00e9o<\/span><\/a><\/h5>\n<\/div>\n<\/div>\n\n\n\n<h3 class=\"wp-block-heading has-text-align-center\" id=\"changement-de-paradigme-et-gouvernance-publique\"><strong>Changement de paradigme et gouvernance publique<\/strong><\/h3>\n\n\n\n<p><a href=\"https:\/\/wp.unil.ch\/jgep\/files\/2022\/03\/6_Depliant_Gouvernance_2022-3.pdf\"><mark style=\"background-color:#ffffff;color:#fc8b02\" class=\"has-inline-color\">Programme d\u00e9taill\u00e9<\/mark><\/a><\/p>\n\n\n\n<p class=\"has-normal-font-size\"><strong>Crit\u00e8res de durabilit\u00e9 et banques centrales&nbsp;: le point de vue de la BNS<br><\/strong>Andr\u00e9a M. MAECHLER<br><em>Membre de la Direction g\u00e9n\u00e9rale de la Banque nationale suiss<\/em>e<br><a href=\"https:\/\/wp.unil.ch\/jgep\/files\/2022\/05\/J7-Maechler.pdf\"><mark style=\"background-color:#ffffff;color:#f78f00\" class=\"has-inline-color\">Pr\u00e9sentation<\/mark><\/a><\/p>\n\n\n\n<p class=\"has-normal-font-size\"><strong><strong><strong><strong><strong>La Conf\u00e9d\u00e9ration est-elle capable de r\u00e9ussir un projet informatique?<\/strong><\/strong> <br><\/strong><\/strong><\/strong>S\u00e9bastien FANTI <mark style=\"color:#f06e06\" class=\"has-inline-color\">(en remplacement de M. Fathi DERDER)<\/mark><br><em>Avocat ; pr\u00e9pos\u00e9 \u00e0 la protection des donn\u00e9es et \u00e0 la transparence du canton du Valais ; membre de la Commission de l&rsquo;Union Internationale des Avocats <em>\u00ab<\/em>Vie Priv\u00e9e et droits de l&rsquo;homme num\u00e9rique\u00bb<\/em><br><a href=\"https:\/\/wp.unil.ch\/jgep\/files\/2022\/05\/J7-Fanti.pdf\"><mark style=\"background-color:#ffffff;color:#ff8b00\" class=\"has-inline-color\">Pr\u00e9sentation<\/mark><\/a><\/p>\n\n\n\n<p class=\"has-normal-font-size\"><strong><strong><strong>Gouvernance en temps de crise&nbsp;: Enjeux et le\u00e7ons de l\u2019exp\u00e9rience<\/strong><\/strong> <br><\/strong>Brigitte RORIVE<br><em>Pr\u00e9sidente du conseil d\u2019\u00e9tablissement de l\u2019h\u00f4pital Riviera-Chablais, Vaud-Valais ; ancienne directrice des finances des H\u00f4pitaux universitaires de Gen\u00e8ve<\/em><br><a href=\"https:\/\/wp.unil.ch\/jgep\/files\/2022\/05\/J7-Rorive.pdf\"><mark style=\"background-color:#ffffff;color:#ff7a00\" class=\"has-inline-color\">Pr\u00e9sentation<\/mark><\/a><\/p>\n\n\n\n<p class=\"has-normal-font-size\"><strong><strong>Le d\u00e9mant\u00e8lement de la centrale nucl\u00e9aire de M\u00fchleberg. <\/strong>Gouvernance et \u00e9tat d\u2019avancement <br><\/strong>Patrick MIAZZA<br><em>Consultant senior BKW<\/em><br><a href=\"https:\/\/wp.unil.ch\/jgep\/files\/2022\/05\/J7-Miazza.pdf\"><mark style=\"background-color:#ffffff;color:#ff8b00\" class=\"has-inline-color\">Pr\u00e9sentation<\/mark><\/a><\/p>\n\n\n\n<p><strong>La nouvelle l\u00e9gislation sur les march\u00e9s publics &#8211; un changement de paradigme ?<br><\/strong>Marc STEINER<br><em>Juge au TAF ; membre du Conseil consultatif de Transparency International Suisse; sp\u00e9cialiste de l\u2019int\u00e9grit\u00e9 dans les proc\u00e9dures de march\u00e9s publics <\/em><br><a href=\"https:\/\/wp.unil.ch\/jgep\/files\/2022\/05\/J7-Steiner.pdf\"><mark style=\"background-color:#ffffff;color:#fb8306\" class=\"has-inline-color\">Pr\u00e9sentation<\/mark><\/a><\/p>\n\n\n\n<p class=\"has-normal-font-size\"><strong>Impact des actions citoyennes sur les entreprises publiques en mati\u00e8re de climat<br><\/strong>Rapha\u00ebl MAHAIM<br><em>Avocat ; charg\u00e9 de cours \u00e0 l&rsquo;universit\u00e9 de Lausanne ; d\u00e9put\u00e9 Vert au CN<\/em><br><a href=\"https:\/\/wp.unil.ch\/jgep\/files\/2022\/05\/J7-Mahaim.pdf\"><mark style=\"background-color:#ffffff;color:#ff8b00\" class=\"has-inline-color\">Pr\u00e9sentation<\/mark><\/a><\/p>\n\n\n\n<p class=\"has-normal-font-size\"><strong>Public, priv\u00e9 : m\u00eame responsabilit\u00e9 soci\u00e9tale ?<br><\/strong>Jean-Pierre DANTHINE<br><em>Professeur et co-directeur du Coll\u00e8ge du management de la technologie EPFL<\/em><br><a href=\"https:\/\/wp.unil.ch\/jgep\/files\/2022\/05\/J7-Danthine.pdf\"><mark style=\"background-color:#ffffff;color:#ff8200\" class=\"has-inline-color\">Pr\u00e9sentation<\/mark><\/a><\/p>\n","protected":false},"excerpt":{"rendered":"<p>7\u00e8me Journ\u00e9e &#8211; 13 mai 2022 Th\u00e9matique Programme Extraits vid\u00e9o Changement de paradigme et gouvernance publique Programme d\u00e9taill\u00e9 Crit\u00e8res de durabilit\u00e9 et banques centrales&nbsp;: le point de vue&hellip;<\/p>\n","protected":false},"author":1002086,"featured_media":0,"parent":327,"menu_order":0,"comment_status":"closed","ping_status":"closed","template":"template-full-width.php","meta":{"_seopress_robots_primary_cat":"","_seopress_titles_title":"","_seopress_titles_desc":"","_seopress_robots_index":"","footnotes":""},"class_list":["post-755","page","type-page","status-publish","has-post-thumbnail"],"_links":{"self":[{"href":"https:\/\/wp.unil.ch\/jgep\/wp-json\/wp\/v2\/pages\/755","targetHints":{"allow":["GET"]}}],"collection":[{"href":"https:\/\/wp.unil.ch\/jgep\/wp-json\/wp\/v2\/pages"}],"about":[{"href":"https:\/\/wp.unil.ch\/jgep\/wp-json\/wp\/v2\/types\/page"}],"author":[{"embeddable":true,"href":"https:\/\/wp.unil.ch\/jgep\/wp-json\/wp\/v2\/users\/1002086"}],"replies":[{"embeddable":true,"href":"https:\/\/wp.unil.ch\/jgep\/wp-json\/wp\/v2\/comments?post=755"}],"version-history":[{"count":1,"href":"https:\/\/wp.unil.ch\/jgep\/wp-json\/wp\/v2\/pages\/755\/revisions"}],"predecessor-version":[{"id":1361,"href":"https:\/\/wp.unil.ch\/jgep\/wp-json\/wp\/v2\/pages\/755\/revisions\/1361"}],"up":[{"embeddable":true,"href":"https:\/\/wp.unil.ch\/jgep\/wp-json\/wp\/v2\/pages\/327"}],"wp:attachment":[{"href":"https:\/\/wp.unil.ch\/jgep\/wp-json\/wp\/v2\/media?parent=755"}],"curies":[{"name":"wp","href":"https:\/\/api.w.org\/{rel}","templated":true}]}}