{"id":453,"date":"2020-04-15T13:50:14","date_gmt":"2020-04-15T11:50:14","guid":{"rendered":"http:\/\/wp.unil.ch\/jgep\/?page_id=453"},"modified":"2020-06-03T09:39:09","modified_gmt":"2020-06-03T07:39:09","slug":"j3-thematique","status":"publish","type":"page","link":"https:\/\/wp.unil.ch\/jgep\/3e-journee\/j3-thematique\/","title":{"rendered":"3e Journ\u00e9e &#8211; Th\u00e9matique"},"content":{"rendered":"<h2 style=\"text-align: center\">3<sup>\u00e8me<\/sup> Journ\u00e9e &#8211; 13 novembre 2014<\/h2>\n\n\n<div class=\"wp-block-columns alignwide are-vertically-aligned-top is-layout-flex wp-container-core-columns-is-layout-9d6595d7 wp-block-columns-is-layout-flex\">\n<div class=\"wp-block-column is-vertically-aligned-top is-layout-flow wp-block-column-is-layout-flow\">\n<h5 class=\"has-text-align-center wp-block-heading\"><\/h5>\n<\/div>\n\n\n\n<div class=\"wp-block-column is-vertically-aligned-top is-layout-flow wp-block-column-is-layout-flow\">\n<h5 class=\"has-text-align-center wp-block-heading\"><a href=\"https:\/\/wp.unil.ch\/jgep\/j3-thematique\/\">Th\u00e9matique<\/a><\/h5>\n<\/div>\n\n\n\n<div class=\"wp-block-column is-vertically-aligned-top is-layout-flow wp-block-column-is-layout-flow\">\n<h5 class=\"has-text-align-center wp-block-heading\"><a href=\"https:\/\/wp.unil.ch\/jgep\/3e-journee-programme\/\">Programme<\/a><\/h5>\n<\/div>\n\n\n\n<div class=\"wp-block-column is-vertically-aligned-top is-layout-flow wp-block-column-is-layout-flow\">\n<h5 class=\"has-text-align-center wp-block-heading\"><\/h5>\n<\/div>\n<\/div>\n\n\n<div>\n<h3>La gestion des risques dans les entreprises publiques<\/h3>\n<p>Durant de nombreuses ann\u00e9es, on a consid\u00e9r\u00e9 que les pouvoirs publics, de par leur nature m\u00eame, \u00e9taient en mesure de g\u00e9rer toutes sortes de risques sans avoir besoin d\u2019introduire des m\u00e9canismes de gestion correspondants. Or, de nombreux exemples, tant en Suisse (insolvabilit\u00e9 de la commune de Lo\u00e8che, assainissement des dettes des banques cantonales, temp\u00eate Lothar) qu\u2019\u00e0 l\u2019\u00e9tranger (faillite de la ville de D\u00e9troit, \u00e9largissement du Canal de Panama), ont mis en \u00e9vidence la n\u00e9cessit\u00e9 de mettre en place une gestion optimale des risques au niveau du secteur public, conform\u00e9ment \u00e0 la maxime \u00ab Gouverner, c\u2019est pr\u00e9voir \u00bb. Les exigences croissantes de transparence \u00e9manant tant des citoyens que de la classe politique expliquent elles aussi le recours de plus en plus fr\u00e9quent \u00e0 des m\u00e9canismes complexes de gestion des risques.<\/p>\n<p>Ces risques sont largement communs au secteur public et \u00e0 la sph\u00e8re priv\u00e9e, \u00e0 l\u2019exemple des risques financiers, strat\u00e9giques, op\u00e9rationnels, r\u00e9putationnels et politiques. Toutefois, si la gestion de ces risques fait appel \u00e0 des processus test\u00e9s et \u00e9prouv\u00e9s dans le secteur priv\u00e9, les particularit\u00e9s de l\u2019action publique font que ces processus ne sont pas toujours transposables sans \u00eatre d\u00fbment adapt\u00e9s \u00e0 ce contexte.<\/p>\n<\/div>","protected":false},"excerpt":{"rendered":"<p>3\u00e8me Journ\u00e9e &#8211; 13 novembre 2014 Th\u00e9matique Programme La gestion des risques dans les entreprises publiques Durant de nombreuses ann\u00e9es, on a consid\u00e9r\u00e9 que les pouvoirs publics, de&hellip;<\/p>\n","protected":false},"author":1002086,"featured_media":0,"parent":733,"menu_order":0,"comment_status":"closed","ping_status":"closed","template":"template-full-width.php","meta":{"_seopress_robots_primary_cat":"","_seopress_titles_title":"","_seopress_titles_desc":"","_seopress_robots_index":"","footnotes":""},"class_list":["post-453","page","type-page","status-publish","has-post-thumbnail"],"_links":{"self":[{"href":"https:\/\/wp.unil.ch\/jgep\/wp-json\/wp\/v2\/pages\/453","targetHints":{"allow":["GET"]}}],"collection":[{"href":"https:\/\/wp.unil.ch\/jgep\/wp-json\/wp\/v2\/pages"}],"about":[{"href":"https:\/\/wp.unil.ch\/jgep\/wp-json\/wp\/v2\/types\/page"}],"author":[{"embeddable":true,"href":"https:\/\/wp.unil.ch\/jgep\/wp-json\/wp\/v2\/users\/1002086"}],"replies":[{"embeddable":true,"href":"https:\/\/wp.unil.ch\/jgep\/wp-json\/wp\/v2\/comments?post=453"}],"version-history":[{"count":0,"href":"https:\/\/wp.unil.ch\/jgep\/wp-json\/wp\/v2\/pages\/453\/revisions"}],"up":[{"embeddable":true,"href":"https:\/\/wp.unil.ch\/jgep\/wp-json\/wp\/v2\/pages\/733"}],"wp:attachment":[{"href":"https:\/\/wp.unil.ch\/jgep\/wp-json\/wp\/v2\/media?parent=453"}],"curies":[{"name":"wp","href":"https:\/\/api.w.org\/{rel}","templated":true}]}}