{"id":447,"date":"2020-04-15T13:37:44","date_gmt":"2020-04-15T11:37:44","guid":{"rendered":"http:\/\/wp.unil.ch\/jgep\/?page_id=447"},"modified":"2020-07-08T14:01:47","modified_gmt":"2020-07-08T12:01:47","slug":"3e-journee-programme","status":"publish","type":"page","link":"https:\/\/wp.unil.ch\/jgep\/3e-journee\/3e-journee-programme\/","title":{"rendered":"3e journ\u00e9e &#8211; programme"},"content":{"rendered":"<h2 style=\"text-align: center\">3<sup>\u00e8me<\/sup> Journ\u00e9e &#8211; 13 novembre 2014<\/h2>\n\n\n<div class=\"wp-block-columns alignwide are-vertically-aligned-top is-layout-flex wp-container-core-columns-is-layout-9d6595d7 wp-block-columns-is-layout-flex\">\n<div class=\"wp-block-column is-vertically-aligned-top is-layout-flow wp-block-column-is-layout-flow\">\n<h5 class=\"has-text-align-center wp-block-heading\">&nbsp;<\/h5>\n<\/div>\n\n\n\n<div class=\"wp-block-column is-vertically-aligned-top is-layout-flow wp-block-column-is-layout-flow\">\n<h5 class=\"has-text-align-center wp-block-heading\"><a href=\"https:\/\/wp.unil.ch\/jgep\/j3-thematique\/\">Th\u00e9matique<\/a><\/h5>\n<\/div>\n\n\n\n<div class=\"wp-block-column is-vertically-aligned-top is-layout-flow wp-block-column-is-layout-flow\">\n<h5 class=\"has-text-align-center wp-block-heading\"><a href=\"https:\/\/wp.unil.ch\/jgep\/3e-journee-programme\/\">Programme<\/a><\/h5>\n<\/div>\n\n\n\n<div class=\"wp-block-column is-vertically-aligned-top is-layout-flow wp-block-column-is-layout-flow\">\n<h5 class=\"has-text-align-center wp-block-heading\">&nbsp;<\/h5>\n<\/div>\n<\/div>\n\n\n\n<p><a class=\"prog\" href=\"https:\/\/wp.unil.ch\/jgep\/files\/2020\/05\/J3-Flyer.pdf\">Programme d\u00e9taill\u00e9<\/a><\/p>\n\n\n\n<p>&nbsp;<\/p>\n\n\n\n<p><strong>La gestion des risques dans les entreprises publiques : d\u00e9finition, enjeux et instruments<\/strong><br>Pierre-Louis MANFRINI<br><em>Professeur \u00e0 l&rsquo;IDHEAP<\/em><br>Laure ATHIAS<br><em>Professeure \u00e0 l&rsquo;IDHEAP<\/em><\/p>\n\n\n\n<p><strong>La gestion des risques dans un environnement hospitalier<\/strong><br>Charles KLEIBER<br><em>Ancien Secr\u00e9taire d\u2019Etat et ancien Pr\u00e9sident du R\u00e9seau Sant\u00e9 Valais<\/em><\/p>\n\n\n\n<p><strong>La gestion des risques dans un environnement a\u00e9roportuaire<\/strong><br>Robert DEILLON<br><em>Directeur g\u00e9n\u00e9ral de l\u2019A\u00e9roport International de Gen\u00e8ve<\/em><\/p>\n\n\n\n<p><strong>Risques et gestion des \u00e9v\u00e8nement<\/strong><br>Andr\u00e9 SCHNEIDER<br><em>Vice-pr\u00e9sident Planification et logistique \u00e0 l\u2019EPFL et ancien Directeur op\u00e9rationnel du WEF<\/em><\/p>\n\n\n\n<p><strong>L\u2019analyse des risques des entreprises publiques<\/strong><br>Fran\u00e7ois PAYCH\u00c8RE<br><em>Pr\u00e9sident de la Cour des comptes du Canton de Gen\u00e8ve<\/em><\/p>\n\n\n\n<p><strong>La gestion des risques chez BKW<\/strong><br>Martina NIKLES<br><em>Responsable Compliance et assurance BKW<\/em><br>Thomas PUTZI<br><em>Responsable Corporte Risk Management BKW<\/em><\/p>\n\n\n\n<p><strong>L\u2019analyse politique des risques de la Soci\u00e9t\u00e9 \u00e9lectrique tessinoise (AET)<\/strong><br>Laura SADIS<br>Conseill\u00e8re d\u2019Etat et Directrice du D\u00e9partement des finances du Canton du Tessin<\/p>\n\n\n<p><strong>Discussion &#8211; D\u00e9bat : Politique et gestion des risques dans les entreprises publiques<br \/><\/strong>Laura SADIS<strong><br data-rich-text-line-break=\"true\" \/><\/strong><em>Conseill\u00e8re d\u2019Etat et Directrice du D\u00e9partement des finances du Canton du Tessin<\/em><strong data-rich-text-format-boundary=\"true\"><br \/><\/strong>Jean-No\u00ebl REY<br data-rich-text-line-break=\"true\" \/><em>Ancien Directeur g\u00e9n\u00e9ral de La Poste Suisse<\/em><\/p>\n<p><!-- \/wp:post-content --><\/p>","protected":false},"excerpt":{"rendered":"<p>3\u00e8me Journ\u00e9e &#8211; 13 novembre 2014 &nbsp; Th\u00e9matique Programme &nbsp; Programme d\u00e9taill\u00e9 &nbsp; La gestion des risques dans les entreprises publiques : d\u00e9finition, enjeux et instrumentsPierre-Louis MANFRINIProfesseur \u00e0&hellip;<\/p>\n","protected":false},"author":1002086,"featured_media":0,"parent":733,"menu_order":0,"comment_status":"closed","ping_status":"closed","template":"template-full-width.php","meta":{"_seopress_robots_primary_cat":"","_seopress_titles_title":"","_seopress_titles_desc":"","_seopress_robots_index":"","footnotes":""},"class_list":["post-447","page","type-page","status-publish","has-post-thumbnail"],"_links":{"self":[{"href":"https:\/\/wp.unil.ch\/jgep\/wp-json\/wp\/v2\/pages\/447","targetHints":{"allow":["GET"]}}],"collection":[{"href":"https:\/\/wp.unil.ch\/jgep\/wp-json\/wp\/v2\/pages"}],"about":[{"href":"https:\/\/wp.unil.ch\/jgep\/wp-json\/wp\/v2\/types\/page"}],"author":[{"embeddable":true,"href":"https:\/\/wp.unil.ch\/jgep\/wp-json\/wp\/v2\/users\/1002086"}],"replies":[{"embeddable":true,"href":"https:\/\/wp.unil.ch\/jgep\/wp-json\/wp\/v2\/comments?post=447"}],"version-history":[{"count":0,"href":"https:\/\/wp.unil.ch\/jgep\/wp-json\/wp\/v2\/pages\/447\/revisions"}],"up":[{"embeddable":true,"href":"https:\/\/wp.unil.ch\/jgep\/wp-json\/wp\/v2\/pages\/733"}],"wp:attachment":[{"href":"https:\/\/wp.unil.ch\/jgep\/wp-json\/wp\/v2\/media?parent=447"}],"curies":[{"name":"wp","href":"https:\/\/api.w.org\/{rel}","templated":true}]}}