{"id":406,"date":"2020-04-15T12:09:40","date_gmt":"2020-04-15T10:09:40","guid":{"rendered":"http:\/\/wp.unil.ch\/jgep\/?page_id=406"},"modified":"2021-01-27T09:39:56","modified_gmt":"2021-01-27T08:39:56","slug":"5e-journee-programme","status":"publish","type":"page","link":"https:\/\/wp.unil.ch\/jgep\/5e-journee\/5e-journee-programme\/","title":{"rendered":"5e Journ\u00e9e &#8211; Programme"},"content":{"rendered":"<h2 style=\"text-align: center\">5<sup>\u00e8me<\/sup> Journ\u00e9e &#8211; 9 novembre 2017<\/h2>\n\n\n<div class=\"wp-block-columns alignwide are-vertically-aligned-top is-layout-flex wp-container-core-columns-is-layout-9d6595d7 wp-block-columns-is-layout-flex\">\n<div class=\"wp-block-column is-vertically-aligned-top is-layout-flow wp-block-column-is-layout-flow\">\n<h5 class=\"has-text-align-center wp-block-heading\"><a href=\"https:\/\/wp.unil.ch\/jgep\/j5-thematique\/\">Th\u00e9matique<\/a><\/h5>\n<\/div>\n\n\n\n<div class=\"wp-block-column is-vertically-aligned-top is-layout-flow wp-block-column-is-layout-flow\">\n<h5 class=\"has-text-align-center wp-block-heading\"><a href=\"https:\/\/wp.unil.ch\/jgep\/5e-journee-programme\/\">Programme<\/a><\/h5>\n<\/div>\n\n\n\n<div class=\"wp-block-column is-vertically-aligned-top is-layout-flow wp-block-column-is-layout-flow\">\n<h5 class=\"has-text-align-center wp-block-heading\"><a href=\"https:\/\/wp.unil.ch\/jgep\/5e-journee\/5e-journee-extraits-video\/\" data-type=\"page\" data-id=\"618\">Extraits vid\u00e9o<\/a><\/h5>\n<\/div>\n<\/div>\n\n\n\n<p><\/p>\n\n\n\n<p><strong>Les entreprises face au d\u00e9fi de la digitalisation<\/strong><br>Christian PETIT<br><em>Membre du Conseil d\u2019Administration d\u2019Open Web Technology (Gen\u00e8ve) et ancien cadre dirigeant du groupe Swisscom<\/em><br><a class=\"prog\" href=\"https:\/\/wp.unil.ch\/jgep\/files\/2020\/04\/J5-Christian-Petit.pdf\">Pr\u00e9sentation<\/a><\/p>\n\n\n\n<p><strong>Les d\u00e9fis du dossier \u00e9lectronique du patient<\/strong><br>Pierre-Yves MAILLARD<br><em>Conseiller d\u2019Etat du Canton de Vaud, Chef du D\u00e9partement de la sant\u00e9 et de l&rsquo;action sociale<\/em><br><a class=\"prog\" href=\"https:\/\/wp.unil.ch\/jgep\/files\/2020\/04\/J5-Pierre-Yves-Maillard.pdf\">Pr\u00e9sentation<\/a><\/p>\n\n\n\n<p><strong>Num\u00e9riser ou innover? Telle est la question<\/strong><br>Anja WYDEN GUELPA<br><em>Chanceli\u00e8re d\u2019Etat de Gen\u00e8ve<\/em><br><a class=\"prog\" href=\"https:\/\/wp.unil.ch\/jgep\/files\/2020\/04\/J5-Anja-Wyden-Guelpa.pdf\">Pr\u00e9sentation<\/a><\/p>\n\n\n\n<p><strong>Gouverner les smart cities<\/strong><br>Dominique BOULLIER<br><em>Senior scientist au Digital Humanities Institute \u00e0 l&rsquo;EPFL, professeur de sociologie<\/em><br><a class=\"prog\" href=\"https:\/\/wp.unil.ch\/jgep\/files\/2020\/04\/J5-Dominique-Boullier.pdf\">Pr\u00e9sentation<\/a><\/p>\n\n\n\n<p><strong>D\u2019 \u00ab association \u00bb \u00e0 \u00ab communaut\u00e9 \u00bb : les NGO soumises aux d\u00e9fis du num\u00e9rique<\/strong><br>Mathieu FLEURY<br><em>Ancien Secr\u00e9taire g\u00e9n\u00e9ral de la F\u00e9d\u00e9ration romande des consommateurs<\/em><br><a class=\"prog\" href=\"https:\/\/wp.unil.ch\/jgep\/files\/2020\/04\/J5-Mathieu-Fleury.pdf\">Pr\u00e9sentation<\/a><\/p>\n\n\n\n<p><strong>La Poste \u2013 Opportunit\u00e9s et d\u00e9fis de la transformation num\u00e9rique<\/strong><br>Claudia PLETSCHER<br><em>Directrice D\u00e9veloppement et Innovation \u2013 La Poste Suisse<\/em><br><a class=\"prog\" href=\"https:\/\/wp.unil.ch\/jgep\/files\/2020\/04\/J5-Claudia_Pletscher.pdf\">Pr\u00e9sentation<\/a><\/p>\n\n\n\n<p><strong>The role of citizen engagement in the digital transformation of public sector services<\/strong><br>Tobias METTLER<br><em>Professeur associ\u00e9 en management de l\u2019information \u00e0 l\u2019IDHEAP<\/em><br><a class=\"prog\" href=\"https:\/\/wp.unil.ch\/jgep\/files\/2020\/04\/J5-Tobias-Mettler.pdf\">Pr\u00e9sentation<\/a><\/p>\n\n\n<p><!-- \/wp:post-content --><\/p>","protected":false},"excerpt":{"rendered":"<p>5\u00e8me Journ\u00e9e &#8211; 9 novembre 2017 Th\u00e9matique Programme Extraits vid\u00e9o Les entreprises face au d\u00e9fi de la digitalisationChristian PETITMembre du Conseil d\u2019Administration d\u2019Open Web Technology (Gen\u00e8ve) et ancien&hellip;<\/p>\n","protected":false},"author":1002086,"featured_media":0,"parent":727,"menu_order":0,"comment_status":"closed","ping_status":"closed","template":"template-full-width.php","meta":{"_seopress_robots_primary_cat":"","_seopress_titles_title":"","_seopress_titles_desc":"","_seopress_robots_index":"","footnotes":""},"class_list":["post-406","page","type-page","status-publish","has-post-thumbnail"],"_links":{"self":[{"href":"https:\/\/wp.unil.ch\/jgep\/wp-json\/wp\/v2\/pages\/406","targetHints":{"allow":["GET"]}}],"collection":[{"href":"https:\/\/wp.unil.ch\/jgep\/wp-json\/wp\/v2\/pages"}],"about":[{"href":"https:\/\/wp.unil.ch\/jgep\/wp-json\/wp\/v2\/types\/page"}],"author":[{"embeddable":true,"href":"https:\/\/wp.unil.ch\/jgep\/wp-json\/wp\/v2\/users\/1002086"}],"replies":[{"embeddable":true,"href":"https:\/\/wp.unil.ch\/jgep\/wp-json\/wp\/v2\/comments?post=406"}],"version-history":[{"count":0,"href":"https:\/\/wp.unil.ch\/jgep\/wp-json\/wp\/v2\/pages\/406\/revisions"}],"up":[{"embeddable":true,"href":"https:\/\/wp.unil.ch\/jgep\/wp-json\/wp\/v2\/pages\/727"}],"wp:attachment":[{"href":"https:\/\/wp.unil.ch\/jgep\/wp-json\/wp\/v2\/media?parent=406"}],"curies":[{"name":"wp","href":"https:\/\/api.w.org\/{rel}","templated":true}]}}