{"id":315,"date":"2020-04-08T16:32:14","date_gmt":"2020-04-08T14:32:14","guid":{"rendered":"http:\/\/wp.unil.ch\/jgep\/?page_id=315"},"modified":"2022-05-12T15:21:36","modified_gmt":"2022-05-12T13:21:36","slug":"6e-journee-programme","status":"publish","type":"page","link":"https:\/\/wp.unil.ch\/jgep\/6e-journee\/6e-journee-programme\/","title":{"rendered":"6e journ\u00e9e &#8211; Programme"},"content":{"rendered":"<h2 style=\"text-align: center\">6<sup>\u00e8me<\/sup> Journ\u00e9e &#8211; 4 avril 2019<\/h2>\n\n\n<div class=\"wp-block-columns alignwide are-vertically-aligned-top is-layout-flex wp-container-core-columns-is-layout-9d6595d7 wp-block-columns-is-layout-flex\">\n<div class=\"wp-block-column is-vertically-aligned-top is-layout-flow wp-block-column-is-layout-flow\">\n<h5 class=\"has-text-align-center wp-block-heading\"><a href=\"https:\/\/wp.unil.ch\/jgep\/j6-thematique\/\">Th\u00e9matique<\/a><\/h5>\n<\/div>\n\n\n\n<div class=\"wp-block-column is-vertically-aligned-top is-layout-flow wp-block-column-is-layout-flow\">\n<h5 class=\"has-text-align-center wp-block-heading\"><a href=\"https:\/\/wp.unil.ch\/jgep\/6e-journee-programme\/\">Programme<\/a><\/h5>\n<\/div>\n\n\n\n<div class=\"wp-block-column is-vertically-aligned-top is-layout-flow wp-block-column-is-layout-flow\">\n<h5 class=\"has-text-align-center wp-block-heading\"><a href=\"https:\/\/wp.unil.ch\/jgep\/6e-journee-cahier\/\">Compte-rendu<\/a><\/h5>\n<\/div>\n\n\n\n<div class=\"wp-block-column is-layout-flow wp-block-column-is-layout-flow\">\n<h5 class=\"wp-block-heading\"><a href=\"https:\/\/wp.unil.ch\/jgep\/6e-journee\/j6-video\/\">Extraits vid\u00e9o<\/a><\/h5>\n<\/div>\n<\/div>\n\n\n\n<p><strong>Introduction<br><\/strong>Laure ATHIAS<br><em>Professeure associ\u00e9e en \u00e9conomie publique et vice-directrice de l&rsquo;IDHEAP<\/em><br><a href=\"https:\/\/wp.unil.ch\/jgep\/files\/2022\/05\/intro_laure.pdf\" data-type=\"URL\"><mark style=\"background-color:#ffffff;color:#fe8606\" class=\"has-inline-color\">Pr\u00e9sentation<\/mark><\/a><\/p>\n\n\n\n<p><strong>Organisations publiques et concurrence : enjeux juridiques<br><\/strong>Vincent MARTENET<br><em>Ancien Pr\u00e9sident de la Comco, Professeur ordinaire de droit public \u00e0 l\u2019Universit\u00e9 de Lausanne<\/em><br><a class=\"prog\" href=\"https:\/\/wp.unil.ch\/jgep\/files\/2020\/04\/JGEP-Vincent-Martenet.pdf\">Pr\u00e9sentation<\/a><\/p>\n\n\n\n<p><strong>Assurance vie et pr\u00e9voyance professionnelle : un march\u00e9 totalement lib\u00e9ralis\u00e9 ?<br><\/strong>Philippe DOFFEY<br><em>Directeur g\u00e9n\u00e9ral de Retraites populaires<\/em><br><a class=\"prog\" href=\"https:\/\/wp.unil.ch\/jgep\/files\/2020\/04\/JGEP-Philippe-Doffey.pdf\">Pr\u00e9sentation<\/a><\/p>\n\n\n\n<p><strong>Les d\u00e9fis du r\u00e9seau de transport d\u2019\u00e9lectricit\u00e9 dans le contexte Suisse &#8211; Europe<br><\/strong>Michael SCHMID<br><em>Head of Legal, Regulatory &amp; Compliance, Swissgrid<\/em><br><a class=\"prog\" href=\"https:\/\/wp.unil.ch\/jgep\/files\/2020\/04\/JGEP-Michael-Schmid.pdf\">Pr\u00e9sentation<\/a><\/p>\n\n\n\n<p><strong>Public fibers network versus private operators<br><\/strong>Pascal GRIEDER<br><em>CEO de Salt<\/em><br><a class=\"prog\" href=\"https:\/\/wp.unil.ch\/jgep\/files\/2020\/04\/JGEP-Pascal-Grieder.pdf\">Pr\u00e9sentation<\/a><\/p>\n\n\n\n<p><strong>La concurrence dans le domaine des infrastructures am\u00e9liore-t-elle la qualit\u00e9 et l&rsquo;efficience des soins ?<br><\/strong>Mauro POGGIA<br><em>Conseiller d&rsquo;Etat du canton de Gen\u00e8ve<\/em><br><a class=\"prog\" href=\"https:\/\/wp.unil.ch\/jgep\/files\/2020\/04\/JGEP-Mauro-Poggia.pdf\">Pr\u00e9sentation<\/a><\/p>\n\n\n\n<p><strong>Une organisation publique dans la concurrence: entre r\u00e9alit\u00e9 et fiction<br><\/strong>Philipp M\u00dcLLER<br><em>Ancien directeur administratif et financier du CHUV<\/em><br><a class=\"prog\" href=\"https:\/\/wp.unil.ch\/jgep\/files\/2020\/05\/J5-Philipp-M\u00fcller.pdf\">Pr\u00e9sentation<\/a><\/p>\n\n\n\n<p><strong>La SSR, un service public en audiovisuel en concurrence d\u00e9loyale<br><\/strong>Raymond LORETAN<br><em>Ancien Pr\u00e9sident de la SSR<\/em><br><br><\/p>\n\n\n\n<p>&nbsp;<\/p>\n","protected":false},"excerpt":{"rendered":"<p>6\u00e8me Journ\u00e9e &#8211; 4 avril 2019 Th\u00e9matique Programme Compte-rendu Extraits vid\u00e9o IntroductionLaure ATHIASProfesseure associ\u00e9e en \u00e9conomie publique et vice-directrice de l&rsquo;IDHEAPPr\u00e9sentation Organisations publiques et concurrence : enjeux juridiquesVincent&hellip;<\/p>\n","protected":false},"author":1002086,"featured_media":0,"parent":722,"menu_order":0,"comment_status":"closed","ping_status":"closed","template":"template-full-width.php","meta":{"_seopress_robots_primary_cat":"","_seopress_titles_title":"","_seopress_titles_desc":"","_seopress_robots_index":"","footnotes":""},"class_list":["post-315","page","type-page","status-publish","has-post-thumbnail"],"_links":{"self":[{"href":"https:\/\/wp.unil.ch\/jgep\/wp-json\/wp\/v2\/pages\/315","targetHints":{"allow":["GET"]}}],"collection":[{"href":"https:\/\/wp.unil.ch\/jgep\/wp-json\/wp\/v2\/pages"}],"about":[{"href":"https:\/\/wp.unil.ch\/jgep\/wp-json\/wp\/v2\/types\/page"}],"author":[{"embeddable":true,"href":"https:\/\/wp.unil.ch\/jgep\/wp-json\/wp\/v2\/users\/1002086"}],"replies":[{"embeddable":true,"href":"https:\/\/wp.unil.ch\/jgep\/wp-json\/wp\/v2\/comments?post=315"}],"version-history":[{"count":0,"href":"https:\/\/wp.unil.ch\/jgep\/wp-json\/wp\/v2\/pages\/315\/revisions"}],"up":[{"embeddable":true,"href":"https:\/\/wp.unil.ch\/jgep\/wp-json\/wp\/v2\/pages\/722"}],"wp:attachment":[{"href":"https:\/\/wp.unil.ch\/jgep\/wp-json\/wp\/v2\/media?parent=315"}],"curies":[{"name":"wp","href":"https:\/\/api.w.org\/{rel}","templated":true}]}}