{"id":1471,"date":"2024-11-20T16:47:20","date_gmt":"2024-11-20T15:47:20","guid":{"rendered":"https:\/\/wp.unil.ch\/jgep\/?page_id=1471"},"modified":"2024-12-04T12:10:43","modified_gmt":"2024-12-04T11:10:43","slug":"9e-journee-extraits-video","status":"publish","type":"page","link":"https:\/\/wp.unil.ch\/jgep\/9e-journee-extraits-video\/","title":{"rendered":"9e journ\u00e9e Extraits vid\u00e9o"},"content":{"rendered":"\n<h1 class=\"wp-block-heading alignfull has-text-align-center\"><br>9<sup>\u00e8me<\/sup> Journ\u00e9e &#8211; 8 novembre 2024<br><\/h1>\n\n\n\n<div class=\"wp-block-columns alignwide is-layout-flex wp-container-core-columns-is-layout-9d6595d7 wp-block-columns-is-layout-flex\">\n<div class=\"wp-block-column is-layout-flow wp-block-column-is-layout-flow\">\n<h5 class=\"wp-block-heading has-text-align-center\"><span style=\"text-decoration: underline\"><a href=\"https:\/\/wp.unil.ch\/jgep\/9eme-journee-thematique\/\" data-type=\"page\" data-id=\"1363\">Th\u00e9matique<\/a><\/span><\/h5>\n<\/div>\n\n\n\n<div class=\"wp-block-column is-layout-flow wp-block-column-is-layout-flow\">\n<h5 class=\"wp-block-heading has-text-align-center\"><span style=\"text-decoration: underline\"><a href=\"https:\/\/wp.unil.ch\/jgep\/9e-journee-programme\/\" data-type=\"page\" data-id=\"1395\">Programme<\/a><\/span><\/h5>\n<\/div>\n<\/div>\n\n\n\n<div class=\"wp-block-columns alignwide is-layout-flex wp-container-core-columns-is-layout-9d6595d7 wp-block-columns-is-layout-flex\">\n<div class=\"wp-block-column is-layout-flow wp-block-column-is-layout-flow\">\n<figure class=\"wp-block-embed is-type-video is-provider-youtube wp-block-embed-youtube wp-embed-aspect-16-9 wp-has-aspect-ratio\"><div class=\"wp-block-embed__wrapper\">\n<iframe loading=\"lazy\" title=\"JGEP 2024 | La gouvernance des soci\u00e9t\u00e9s auxquelles l&#039;Etat participe\" width=\"580\" height=\"326\" src=\"https:\/\/www.youtube.com\/embed\/gYaZlgsVcgY?start=1&#038;feature=oembed\" frameborder=\"0\" allow=\"accelerometer; autoplay; clipboard-write; encrypted-media; gyroscope; picture-in-picture; web-share\" referrerpolicy=\"strict-origin-when-cross-origin\" allowfullscreen><\/iframe>\n<\/div><figcaption class=\"wp-element-caption\"><strong>Guy Mustaki:<\/strong><em> <\/em>La gouvernance des soci\u00e9t\u00e9s auxquelles l&rsquo;Etat participe<\/figcaption><\/figure>\n\n\n\n<p><\/p>\n<\/div>\n\n\n\n<div class=\"wp-block-column is-layout-flow wp-block-column-is-layout-flow\">\n<figure class=\"wp-block-embed is-type-video is-provider-youtube wp-block-embed-youtube wp-embed-aspect-16-9 wp-has-aspect-ratio\"><div class=\"wp-block-embed__wrapper\">\n<iframe loading=\"lazy\" title=\"JGEP 2024 | Gouvernance de l&#039;int\u00e9r\u00eat g\u00e9n\u00e9ral : aussi peu que possible, mais autant que n\u00e9cessaire?\" width=\"580\" height=\"326\" src=\"https:\/\/www.youtube.com\/embed\/pUWnJNPhSCY?start=13&#038;feature=oembed\" frameborder=\"0\" allow=\"accelerometer; autoplay; clipboard-write; encrypted-media; gyroscope; picture-in-picture; web-share\" referrerpolicy=\"strict-origin-when-cross-origin\" allowfullscreen><\/iframe>\n<\/div><figcaption class=\"wp-element-caption\"><strong>Fran\u00e7ois Paych\u00e8re:<\/strong> Gouvernance de l&rsquo;int\u00e9r\u00eat g\u00e9n\u00e9ral : aussi peu que possible, mais autant que n\u00e9cessaire?<\/figcaption><\/figure>\n\n\n\n<p><\/p>\n<\/div>\n\n\n\n<div class=\"wp-block-column is-layout-flow wp-block-column-is-layout-flow\">\n<figure class=\"wp-block-embed is-type-video is-provider-youtube wp-block-embed-youtube wp-embed-aspect-16-9 wp-has-aspect-ratio\"><div class=\"wp-block-embed__wrapper\">\n<iframe loading=\"lazy\" title=\"JGEP 2024 | La Patrouille des Glaciers : bien commun - bien priv\u00e9 ou les \u00e9checs de la gouvernance\" width=\"580\" height=\"326\" src=\"https:\/\/www.youtube.com\/embed\/P9eIWwg_7kU?start=4&#038;feature=oembed\" frameborder=\"0\" allow=\"accelerometer; autoplay; clipboard-write; encrypted-media; gyroscope; picture-in-picture; web-share\" referrerpolicy=\"strict-origin-when-cross-origin\" allowfullscreen><\/iframe>\n<\/div><figcaption class=\"wp-element-caption\"><strong>Rebecca Eggenberger:<\/strong> La Patrouille des Glaciers : bien commun &#8211; bien priv\u00e9 ou les \u00e9checs de la gouvernance<\/figcaption><\/figure>\n\n\n\n<p><\/p>\n<\/div>\n<\/div>\n\n\n\n<div class=\"wp-block-columns alignwide is-layout-flex wp-container-core-columns-is-layout-9d6595d7 wp-block-columns-is-layout-flex\">\n<div class=\"wp-block-column is-layout-flow wp-block-column-is-layout-flow\">\n<figure class=\"wp-block-embed is-type-video is-provider-youtube wp-block-embed-youtube wp-embed-aspect-16-9 wp-has-aspect-ratio\"><div class=\"wp-block-embed__wrapper\">\n<iframe loading=\"lazy\" title=\"JGEP 2024 | Quelle gouvernance pour l&#039;h\u00f4pital public de demain?\" width=\"580\" height=\"326\" src=\"https:\/\/www.youtube.com\/embed\/ofuFwHqU6OU?start=1&#038;feature=oembed\" frameborder=\"0\" allow=\"accelerometer; autoplay; clipboard-write; encrypted-media; gyroscope; picture-in-picture; web-share\" referrerpolicy=\"strict-origin-when-cross-origin\" allowfullscreen><\/iframe>\n<\/div><figcaption class=\"wp-element-caption\"><strong>Philippe Eckert:<\/strong><em> <\/em>Quelle gouvernance pour l\u2019h\u00f4pital public de demain ?<\/figcaption><\/figure>\n\n\n\n<p><\/p>\n<\/div>\n\n\n\n<div class=\"wp-block-column is-layout-flow wp-block-column-is-layout-flow\">\n<figure class=\"wp-block-embed is-type-video is-provider-youtube wp-block-embed-youtube wp-embed-aspect-16-9 wp-has-aspect-ratio\"><div class=\"wp-block-embed__wrapper\">\n<iframe loading=\"lazy\" title=\"JGEP 2024 | Les entreprises priv\u00e9es au d\u00e9fi de la pression des parties prenantes\" width=\"580\" height=\"326\" src=\"https:\/\/www.youtube.com\/embed\/C0RvFbsDWqA?start=23&#038;feature=oembed\" frameborder=\"0\" allow=\"accelerometer; autoplay; clipboard-write; encrypted-media; gyroscope; picture-in-picture; web-share\" referrerpolicy=\"strict-origin-when-cross-origin\" allowfullscreen><\/iframe>\n<\/div><figcaption class=\"wp-element-caption\"><strong>Mireille Faug\u00e8re:<\/strong> Les entreprises priv\u00e9es au d\u00e9fi de la pression des parties prenantes<\/figcaption><\/figure>\n\n\n\n<p><\/p>\n<\/div>\n\n\n\n<div class=\"wp-block-column is-layout-flow wp-block-column-is-layout-flow\">\n<figure class=\"wp-block-embed is-type-video is-provider-youtube wp-block-embed-youtube wp-embed-aspect-16-9 wp-has-aspect-ratio\"><div class=\"wp-block-embed__wrapper\">\n<iframe loading=\"lazy\" title=\"JGEP 2024 | Qu&#039;est-ce que public veut dire?\" width=\"580\" height=\"326\" src=\"https:\/\/www.youtube.com\/embed\/_uA074RkZKg?start=10&#038;feature=oembed\" frameborder=\"0\" allow=\"accelerometer; autoplay; clipboard-write; encrypted-media; gyroscope; picture-in-picture; web-share\" referrerpolicy=\"strict-origin-when-cross-origin\" allowfullscreen><\/iframe>\n<\/div><figcaption class=\"wp-element-caption\"><strong>Laure Athias:<\/strong> Qu&rsquo;est-ce que public veut dire ?<\/figcaption><\/figure>\n\n\n\n<p><\/p>\n<\/div>\n<\/div>\n\n\n\n<div class=\"wp-block-columns alignwide is-layout-flex wp-container-core-columns-is-layout-9d6595d7 wp-block-columns-is-layout-flex\">\n<div class=\"wp-block-column is-layout-flow wp-block-column-is-layout-flow\">\n<figure class=\"wp-block-embed is-type-video is-provider-youtube wp-block-embed-youtube wp-embed-aspect-16-9 wp-has-aspect-ratio\"><div class=\"wp-block-embed__wrapper\">\n<iframe loading=\"lazy\" title=\"JGEP 2024 | Les CFF : une gouvernance agile et adapt\u00e9e\" width=\"580\" height=\"326\" src=\"https:\/\/www.youtube.com\/embed\/bL8nVjZUi6U?start=1&#038;feature=oembed\" frameborder=\"0\" allow=\"accelerometer; autoplay; clipboard-write; encrypted-media; gyroscope; picture-in-picture; web-share\" referrerpolicy=\"strict-origin-when-cross-origin\" allowfullscreen><\/iframe>\n<\/div><figcaption class=\"wp-element-caption\"><strong>Vincent Ducrot :<\/strong><em> <\/em>Les CFF : une gouvernance agile et adapt\u00e9e<\/figcaption><\/figure>\n\n\n\n<p><\/p>\n<\/div>\n\n\n\n<div class=\"wp-block-column is-layout-flow wp-block-column-is-layout-flow\">\n<p><\/p>\n<\/div>\n\n\n\n<div class=\"wp-block-column is-layout-flow wp-block-column-is-layout-flow\">\n<p><\/p>\n<\/div>\n<\/div>\n","protected":false},"excerpt":{"rendered":"<p>9\u00e8me Journ\u00e9e &#8211; 8 novembre 2024 Th\u00e9matique Programme<\/p>\n","protected":false},"author":1002377,"featured_media":0,"parent":0,"menu_order":0,"comment_status":"closed","ping_status":"closed","template":"","meta":{"_seopress_robots_primary_cat":"","_seopress_titles_title":"","_seopress_titles_desc":"","_seopress_robots_index":"","footnotes":""},"class_list":["post-1471","page","type-page","status-publish","has-post-thumbnail"],"_links":{"self":[{"href":"https:\/\/wp.unil.ch\/jgep\/wp-json\/wp\/v2\/pages\/1471","targetHints":{"allow":["GET"]}}],"collection":[{"href":"https:\/\/wp.unil.ch\/jgep\/wp-json\/wp\/v2\/pages"}],"about":[{"href":"https:\/\/wp.unil.ch\/jgep\/wp-json\/wp\/v2\/types\/page"}],"author":[{"embeddable":true,"href":"https:\/\/wp.unil.ch\/jgep\/wp-json\/wp\/v2\/users\/1002377"}],"replies":[{"embeddable":true,"href":"https:\/\/wp.unil.ch\/jgep\/wp-json\/wp\/v2\/comments?post=1471"}],"version-history":[{"count":2,"href":"https:\/\/wp.unil.ch\/jgep\/wp-json\/wp\/v2\/pages\/1471\/revisions"}],"predecessor-version":[{"id":1477,"href":"https:\/\/wp.unil.ch\/jgep\/wp-json\/wp\/v2\/pages\/1471\/revisions\/1477"}],"wp:attachment":[{"href":"https:\/\/wp.unil.ch\/jgep\/wp-json\/wp\/v2\/media?parent=1471"}],"curies":[{"name":"wp","href":"https:\/\/api.w.org\/{rel}","templated":true}]}}