{"id":1164,"date":"2023-03-24T11:45:38","date_gmt":"2023-03-24T10:45:38","guid":{"rendered":"https:\/\/wp.unil.ch\/jgep\/?page_id=1164"},"modified":"2023-08-28T11:41:52","modified_gmt":"2023-08-28T09:41:52","slug":"8e-journee","status":"publish","type":"page","link":"https:\/\/wp.unil.ch\/jgep\/8e-journee\/","title":{"rendered":"8e Journ\u00e9e"},"content":{"rendered":"\n<h2 class=\"wp-block-heading has-text-align-center\">8<sup>\u00e8me<\/sup> Journ\u00e9e &#8211; 25 ao\u00fbt 2023<\/h2>\n\n\n\n<div class=\"wp-block-columns alignwide are-vertically-aligned-top is-layout-flex wp-container-core-columns-is-layout-9d6595d7 wp-block-columns-is-layout-flex\">\n<div class=\"wp-block-column is-vertically-aligned-top is-layout-flow wp-block-column-is-layout-flow\">\n<h5 class=\"wp-block-heading has-text-align-center\"><a href=\"https:\/\/wp.unil.ch\/jgep\/8e-journee\/\"><span style=\"text-decoration: underline\">Th\u00e9matique<\/span><\/a><\/h5>\n<\/div>\n\n\n\n<div class=\"wp-block-column is-vertically-aligned-top is-layout-flow wp-block-column-is-layout-flow\">\n<h5 class=\"wp-block-heading has-text-align-center\"><a href=\"https:\/\/wp.unil.ch\/jgep\/8e-journee-programme\/\"><span style=\"text-decoration: underline\">Programme<\/span><\/a><\/h5>\n<\/div>\n<\/div>\n\n\n\n<p class=\"has-text-align-center\"><strong>F\u00e9d\u00e9ralisme et services publics \u00e0 l\u2019aune des crises<\/strong><\/p>\n\n\n\n<p>Les crises actuelles, dans les domaines de la sant\u00e9, l&rsquo;action sociale, l\u2019\u00e9nergie, l&rsquo;environnement ou encore de la migration, mettent en lumi\u00e8re des probl\u00e8mes de gouvernance li\u00e9s \u00e0 la r\u00e9partition des comp\u00e9tences entre la Conf\u00e9d\u00e9ration, les cantons et les communes, et questionnent le syst\u00e8me f\u00e9d\u00e9raliste cher \u00e0 la Suisse.<\/p>\n\n\n\n<p>Le syst\u00e8me de sant\u00e9, et notamment les h\u00f4pitaux, est sous forte tension suite \u00e0 la pand\u00e9mie de COVID et doit faire face au double d\u00e9fi de la croissance des co\u00fbts et du vieillissement de la population. Dans ce contexte, faut-il davantage \u00e9tatiser la sant\u00e9&nbsp;? Comment r\u00e9partir les responsabilit\u00e9s entre les diff\u00e9rents acteurs (Conf\u00e9d\u00e9ration, cantons, assureurs, h\u00f4pitaux) pour r\u00e9pondre au mieux \u00e0 ces d\u00e9fis ?<\/p>\n\n\n\n<p>Le secteur \u00e9nerg\u00e9tique, en particulier la fourniture d\u2019\u00e9lectricit\u00e9 et de gaz, dont les acteurs sont majoritairement en mains des collectivit\u00e9s publiques (cantons et communes), est aussi sous forte pression. Le Conseil f\u00e9d\u00e9ral a pris plusieurs mesures pour pr\u00e9venir d\u2019\u00e9ventuelles p\u00e9nuries, comme la mise \u00e0 disposition de centrales de r\u00e9serve et un m\u00e9canisme de sauvetage destin\u00e9 aux entreprises du secteur de l\u2019\u00e9lectricit\u00e9 d\u2019importance syst\u00e9mique. Doit-il aller plus loin&nbsp;?<\/p>\n\n\n\n<p>Les questions migratoires, sociales et environnementales sont \u00e9galement au c\u0153ur de cette th\u00e9matique. Ces domaines sont complexes dans la mesure o\u00f9 ils ne fonctionnent que s\u2019ils sont \u00e9troitement coupl\u00e9s avec un grand nombre d\u2019autres secteurs et d\u2019autres acteurs supranationaux. La gestion en silo et purement nationale de ces politiques n\u2019est donc plus possible. Quels sont les modes de gouvernance actuels&nbsp;? Quelles le\u00e7ons pouvons-nous tirer dans ces environnements changeants&nbsp;? Comment peut-on rendre la gouvernance plus adapt\u00e9e aux sp\u00e9cificit\u00e9s de ces domaines&nbsp;?<\/p>\n\n\n\n<p>Toutes ces questions sugg\u00e8rent des r\u00e9formes fondamentales de gouvernance\u00a0; elles ont \u00e9t\u00e9 au c\u0153ur des r\u00e9flexions men\u00e9es par les diff\u00e9rent\u00b7e\u00b7s intervenant\u00b7e\u00b7s de cette journ\u00e9e.<\/p>\n\n\n","protected":false},"excerpt":{"rendered":"<p>8\u00e8me Journ\u00e9e &#8211; 25 ao\u00fbt 2023 Th\u00e9matique Programme F\u00e9d\u00e9ralisme et services publics \u00e0 l\u2019aune des crises Les crises actuelles, dans les domaines de la sant\u00e9, l&rsquo;action sociale, l\u2019\u00e9nergie,&hellip;<\/p>\n","protected":false},"author":1002377,"featured_media":0,"parent":0,"menu_order":0,"comment_status":"closed","ping_status":"closed","template":"template-full-width.php","meta":{"_seopress_robots_primary_cat":"","_seopress_titles_title":"","_seopress_titles_desc":"","_seopress_robots_index":"","footnotes":""},"class_list":["post-1164","page","type-page","status-publish","has-post-thumbnail"],"_links":{"self":[{"href":"https:\/\/wp.unil.ch\/jgep\/wp-json\/wp\/v2\/pages\/1164","targetHints":{"allow":["GET"]}}],"collection":[{"href":"https:\/\/wp.unil.ch\/jgep\/wp-json\/wp\/v2\/pages"}],"about":[{"href":"https:\/\/wp.unil.ch\/jgep\/wp-json\/wp\/v2\/types\/page"}],"author":[{"embeddable":true,"href":"https:\/\/wp.unil.ch\/jgep\/wp-json\/wp\/v2\/users\/1002377"}],"replies":[{"embeddable":true,"href":"https:\/\/wp.unil.ch\/jgep\/wp-json\/wp\/v2\/comments?post=1164"}],"version-history":[{"count":0,"href":"https:\/\/wp.unil.ch\/jgep\/wp-json\/wp\/v2\/pages\/1164\/revisions"}],"wp:attachment":[{"href":"https:\/\/wp.unil.ch\/jgep\/wp-json\/wp\/v2\/media?parent=1164"}],"curies":[{"name":"wp","href":"https:\/\/api.w.org\/{rel}","templated":true}]}}