{"id":182,"date":"2019-07-16T16:01:36","date_gmt":"2019-07-16T14:01:36","guid":{"rendered":"http:\/\/wp.unil.ch\/ivif\/?page_id=182"},"modified":"2024-03-12T10:02:55","modified_gmt":"2024-03-12T09:02:55","slug":"people","status":"publish","type":"page","link":"https:\/\/wp.unil.ch\/ivif\/people\/","title":{"rendered":"People"},"content":{"rendered":"\n<div class=\"wp-block-media-text alignwide is-stacked-on-mobile is-vertically-aligned-top\" style=\"grid-template-columns:42% auto\"><figure class=\"wp-block-media-text__media\"><img alt=\"\" loading=\"lazy\" decoding=\"async\" width=\"223\" height=\"315\" src=\"https:\/\/wp.unil.ch\/ivif\/files\/2021\/06\/BENECHET_Alexandre_20210603_896_WEB.jpg\" alt=\"\" class=\"wp-image-837 size-full\" srcset=\"https:\/\/wp.unil.ch\/ivif\/files\/2021\/06\/BENECHET_Alexandre_20210603_896_WEB.jpg 223w, https:\/\/wp.unil.ch\/ivif\/files\/2021\/06\/BENECHET_Alexandre_20210603_896_WEB-212x300.jpg 212w\" sizes=\"auto, (max-width: 223px) 100vw, 223px\" \/><\/figure><div class=\"wp-block-media-text__content\">\n<p style=\"font-size:18px\"><strong>Alexandre B\u00e9n\u00e9chet, PhD<\/strong><br><strong>Facility Director <\/strong><br><em>Intravital Microscopy<\/em>; Optical imaging; Immunology<\/p>\n\n\n\n<p class=\"has-normal-font-size\">Dr. Alexandre B\u00e9n\u00e9chet obtained a MSc at Pasteur Institute Paris in 2010 and a PhD in Immunology at the University of Connecticut USA in 2014. He trained as a Post-doc in the Matteo Iannacone&#8217;s lab at San Raffaele in Milan. After more than ten years in Immunology and developping intravital imaging he started the In Vivo Imaging Facility for the UNIL\/CHUV community in 2018.<br><br><a href=\"https:\/\/www.linkedin.com\/in\/alexandre-b%C3%A9n%C3%A9chet-46109b7a\/\">LinkedIn<\/a> &#8211; <a href=\"https:\/\/pubmed.ncbi.nlm.nih.gov\/?term=alexandre+benechet&amp;sort=date\">Publications<\/a><br><a href=\"mailto:alexandre.benechet@chuv.ch\">alexandre.benechet@chuv.ch<\/a><br>+41 79 556 3771<\/p>\n<\/div><\/div>\n\n\n\n<div class=\"wp-block-media-text alignwide is-stacked-on-mobile is-vertically-aligned-top\" style=\"grid-template-columns:43% auto\"><figure class=\"wp-block-media-text__media\"><img alt=\"\" loading=\"lazy\" decoding=\"async\" width=\"92\" height=\"122\" src=\"https:\/\/wp.unil.ch\/ivif\/files\/2024\/03\/giulia.jpg\" alt=\"\" class=\"wp-image-958 size-full\" \/><\/figure><div class=\"wp-block-media-text__content\">\n<p style=\"font-size:18px\"><strong>Giulia Di Domenicantonio, PhD<\/strong><br><strong>Research Associate<\/strong><br><em> <\/em>MRI\/microCT\/Radiotherapy<\/p>\n\n\n\n<p>Dr. Giulia Di Domenicantonio obtained a PhD in Physics at the EPFL. From 2014 to 2018 she trained as a Medical Physicist at Geneva University Hospital under the supervision of prof. Habib Zaidi. She joined the IVIF in 2022 after almost ten years of research in medical imaging at the CHUV. Her expertise covers mainly MRI, microCT and both global and focalized irradiators.<br><br><a href=\"https:\/\/www.linkedin.com\/in\/giulia-di-domenicantonio-a6859035\/\">LinkedIn<\/a> &#8211; <a href=\"https:\/\/orcid.org\/0000-0002-6745-2373\">Publications<\/a><br><a href=\"mailto:david.viertl@chuv.ch\">Giulia.di-domenicantonio@chuv.ch<\/a><br>+41 79 556 9986<\/p>\n<\/div><\/div>\n\n\n\n<div class=\"wp-block-media-text alignwide is-stacked-on-mobile is-vertically-aligned-top\" style=\"grid-template-columns:43% auto\"><figure class=\"wp-block-media-text__media\"><img alt=\"\" loading=\"lazy\" decoding=\"async\" width=\"600\" height=\"800\" src=\"https:\/\/wp.unil.ch\/ivif\/files\/2020\/12\/TRS_DViertl.jpg\" alt=\"\" class=\"wp-image-731 size-full\" srcset=\"https:\/\/wp.unil.ch\/ivif\/files\/2020\/12\/TRS_DViertl.jpg 600w, https:\/\/wp.unil.ch\/ivif\/files\/2020\/12\/TRS_DViertl-225x300.jpg 225w\" sizes=\"auto, (max-width: 600px) 100vw, 600px\" \/><\/figure><div class=\"wp-block-media-text__content\">\n<p style=\"font-size:18px\"><strong>David Viertl, PhD<\/strong><br><strong>Research Associate<\/strong><br><em> PET\/SPECT\/CT<\/em><\/p>\n\n\n\n<p>Dr. David Viertl obtained his PhD in Nuclear Medicine in 2010 and obtained his certificate of advance studies in Radiopharmaceutical Chemistry &amp; Radiopharmacy in 2018. He has more than ten years of experience in anticancer drug development from preclinical research to clinical trial in nuclear medicine and radiation oncology at the CHUV. Since 2015, he is managing the microPET\/SPECT\/CT imaging facility of the nuclear medicine department, In 2020, the laboratory associated with IVIF.<br><br><a href=\"https:\/\/www.linkedin.com\/in\/david-viertl-76b95336\/?originalSubdomain=ch\">LinkedIn<\/a> &#8211; <a href=\"https:\/\/pubmed.ncbi.nlm.nih.gov\/?term=VIERTL+D&amp;sort=date\">Publications<\/a><br><a href=\"mailto:david.viertl@chuv.ch\">david.viertl@chuv.ch<\/a><br>+41 79 556 4521<\/p>\n<\/div><\/div>\n","protected":false},"excerpt":{"rendered":"<p>Alexandre B\u00e9n\u00e9chet, PhDFacility Director Intravital Microscopy; Optical imaging; Immunology Dr. Alexandre B\u00e9n\u00e9chet obtained a MSc at Pasteur Institute Paris in 2010 and a PhD in Immunology at the University of Connecticut USA in 2014. He trained as a Post-doc in the Matteo Iannacone&#8217;s lab at San Raffaele in Milan. After more than ten years in &hellip; <\/p>\n<p class=\"link-more\"><a href=\"https:\/\/wp.unil.ch\/ivif\/people\/\" class=\"more-link\">Continue reading<span class=\"screen-reader-text\"> &#8220;People&#8221;<\/span><\/a><\/p>\n","protected":false},"author":1001959,"featured_media":0,"parent":0,"menu_order":0,"comment_status":"closed","ping_status":"closed","template":"","meta":{"_seopress_robots_primary_cat":"","_seopress_titles_title":"","_seopress_titles_desc":"","_seopress_robots_index":"","footnotes":""},"class_list":["post-182","page","type-page","status-publish"],"_links":{"self":[{"href":"https:\/\/wp.unil.ch\/ivif\/wp-json\/wp\/v2\/pages\/182","targetHints":{"allow":["GET"]}}],"collection":[{"href":"https:\/\/wp.unil.ch\/ivif\/wp-json\/wp\/v2\/pages"}],"about":[{"href":"https:\/\/wp.unil.ch\/ivif\/wp-json\/wp\/v2\/types\/page"}],"author":[{"embeddable":true,"href":"https:\/\/wp.unil.ch\/ivif\/wp-json\/wp\/v2\/users\/1001959"}],"replies":[{"embeddable":true,"href":"https:\/\/wp.unil.ch\/ivif\/wp-json\/wp\/v2\/comments?post=182"}],"version-history":[{"count":3,"href":"https:\/\/wp.unil.ch\/ivif\/wp-json\/wp\/v2\/pages\/182\/revisions"}],"predecessor-version":[{"id":960,"href":"https:\/\/wp.unil.ch\/ivif\/wp-json\/wp\/v2\/pages\/182\/revisions\/960"}],"wp:attachment":[{"href":"https:\/\/wp.unil.ch\/ivif\/wp-json\/wp\/v2\/media?parent=182"}],"curies":[{"name":"wp","href":"https:\/\/api.w.org\/{rel}","templated":true}]}}