{"id":247,"date":"2023-11-21T15:27:19","date_gmt":"2023-11-21T14:27:19","guid":{"rendered":"https:\/\/wp.unil.ch\/iris\/?page_id=247"},"modified":"2024-03-18T10:00:11","modified_gmt":"2024-03-18T09:00:11","slug":"programme-iris","status":"publish","type":"page","link":"https:\/\/wp.unil.ch\/iris\/programme-iris\/","title":{"rendered":"Programme IRIS"},"content":{"rendered":"\n<div class=\"wp-block-columns is-layout-flex wp-container-core-columns-is-layout-9d6595d7 wp-block-columns-is-layout-flex\">\n<div class=\"wp-block-column is-layout-flow wp-block-column-is-layout-flow\" style=\"flex-basis:33.33%\"><div class=\"wp-block-image is-style-rounded\">\n<figure class=\"aligncenter size-full is-resized\"><img alt=\"\" loading=\"lazy\" decoding=\"async\" width=\"1024\" height=\"1024\" src=\"https:\/\/wp.unil.ch\/iris\/files\/2023\/12\/ebcc0c8b-60c0-4d1e-a9d4-c5805891bdd3.jpg\" alt=\"\" class=\"wp-image-374\" style=\"width:200px\" srcset=\"https:\/\/wp.unil.ch\/iris\/files\/2023\/12\/ebcc0c8b-60c0-4d1e-a9d4-c5805891bdd3.jpg 1024w, https:\/\/wp.unil.ch\/iris\/files\/2023\/12\/ebcc0c8b-60c0-4d1e-a9d4-c5805891bdd3-300x300.jpg 300w, https:\/\/wp.unil.ch\/iris\/files\/2023\/12\/ebcc0c8b-60c0-4d1e-a9d4-c5805891bdd3-150x150.jpg 150w, https:\/\/wp.unil.ch\/iris\/files\/2023\/12\/ebcc0c8b-60c0-4d1e-a9d4-c5805891bdd3-768x768.jpg 768w, https:\/\/wp.unil.ch\/iris\/files\/2023\/12\/ebcc0c8b-60c0-4d1e-a9d4-c5805891bdd3-540x540.jpg 540w\" sizes=\"auto, (max-width: 1024px) 100vw, 1024px\" \/><\/figure>\n<\/div><\/div>\n\n\n\n<div class=\"wp-block-column is-layout-flow wp-block-column-is-layout-flow\" style=\"flex-basis:66.66%\">\n<p>Dans le cadre de l&rsquo;\u00e9volution constante du paysage de la recherche, l&rsquo;Universit\u00e9 de Lausanne s&rsquo;engage dans le d\u00e9veloppement d&rsquo;un nouveau syst\u00e8me d&rsquo;information, <strong>IRIS<\/strong>, visant \u00e0 moderniser et \u00e0 optimiser la gestion de l&rsquo;information li\u00e9e \u00e0 la recherche au sein de l&rsquo;institution.<\/p>\n\n\n\n<p>Le programme a \u00e9t\u00e9 lanc\u00e9 en raison du besoin de modernisation de Serval, qui est consid\u00e9r\u00e9e critique car l&rsquo;absence d&rsquo;\u00e9volution de son \u00e9diteur entra\u00eene des risques \u00e9lev\u00e9s pour son bon fonctionnement, compromettant ainsi sa capacit\u00e9 \u00e0 soutenir la recherche \u00e0 l&rsquo;UNIL et \u00e0 r\u00e9pondre aux exigences d&rsquo;<a href=\"https:\/\/www.unil.ch\/openscience\/home\/menuinst\/open-access\/open-access-a-lunil.html\">Open Access<\/a>.<\/p>\n\n\n\n<p>IRIS, bas\u00e9 sur le logiciel DSpace-CRIS, offre des fonctionnalit\u00e9s pour int\u00e9grer de mani\u00e8re coh\u00e9rente les profils, les publications, les appels\/projets\/fonds de recherche ainsi que les produits de recherche vari\u00e9s des chercheur\u00b7e\u00b7s de l\u2019UNIL.<\/p>\n<\/div>\n<\/div>\n\n\n\n<div class=\"wp-block-group alignfull has-light-background-background-color has-background\"><div class=\"wp-block-group__inner-container is-layout-constrained wp-block-group-is-layout-constrained\">\n<div class=\"wp-block-columns is-layout-flex wp-container-core-columns-is-layout-9d6595d7 wp-block-columns-is-layout-flex\">\n<div class=\"wp-block-column is-layout-flow wp-block-column-is-layout-flow\" style=\"flex-basis:25%\"><\/div>\n\n\n\n<div class=\"wp-block-column is-layout-flow wp-block-column-is-layout-flow\" style=\"flex-basis:50%\">\n<h2 class=\"wp-block-heading has-accent-color has-text-color has-link-color wp-elements-d9870cd792748baaf06df638f3bc2758\">\u00c7a change quoi pour vous?<\/h2>\n\n\n\n<p>La panorama de la gestion de l&rsquo;information li\u00e9e \u00e0 la recherche entamera un processus graduel de transformation ces prochaines ann\u00e9es.<\/p>\n\n\n\n<p>Si vous \u00eates chercheur\u00b7e, administrateur\u00b7rice ou vous faites partie du personnel de soutien \u00e0 la recherche (tant termes d&rsquo;aide \u00e0 la saisie et de gestion de la recherche), vous serez plus ou moins affect\u00e9. La mise en production et l&rsquo;arriv\u00e9e des diff\u00e9rents modules et fonctionnalit\u00e9s sera cependant progressive \u00e0 partir de 2024.<\/p>\n\n\n\n<p>Un plan de gestion de changement a \u00e9t\u00e9 mis sur pied afin de pr\u00e9parer ce changement et mettre \u00e0 disposition les ressources n\u00e9cessaires pour les chercheur\u00b7e\u00b7s, les facult\u00e9s et la Direction et ses services centraux.<\/p>\n\n\n\n<p>Voici quelques exemples de ce que vous pouvez vous attendre ces prochaines ann\u00e9es:<\/p>\n\n\n\n<ul class=\"wp-block-list\">\n<li>Mise en production \u00e9chelonn\u00e9e afin de permettre le d\u00e9commissionnement de Serval (socle technologique v\u00e9tuste) et l\u2019ajout des nouvelles entit\u00e9s<\/li>\n\n\n\n<li>Guichet unique permettant de g\u00e9rer toutes ses donn\u00e9es li\u00e9es \u00e0 la recherche (profil, publications, projets, financements) au m\u00eame endroit<\/li>\n\n\n\n<li>Guichet unique permettant de consulter toutes les donn\u00e9es li\u00e9es \u00e0 la recherche de l\u2019UNIL d\u2019une fa\u00e7on contextuelle<\/li>\n\n\n\n<li>Nouvelle interface unique diff\u00e9rente de Serval et Unisciences selon les standards actuels (m\u00eame interface pour tous les \u00e9l\u00e9ments du syst\u00e8me d&rsquo;information)<\/li>\n\n\n\n<li>Int\u00e9gration avec Compasciences, un un outil de mise en relation s\u00e9mantique des savoirs, des expert\u00b7e\u00b7s et des th\u00e9matiques<\/li>\n\n\n\n<li>Int\u00e9gration avec votre profil ORCID pour une gestion unique de votre profil chercheur\u00b7e<\/li>\n<\/ul>\n\n\n\n<h4 class=\"wp-block-heading has-accent-color has-text-color has-link-color wp-elements-55736823fc9ae2616fcfa81e35d01080\">Ce qui ne changera pas<\/h4>\n\n\n\n<ul class=\"wp-block-list\">\n<li>Une visibilit\u00e9 accrue de vos informations li\u00e9es \u00e0 la recherche<\/li>\n\n\n\n<li>Une gestion centrale soucieuse des besoins m\u00e9tier<\/li>\n\n\n\n<li>Un support de proximit\u00e9 attentif \u00e0 vos demandes<\/li>\n<\/ul>\n<\/div>\n\n\n\n<div class=\"wp-block-column is-layout-flow wp-block-column-is-layout-flow\" style=\"flex-basis:25%\"><\/div>\n<\/div>\n<\/div><\/div>\n\n\n\n<h2 class=\"wp-block-heading has-accent-color has-text-color has-link-color wp-elements-af906dd1cb3f55c3f583cb79e691f5df\">Feuille de route du programme<\/h2>\n\n\n\n<p>Le premier projet du programme IRIS, Serval X, consiste \u00e0 migrer notre d\u00e9p\u00f4t institutionnel dans IRIS. <\/p>\n\n\n\n<p>Or, les possibilit\u00e9s d&rsquo;IRIS sont nombreuses ! En effet, il est possible d&rsquo;int\u00e9grer un bon nombre d&rsquo;\u00e9l\u00e9ments li\u00e9s \u00e0 la recherche et de les contextualiser, offrant ainsi une vue diverse, globale et int\u00e9gr\u00e9e des activit\u00e9s de recherche \u00e0 l&rsquo;UNIL.<\/p>\n\n\n\n<p>Par la suite, le programme IRIS explorera le p\u00e9rim\u00e8tre d&rsquo;Unisciences, afin de valoriser les profils de nos chercheuses et chercheurs. <\/p>\n\n\n\n<p>Enfin, le programme IRIS se penchera parall\u00e8lement sur les questions de financements externes, d&rsquo;ouverture de fonds, mais aussi sur la collecte des m\u00e9tadonn\u00e9es des donn\u00e9es et d&rsquo;autres produits de la recherche. <\/p>\n\n\n\n<figure class=\"wp-block-image size-large\"><img alt=\"\" loading=\"lazy\" decoding=\"async\" width=\"1024\" height=\"576\" src=\"https:\/\/wp.unil.ch\/iris\/files\/2024\/03\/Timelines-IRIS-2-1024x576.png\" alt=\"\" class=\"wp-image-597\" srcset=\"https:\/\/wp.unil.ch\/iris\/files\/2024\/03\/Timelines-IRIS-2-1024x576.png 1024w, https:\/\/wp.unil.ch\/iris\/files\/2024\/03\/Timelines-IRIS-2-300x169.png 300w, https:\/\/wp.unil.ch\/iris\/files\/2024\/03\/Timelines-IRIS-2-768x432.png 768w, https:\/\/wp.unil.ch\/iris\/files\/2024\/03\/Timelines-IRIS-2-1536x864.png 1536w, https:\/\/wp.unil.ch\/iris\/files\/2024\/03\/Timelines-IRIS-2-18x10.png 18w, https:\/\/wp.unil.ch\/iris\/files\/2024\/03\/Timelines-IRIS-2-540x304.png 540w, https:\/\/wp.unil.ch\/iris\/files\/2024\/03\/Timelines-IRIS-2-1080x608.png 1080w, https:\/\/wp.unil.ch\/iris\/files\/2024\/03\/Timelines-IRIS-2-1320x743.png 1320w, https:\/\/wp.unil.ch\/iris\/files\/2024\/03\/Timelines-IRIS-2.png 1920w\" sizes=\"auto, (max-width: 1024px) 100vw, 1024px\" \/><\/figure>\n\n\n\n<h6 class=\"wp-block-heading has-text-align-right\"><em>Cette version de la feuille de route du Programme IRIS a \u00e9t\u00e9 valid\u00e9e en mai 2023. Elle est revue et mise \u00e0 jour p\u00e9riodiquement.<\/em><\/h6>\n\n\n\n<h2 class=\"wp-block-heading has-accent-color has-text-color has-link-color wp-elements-4d58df9fa2df8f4faa48922657590882\">Un processus de co-construction<\/h2>\n\n\n\n<p>L&rsquo;\u00e9quipe de chaque projet prend les d\u00e9cisions n\u00e9cessaires pour faire avancer les diff\u00e9rents projets. C&rsquo;est la raison pour laquelle il y a toujours un\u00b7e r\u00e9f\u00e9rent\u00b7e m\u00e9tier, qui veille \u00e0 concilier et respecter les besoins m\u00e9tier avec les contraintes techniques.<\/p>\n\n\n\n<p>Ceci implique aussi la consultation, l&rsquo;\u00e9coute et l&rsquo;int\u00e9gration de l&rsquo;avis des repr\u00e9sentant\u00b7e\u00b7s facultaires composant la commission consultative IRIS, CCIRIS, qui se r\u00e9unit tous les deux mois pour faire part de l&rsquo;avancement du programme, ainsi que pour partager leurs avis et trouver des compromis quant aux d\u00e9veloppement d&rsquo;IRIS. <\/p>\n\n\n\n<p>Les membres de la CCIRIS, dont un\u00b7e chercheur\u00b7e et un membre du personnel de soutien \u00e0 la recherche par facult\u00e9, aident donc \u00e0 la prise de d\u00e9cisions strat\u00e9giques mais agissent \u00e9galement en tant que lien et ambassadeur\u00b7drice\u00b7s au sein des facult\u00e9s.<\/p>\n\n\n\n<p>Le travail pr\u00e9cieux de la CCIRIS constitue la base d&rsquo;un processus consultatif de co-construction des outils de gestion d&rsquo;information de la recherche de demain.<\/p>\n\n\n\n<h2 class=\"wp-block-heading has-accent-color has-text-color has-link-color wp-elements-f901a2599b5b419a45c2ebbbc56e724d\">Les projets du programme IRIS<\/h2>\n\n\n\n<p>Pour savoir plus des projets composant le programme IRIS, visitez les pages ci-dessous<\/p>\n\n\n\n<div class=\"wp-block-columns is-layout-flex wp-container-core-columns-is-layout-9d6595d7 wp-block-columns-is-layout-flex\">\n<div class=\"wp-block-column is-layout-flow wp-block-column-is-layout-flow\">\n<div class=\"wp-block-group has-border-background-color has-background\"><div class=\"wp-block-group__inner-container is-layout-constrained wp-block-group-is-layout-constrained\">\n<h3 class=\"wp-block-heading has-normal-font-size\">Projet Serval X<\/h3>\n\n\n\n<p>Serval X est le premier projet du Programme IRIS. Son but est la migration des publications de l&rsquo;UNIL dans le nouveau syst\u00e8me d&rsquo;information.<\/p>\n\n\n\n<div class=\"wp-block-buttons is-layout-flex wp-block-buttons-is-layout-flex\">\n<div class=\"wp-block-button has-custom-width wp-block-button__width-100 is-style-fill\"><a class=\"wp-block-button__link has-accent-background-color has-background wp-element-button\" href=\"https:\/\/wp.unil.ch\/iris\/programme-iris\/\">En apprendre plus<\/a><\/div>\n<\/div>\n<\/div><\/div>\n<\/div>\n\n\n\n<div class=\"wp-block-column is-layout-flow wp-block-column-is-layout-flow\">\n<div class=\"wp-block-group has-border-background-color has-background\"><div class=\"wp-block-group__inner-container is-layout-constrained wp-block-group-is-layout-constrained\">\n<h3 class=\"wp-block-heading has-normal-font-size\">Projet Enrichissement des profils chercheur.e<\/h3>\n\n\n\n<p>Ce projet d&rsquo;\u00e9tude vise \u00e0 int\u00e9grer les profils chercheur\u00b7e dans IRIS. Il \u00e9tudie notamment les dimensions \u00e0 ajouter et leur articulation avec les donn\u00e9es provenant d&rsquo;Unisciences.<\/p>\n\n\n\n<div class=\"wp-block-buttons is-layout-flex wp-block-buttons-is-layout-flex\">\n<div class=\"wp-block-button has-custom-width wp-block-button__width-100\"><a class=\"wp-block-button__link has-accent-background-color has-background wp-element-button\" href=\"https:\/\/wp.unil.ch\/iris\/projet-enrichissement-des-profils-chercheur%c2%b7e\/\">En apprendre plus<\/a><\/div>\n<\/div>\n<\/div><\/div>\n<\/div>\n\n\n\n<div class=\"wp-block-column is-layout-flow wp-block-column-is-layout-flow\">\n<div class=\"wp-block-group has-border-background-color has-background\"><div class=\"wp-block-group__inner-container is-layout-constrained wp-block-group-is-layout-constrained\">\n<h3 class=\"wp-block-heading has-normal-font-size\">Projet Projets, Appels et Financements de la recherche<\/h3>\n\n\n\n<p>Ce projet d&rsquo;\u00e9tude vise \u00e0 int\u00e9grer dans IRIS les appels \u00e0 projet, ainsi que les projets et financements de recherche de l&rsquo;UNIL.<\/p>\n\n\n\n<div class=\"wp-block-buttons is-layout-flex wp-block-buttons-is-layout-flex\">\n<div class=\"wp-block-button has-custom-width wp-block-button__width-100\"><a class=\"wp-block-button__link has-accent-background-color has-background wp-element-button\" href=\"https:\/\/wp.unil.ch\/iris\/projet-projets-appels-et-financements-de-la-recherche\/\">En apprendre plus<\/a><\/div>\n<\/div>\n<\/div><\/div>\n<\/div>\n<\/div>\n","protected":false},"excerpt":{"rendered":"<p>Dans le cadre de l&rsquo;\u00e9volution constante du paysage de la recherche, l&rsquo;Universit\u00e9 de Lausanne s&rsquo;engage dans le d\u00e9veloppement d&rsquo;un nouveau syst\u00e8me d&rsquo;information, IRIS, visant \u00e0 moderniser et \u00e0&hellip;<\/p>\n","protected":false},"author":1001644,"featured_media":0,"parent":0,"menu_order":0,"comment_status":"closed","ping_status":"closed","template":"template-full-width.php","meta":{"_seopress_robots_primary_cat":"","_seopress_titles_title":"","_seopress_titles_desc":"","_seopress_robots_index":"","footnotes":""},"class_list":["post-247","page","type-page","status-publish","has-post-thumbnail"],"_links":{"self":[{"href":"https:\/\/wp.unil.ch\/iris\/wp-json\/wp\/v2\/pages\/247","targetHints":{"allow":["GET"]}}],"collection":[{"href":"https:\/\/wp.unil.ch\/iris\/wp-json\/wp\/v2\/pages"}],"about":[{"href":"https:\/\/wp.unil.ch\/iris\/wp-json\/wp\/v2\/types\/page"}],"author":[{"embeddable":true,"href":"https:\/\/wp.unil.ch\/iris\/wp-json\/wp\/v2\/users\/1001644"}],"replies":[{"embeddable":true,"href":"https:\/\/wp.unil.ch\/iris\/wp-json\/wp\/v2\/comments?post=247"}],"version-history":[{"count":5,"href":"https:\/\/wp.unil.ch\/iris\/wp-json\/wp\/v2\/pages\/247\/revisions"}],"predecessor-version":[{"id":598,"href":"https:\/\/wp.unil.ch\/iris\/wp-json\/wp\/v2\/pages\/247\/revisions\/598"}],"wp:attachment":[{"href":"https:\/\/wp.unil.ch\/iris\/wp-json\/wp\/v2\/media?parent=247"}],"curies":[{"name":"wp","href":"https:\/\/api.w.org\/{rel}","templated":true}]}}