{"id":6,"date":"2019-11-28T16:00:19","date_gmt":"2019-11-28T15:00:19","guid":{"rendered":"http:\/\/wp.unil.ch\/modele\/?page_id=6"},"modified":"2024-09-17T17:49:59","modified_gmt":"2024-09-17T15:49:59","slug":"home","status":"publish","type":"page","link":"https:\/\/wp.unil.ch\/ipadom\/","title":{"rendered":"Accueil"},"content":{"rendered":"\n<h2 class=\"wp-block-heading\">Bienvenue sur le site d\u00e9di\u00e9 \u00e0 la pratique infirmi\u00e8re avanc\u00e9e \u00e0 domicile!&nbsp;<\/h2>\n\n\n\n<p>Introduite en Suisse depuis 2009, la pratique infirmi\u00e8re avanc\u00e9e se d\u00e9veloppe pour faire face aux nombreux d\u00e9fis du syst\u00e8me de sant\u00e9. La complexit\u00e9 croissante des prises en soins des patients, le manque de personnel soignant et l\u2019augmentation globale des co\u00fbts de la sant\u00e9 n\u00e9cessitent aujourd\u2019hui des solutions innovantes pour r\u00e9pondre aux besoins en sant\u00e9, tout en optimisant la s\u00e9curit\u00e9 des patients et la qualit\u00e9 des soins.<\/p>\n\n\n\n<p>Fort de ce constat, l\u2019<a href=\"https:\/\/www.cms-vaud.ch\/avasad\/\" data-type=\"link\" data-id=\"https:\/\/www.cms-vaud.ch\/avasad\/\">Association vaudoise d\u2019aide et de soins \u00e0 domicile<\/a> (AVASAD), l\u2019<a href=\"https:\/\/www.imad-ge.ch\/\" data-type=\"link\" data-id=\"https:\/\/www.imad-ge.ch\/\">Institution genevoise de maintien \u00e0 domicile<\/a> (IMAD) et l\u2019<a href=\"https:\/\/www.unil.ch\/sciences-infirmieres\/fr\/home.html\">Institut universitaire de formation et de recherche en soins de l\u2019UNIL-CHUV<\/a> (IUFRS) se sont associ\u00e9s pour int\u00e9grer la pratique infirmi\u00e8re avanc\u00e9e dans les soins \u00e0 domicile sur sol romand. Ce partenariat tripartite, in\u00e9dit en Suisse, a l\u2019objectif de d\u00e9velopper et implanter un nouveau mod\u00e8le de soins \u00e0 domicile qui r\u00e9pond aux enjeux de sant\u00e9 publique.<\/p>\n\n\n\n<p>Ce projet est soutenu par la <a href=\"https:\/\/www.leenaards.ch\/\" data-type=\"link\" data-id=\"https:\/\/www.leenaards.ch\/\">Fondation Leenaards<\/a> qui y voit une opportunit\u00e9 d\u2019am\u00e9liorer la qualit\u00e9 et la continuit\u00e9 des soins envers la population.<\/p>\n\n\n\n<div class=\"wp-block-columns is-layout-flex wp-container-core-columns-is-layout-9d6595d7 wp-block-columns-is-layout-flex\">\n<div class=\"wp-block-column is-layout-flow wp-block-column-is-layout-flow\"><\/div>\n\n\n\n<div class=\"wp-block-column is-layout-flow wp-block-column-is-layout-flow\"><div class=\"wp-block-image\">\n<figure class=\"aligncenter size-full is-resized\"><a href=\"https:\/\/wp.unil.ch\/ipadom\/a-propos\/\"><img alt=\"\" loading=\"lazy\" decoding=\"async\" width=\"228\" height=\"134\" src=\"https:\/\/wp.unil.ch\/ipadom\/files\/2024\/07\/Fichier-19.png\" alt=\"\" class=\"wp-image-424\" style=\"width:148px\" \/><\/a><\/figure>\n<\/div><\/div>\n\n\n\n<div class=\"wp-block-column is-layout-flow wp-block-column-is-layout-flow\"><div class=\"wp-block-image\">\n<figure class=\"aligncenter size-full is-resized\"><a href=\"https:\/\/wp.unil.ch\/ipadom\/la-pratique-infirmiere-avancee\/\"><img alt=\"\" loading=\"lazy\" decoding=\"async\" width=\"228\" height=\"133\" src=\"https:\/\/wp.unil.ch\/ipadom\/files\/2024\/07\/Fichier-20.png\" alt=\"\" class=\"wp-image-425\" style=\"width:148px\" \/><\/a><\/figure>\n<\/div><\/div>\n\n\n\n<div class=\"wp-block-column is-layout-flow wp-block-column-is-layout-flow\"><div class=\"wp-block-image\">\n<figure class=\"aligncenter size-full is-resized\"><a href=\"https:\/\/wp.unil.ch\/ipadom\/actualites\/\"><img alt=\"\" loading=\"lazy\" decoding=\"async\" width=\"227\" height=\"133\" src=\"https:\/\/wp.unil.ch\/ipadom\/files\/2024\/07\/Fichier-21.png\" alt=\"\" class=\"wp-image-426\" style=\"width:148px\" \/><\/a><\/figure>\n<\/div><\/div>\n\n\n\n<div class=\"wp-block-column is-layout-flow wp-block-column-is-layout-flow\"><\/div>\n<\/div>\n","protected":false},"excerpt":{"rendered":"<p>Bienvenue sur le site d\u00e9di\u00e9 \u00e0 la pratique infirmi\u00e8re avanc\u00e9e \u00e0 domicile!&nbsp; Introduite en Suisse depuis 2009, la pratique infirmi\u00e8re avanc\u00e9e se d\u00e9veloppe pour faire face aux nombreux&hellip;<\/p>\n","protected":false},"author":108,"featured_media":526,"parent":0,"menu_order":0,"comment_status":"closed","ping_status":"closed","template":"template-full-width-cover.php","meta":{"_seopress_robots_primary_cat":"","_seopress_titles_title":"","_seopress_titles_desc":"","_seopress_robots_index":"","footnotes":""},"class_list":["post-6","page","type-page","status-publish","has-post-thumbnail"],"_links":{"self":[{"href":"https:\/\/wp.unil.ch\/ipadom\/wp-json\/wp\/v2\/pages\/6","targetHints":{"allow":["GET"]}}],"collection":[{"href":"https:\/\/wp.unil.ch\/ipadom\/wp-json\/wp\/v2\/pages"}],"about":[{"href":"https:\/\/wp.unil.ch\/ipadom\/wp-json\/wp\/v2\/types\/page"}],"author":[{"embeddable":true,"href":"https:\/\/wp.unil.ch\/ipadom\/wp-json\/wp\/v2\/users\/108"}],"replies":[{"embeddable":true,"href":"https:\/\/wp.unil.ch\/ipadom\/wp-json\/wp\/v2\/comments?post=6"}],"version-history":[{"count":5,"href":"https:\/\/wp.unil.ch\/ipadom\/wp-json\/wp\/v2\/pages\/6\/revisions"}],"predecessor-version":[{"id":507,"href":"https:\/\/wp.unil.ch\/ipadom\/wp-json\/wp\/v2\/pages\/6\/revisions\/507"}],"wp:featuredmedia":[{"embeddable":true,"href":"https:\/\/wp.unil.ch\/ipadom\/wp-json\/wp\/v2\/media\/526"}],"wp:attachment":[{"href":"https:\/\/wp.unil.ch\/ipadom\/wp-json\/wp\/v2\/media?parent=6"}],"curies":[{"name":"wp","href":"https:\/\/api.w.org\/{rel}","templated":true}]}}