{"id":389,"date":"2024-07-25T12:27:21","date_gmt":"2024-07-25T10:27:21","guid":{"rendered":"https:\/\/wp.unil.ch\/ipadom\/?page_id=389"},"modified":"2024-09-17T17:50:15","modified_gmt":"2024-09-17T15:50:15","slug":"la-pratique-infirmiere-avancee","status":"publish","type":"page","link":"https:\/\/wp.unil.ch\/ipadom\/la-pratique-infirmiere-avancee\/","title":{"rendered":"La pratique infirmi\u00e8re avanc\u00e9e"},"content":{"rendered":"\n<p>Les infirmiers et infirmi\u00e8res de pratique avanc\u00e9e (IPA) sont des professionnel\u2e31les des soins infirmiers qui ont acquis une expertise pour une pratique infirmi\u00e8re \u00e9tendue dans&nbsp;le cadre d\u2019un cursus universitaire en sciences infirmi\u00e8res de niveau master. Les IPA sont en mesure d&rsquo;assumer des r\u00f4les plus approfondis dans une grande vari\u00e9t\u00e9 de contextes, de mani\u00e8re autonome, au sein d&rsquo;\u00e9quipes interprofessionnelles.<\/p>\n\n\n\n<p>La pratique infirmi\u00e8re avanc\u00e9e comprend deux r\u00f4les distincts: l\u2019infirmier\u2e31\u00e8re clinicien\u2e31ne sp\u00e9cialis\u00e9\u2e31e (ICLS)&nbsp;et l\u2019infirmier\u2e31\u00e8re praticien\u2e31ne sp\u00e9cialis\u00e9\u2e31e (IPS).<\/p>\n\n\n<div class=\"wp-block-image\">\n<figure class=\"aligncenter size-full is-resized\"><img alt=\"\" loading=\"lazy\" decoding=\"async\" width=\"1535\" height=\"859\" src=\"https:\/\/wp.unil.ch\/ipadom\/files\/2024\/08\/schema-IUFRS-0100-bleu_JB-1-01.png\" alt=\"\" class=\"wp-image-459\" style=\"width:591px;height:auto\" srcset=\"https:\/\/wp.unil.ch\/ipadom\/files\/2024\/08\/schema-IUFRS-0100-bleu_JB-1-01.png 1535w, https:\/\/wp.unil.ch\/ipadom\/files\/2024\/08\/schema-IUFRS-0100-bleu_JB-1-01-300x168.png 300w, https:\/\/wp.unil.ch\/ipadom\/files\/2024\/08\/schema-IUFRS-0100-bleu_JB-1-01-1024x573.png 1024w, https:\/\/wp.unil.ch\/ipadom\/files\/2024\/08\/schema-IUFRS-0100-bleu_JB-1-01-768x430.png 768w, https:\/\/wp.unil.ch\/ipadom\/files\/2024\/08\/schema-IUFRS-0100-bleu_JB-1-01-540x302.png 540w, https:\/\/wp.unil.ch\/ipadom\/files\/2024\/08\/schema-IUFRS-0100-bleu_JB-1-01-1080x604.png 1080w\" sizes=\"auto, (max-width: 1535px) 100vw, 1535px\" \/><\/figure>\n<\/div>\n\n\n<h4 class=\"wp-block-heading\">L&rsquo;infirmier\u2e31\u00e8re clinicien\u2e31ne sp\u00e9cialis\u00e9\u2e31e (ICLS)<\/h4>\n\n\n\n<p>Les ICLS sont \u00e0 la fois expert\u2e31e\u2e31s cliniques et agents de changement au sein des \u00e9quipes et du syst\u00e8me de sant\u00e9. Ils et elles interviennent directement aupr\u00e8s des patient\u2e31e\u2e31s et de leurs proches, en particulier lors de situations de soins complexes. Ils et elles assurent \u00e9galement la qualit\u00e9 et la s\u00e9curit\u00e9 des soins via des interventions bas\u00e9es sur la recherche et les \u00e9vidences scientifiques, et disposent des comp\u00e9tences pour impl\u00e9menter le changement dans le syst\u00e8me de sant\u00e9. Les ICLS ont un <a href=\"https:\/\/www.unil.ch\/sciences-infirmieres\/home\/menuinst\/ecole\/master-icls-mscsi.html\" data-type=\"link\" data-id=\"https:\/\/www.unil.ch\/sciences-infirmieres\/home\/menuinst\/ecole\/master-icls-mscsi.html\" target=\"_blank\" rel=\"noreferrer noopener\">Master \u00e8s Sciences en sciences infirmi\u00e8res (MScSI), 90 cr\u00e9dits ECTS<\/a>.<\/p>\n\n\n\n<h4 class=\"wp-block-heading\">L&rsquo;infirmier\u2e31\u00e8re praticien\u2e31ne sp\u00e9cialis\u00e9\u2e31e (IPS)<\/h4>\n\n\n\n<p>Les IPS combinent \u00e0 la fois des comp\u00e9tences en soins infirmiers et m\u00e9dicaux, et pratiquent de mani\u00e8re autonome, en partenariat avec un\u00b7e m\u00e9decin. Leur expertise repose sur une exp\u00e9rience approfondie dans un domaine de sp\u00e9cialit\u00e9 ainsi que sur une formation <a href=\"https:\/\/www.unil.ch\/sciences-infirmieres\/home\/menuinst\/ecole\/maitrise-universitaire-ips-mscips.html\" target=\"_blank\" rel=\"noreferrer noopener\">Master \u00e8s Sciences en pratique infirmi\u00e8re sp\u00e9cialis\u00e9e (MScIPS),120 cr\u00e9dits ECTS<\/a>. Cela leur permet de r\u00e9pondre aux besoins complexes de populations sp\u00e9cifiques. L\u2019approche globale des soins port\u00e9e par les IPS renforce l&rsquo;acc\u00e8s et la continuit\u00e9 des soins, la qualit\u00e9 et la s\u00e9curit\u00e9 tout en ma\u00eetrisant les co\u00fbts de la sant\u00e9.<\/p>\n\n\n\n<p><\/p>\n\n\n\n<blockquote class=\"wp-block-quote is-layout-flow wp-block-quote-is-layout-flow\">\n<p>SIDIIEF (2018).&nbsp;<em>Pratique infirmi\u00e8re avanc\u00e9e \u2013 vers un consensus au sein de la francophonie<\/em>. \u00c9tude r\u00e9alis\u00e9e par Diane Morin, infirmi\u00e8re, Ph. D., Montr\u00e9al&nbsp;(QC), 90 p.<\/p>\n<\/blockquote>\n\n\n\n<div class=\"wp-block-columns is-layout-flex wp-container-core-columns-is-layout-9d6595d7 wp-block-columns-is-layout-flex\">\n<div class=\"wp-block-column is-layout-flow wp-block-column-is-layout-flow\"><\/div>\n\n\n\n<div class=\"wp-block-column is-layout-flow wp-block-column-is-layout-flow\"><div class=\"wp-block-image\">\n<figure class=\"aligncenter size-full is-resized\"><a href=\"https:\/\/wp.unil.ch\/ipadom\/a-propos\/\"><img alt=\"\" loading=\"lazy\" decoding=\"async\" width=\"228\" height=\"134\" src=\"https:\/\/wp.unil.ch\/ipadom\/files\/2024\/07\/Fichier-19.png\" alt=\"\" class=\"wp-image-424\" style=\"width:148px\" \/><\/a><\/figure>\n<\/div><\/div>\n\n\n\n<div class=\"wp-block-column is-layout-flow wp-block-column-is-layout-flow\"><div class=\"wp-block-image\">\n<figure class=\"aligncenter size-full is-resized\"><a href=\"https:\/\/wp.unil.ch\/ipadom\/actualites\/\"><img alt=\"\" loading=\"lazy\" decoding=\"async\" width=\"227\" height=\"133\" src=\"https:\/\/wp.unil.ch\/ipadom\/files\/2024\/07\/Fichier-21.png\" alt=\"\" class=\"wp-image-426\" style=\"width:148px\" \/><\/a><\/figure>\n<\/div><\/div>\n\n\n\n<div class=\"wp-block-column is-layout-flow wp-block-column-is-layout-flow\"><\/div>\n<\/div>\n","protected":false},"excerpt":{"rendered":"<p>Les infirmiers et infirmi\u00e8res de pratique avanc\u00e9e (IPA) sont des professionnel\u2e31les des soins infirmiers qui ont acquis une expertise pour une pratique infirmi\u00e8re \u00e9tendue dans&nbsp;le cadre d\u2019un cursus&hellip;<\/p>\n","protected":false},"author":1002737,"featured_media":514,"parent":0,"menu_order":0,"comment_status":"closed","ping_status":"closed","template":"template-full-width-cover.php","meta":{"_seopress_robots_primary_cat":"","_seopress_titles_title":"","_seopress_titles_desc":"","_seopress_robots_index":"","footnotes":""},"class_list":["post-389","page","type-page","status-publish","has-post-thumbnail"],"_links":{"self":[{"href":"https:\/\/wp.unil.ch\/ipadom\/wp-json\/wp\/v2\/pages\/389","targetHints":{"allow":["GET"]}}],"collection":[{"href":"https:\/\/wp.unil.ch\/ipadom\/wp-json\/wp\/v2\/pages"}],"about":[{"href":"https:\/\/wp.unil.ch\/ipadom\/wp-json\/wp\/v2\/types\/page"}],"author":[{"embeddable":true,"href":"https:\/\/wp.unil.ch\/ipadom\/wp-json\/wp\/v2\/users\/1002737"}],"replies":[{"embeddable":true,"href":"https:\/\/wp.unil.ch\/ipadom\/wp-json\/wp\/v2\/comments?post=389"}],"version-history":[{"count":4,"href":"https:\/\/wp.unil.ch\/ipadom\/wp-json\/wp\/v2\/pages\/389\/revisions"}],"predecessor-version":[{"id":516,"href":"https:\/\/wp.unil.ch\/ipadom\/wp-json\/wp\/v2\/pages\/389\/revisions\/516"}],"wp:featuredmedia":[{"embeddable":true,"href":"https:\/\/wp.unil.ch\/ipadom\/wp-json\/wp\/v2\/media\/514"}],"wp:attachment":[{"href":"https:\/\/wp.unil.ch\/ipadom\/wp-json\/wp\/v2\/media?parent=389"}],"curies":[{"name":"wp","href":"https:\/\/api.w.org\/{rel}","templated":true}]}}