{"id":356,"date":"2023-12-07T14:52:31","date_gmt":"2023-12-07T13:52:31","guid":{"rendered":"https:\/\/wp.unil.ch\/inforecherche\/?page_id=356"},"modified":"2024-11-18T11:50:30","modified_gmt":"2024-11-18T10:50:30","slug":"appels-a-projet","status":"publish","type":"page","link":"https:\/\/wp.unil.ch\/inforecherche\/appels-a-projet\/","title":{"rendered":"Appels \u00e0 projet"},"content":{"rendered":"\n<p>Bienvenue sur la page d\u00e9di\u00e9e aux appels \u00e0 projets de recherche. <\/p>\n\n\n\n<p>Veuillez noter que la liste pr\u00e9sent\u00e9e ici n&rsquo;est pas exhaustive. Nous encourageons les chercheuses et chercheurs \u00e0 cr\u00e9er leur profil sur <a href=\"https:\/\/www.open4research.eu\/lausanne\" data-type=\"link\" data-id=\"https:\/\/www.open4research.eu\/lausanne\">Unil4research<\/a> pour explorer toutes les opportunit\u00e9s disponibles.<\/p>\n\n\n\n<div class=\"wp-block-group has-light-background-background-color has-background\"><div class=\"wp-block-group__inner-container is-layout-constrained wp-block-group-is-layout-constrained\">\n<p>N&rsquo;h\u00e9sitez pas \u00e0 vous tourner vers vos contacts facultaires pour plus d&rsquo;information : <a href=\"https:\/\/unil.ch\/researcher\/Contact\">Contacts &#8211; UNIL Soutien \u00e0 la Recherche<\/a><\/p>\n<\/div><\/div>\n\n\n\n<hr class=\"wp-block-separator has-alpha-channel-opacity\" \/>\n\n\n\n<div class=\"wp-block-columns is-layout-flex wp-container-core-columns-is-layout-9d6595d7 wp-block-columns-is-layout-flex\">\n<div class=\"wp-block-column is-layout-flow wp-block-column-is-layout-flow\" style=\"flex-basis:100%\">\n<div class=\"wp-block-group\"><div class=\"wp-block-group__inner-container is-layout-constrained wp-block-group-is-layout-constrained\">\n<div class=\"wp-block-columns is-layout-flex wp-container-core-columns-is-layout-9d6595d7 wp-block-columns-is-layout-flex\">\n<div class=\"wp-block-column is-layout-flow wp-block-column-is-layout-flow\" style=\"flex-basis:66.66%\">\n<p><code><!=========Events list Template 2.6.2=========><div id=\"ect-events-list-content\"><div id=\"list-wrp\" class=\"ect-list-wrapper all\"><div id=\"event-990\" class=\"ect-list-post style-1 ect-simple-event future\"><div class=\"ect-list-post-left \">\n\t\t\t\t<div class=\"ect-list-img\" style=\"background-image:url(&#039;https:\/\/wp.unil.ch\/inforecherche\/wp-content\/plugins\/template-events-calendar\/assets\/images\/event-template-bg.png&#039;);background-size:cover;\"><a href=\"https:\/\/wp.unil.ch\/inforecherche\/event\/joint-call-with-india-in-the-field-of-social-sciences\/\" alt=\"Joint call with India in the field of social sciences\" rel=\"bookmark\"><div class=\"ect-list-date\"><div class=\"ect-date-area default-schedule\"><span class=\"ev-day\">01<\/span>\n\t\t\t\t\t<span class=\"ev-mo\">f\u00e9vrier<\/span>\n\t\t\t\t\t<span class=\"ev-yr\">2026<\/span><\/div><\/div><\/a><\/div><\/div><!-- left-post close --><div class=\"ect-list-post-right\">\n\t\t\t\t<div class=\"ect-list-post-right-table\"><div class=\"ect-list-description\" style=\"width:100%;\"><h2 class=\"ect-list-title\"><a class=\"ect-event-url\" href=\"https:\/\/wp.unil.ch\/inforecherche\/event\/joint-call-with-india-in-the-field-of-social-sciences\/\" rel=\"bookmark\">Joint call with India in the field of social sciences<\/a><\/h2><!-- Event Content --><div class=\"ect-event-content\"><p>The SNSF is now accepting nominations for the Marie Heim-V\u00f6gtlin (MHV) Prize. New this year: self-nominations as well as nominations by peers, mentors, or institutions are welcome. Who&hellip;<\/p>\n<\/div><a href=\"https:\/\/wp.unil.ch\/inforecherche\/event\/joint-call-with-india-in-the-field-of-social-sciences\/\" class=\"ect-events-read-more\" rel=\"bookmark\">Find out more<\/a><\/div><\/div><\/div><!-- right-wrapper close --><\/div><!-- event-loop-end --><\/div><\/div><\/code><\/p>\n<\/div>\n\n\n\n<div class=\"wp-block-column is-vertically-aligned-top is-layout-flow wp-block-column-is-layout-flow\" style=\"flex-basis:33.33%\">\n<div class=\"wp-block-group is-vertical is-layout-flex wp-container-core-group-is-layout-8cf370e7 wp-block-group-is-layout-flex\">\n<p class=\"has-text-align-center\"><strong>Offres r\u00e9guli\u00e8res ou continues<\/strong><\/p>\n<\/div>\n\n\n\n<div class=\"wp-block-query is-layout-flow wp-block-query-is-layout-flow\"><ul class=\"wp-block-post-template is-layout-flow wp-block-post-template-is-layout-flow\"><li class=\"wp-block-post post-516 post type-post status-publish format-standard has-post-thumbnail category-offres-2\">\n\n<div class=\"wp-block-columns are-vertically-aligned-center is-layout-flex wp-container-core-columns-is-layout-9d6595d7 wp-block-columns-is-layout-flex\">\n<div class=\"wp-block-column is-vertically-aligned-center is-layout-flow wp-block-column-is-layout-flow\" style=\"flex-basis:25%\"><figure class=\"wp-block-post-featured-image\"><a href=\"https:\/\/wp.unil.ch\/inforecherche\/2024\/01\/bourses-dexcellence-de-la-confederation-suisse\/\" target=\"_self\"  ><img loading=\"lazy\" decoding=\"async\" width=\"2240\" height=\"723\" src=\"https:\/\/wp.unil.ch\/inforecherche\/files\/2024\/01\/2560px-Logo_der_Schweizerischen_Eidgenossenschaft.svg_-2240x723.png\" class=\"attachment-post-thumbnail size-post-thumbnail wp-post-image\" alt=\"Bourses d\u2019excellence de la Conf\u00e9d\u00e9ration suisse\" style=\"object-fit:cover;\" srcset=\"https:\/\/wp.unil.ch\/inforecherche\/files\/2024\/01\/2560px-Logo_der_Schweizerischen_Eidgenossenschaft.svg_-2240x723.png 2240w, https:\/\/wp.unil.ch\/inforecherche\/files\/2024\/01\/2560px-Logo_der_Schweizerischen_Eidgenossenschaft.svg_-300x97.png 300w, https:\/\/wp.unil.ch\/inforecherche\/files\/2024\/01\/2560px-Logo_der_Schweizerischen_Eidgenossenschaft.svg_-1024x330.png 1024w, https:\/\/wp.unil.ch\/inforecherche\/files\/2024\/01\/2560px-Logo_der_Schweizerischen_Eidgenossenschaft.svg_-768x248.png 768w, https:\/\/wp.unil.ch\/inforecherche\/files\/2024\/01\/2560px-Logo_der_Schweizerischen_Eidgenossenschaft.svg_-1536x496.png 1536w, https:\/\/wp.unil.ch\/inforecherche\/files\/2024\/01\/2560px-Logo_der_Schweizerischen_Eidgenossenschaft.svg_-2048x661.png 2048w, https:\/\/wp.unil.ch\/inforecherche\/files\/2024\/01\/2560px-Logo_der_Schweizerischen_Eidgenossenschaft.svg_-540x174.png 540w, https:\/\/wp.unil.ch\/inforecherche\/files\/2024\/01\/2560px-Logo_der_Schweizerischen_Eidgenossenschaft.svg_-1080x348.png 1080w, https:\/\/wp.unil.ch\/inforecherche\/files\/2024\/01\/2560px-Logo_der_Schweizerischen_Eidgenossenschaft.svg_-1980x639.png 1980w, https:\/\/wp.unil.ch\/inforecherche\/files\/2024\/01\/2560px-Logo_der_Schweizerischen_Eidgenossenschaft.svg_-1320x426.png 1320w\" sizes=\"auto, (max-width: 2240px) 100vw, 2240px\" \/><\/a><\/figure><\/div>\n\n\n\n<div class=\"wp-block-column is-vertically-aligned-center is-layout-flow wp-block-column-is-layout-flow\" style=\"flex-basis:75%\"><h6 class=\"wp-block-post-title\"><a href=\"https:\/\/wp.unil.ch\/inforecherche\/2024\/01\/bourses-dexcellence-de-la-confederation-suisse\/\" target=\"_self\" >Bourses d\u2019excellence de la Conf\u00e9d\u00e9ration suisse<\/a><\/h6><\/div>\n<\/div>\n\n<\/li><li class=\"wp-block-post post-508 post type-post status-publish format-standard has-post-thumbnail category-offres-2\">\n\n<div class=\"wp-block-columns are-vertically-aligned-center is-layout-flex wp-container-core-columns-is-layout-9d6595d7 wp-block-columns-is-layout-flex\">\n<div class=\"wp-block-column is-vertically-aligned-center is-layout-flow wp-block-column-is-layout-flow\" style=\"flex-basis:25%\"><figure class=\"wp-block-post-featured-image\"><a href=\"https:\/\/wp.unil.ch\/inforecherche\/2024\/01\/euresearch\/\" target=\"_self\"  ><img loading=\"lazy\" decoding=\"async\" width=\"404\" height=\"295\" src=\"https:\/\/wp.unil.ch\/inforecherche\/files\/2024\/01\/euresearch.png\" class=\"attachment-post-thumbnail size-post-thumbnail wp-post-image\" alt=\"Euresearch\" style=\"object-fit:cover;\" srcset=\"https:\/\/wp.unil.ch\/inforecherche\/files\/2024\/01\/euresearch.png 404w, https:\/\/wp.unil.ch\/inforecherche\/files\/2024\/01\/euresearch-300x219.png 300w\" sizes=\"auto, (max-width: 404px) 100vw, 404px\" \/><\/a><\/figure><\/div>\n\n\n\n<div class=\"wp-block-column is-vertically-aligned-center is-layout-flow wp-block-column-is-layout-flow\" style=\"flex-basis:75%\"><h6 class=\"wp-block-post-title\"><a href=\"https:\/\/wp.unil.ch\/inforecherche\/2024\/01\/euresearch\/\" target=\"_self\" >Euresearch<\/a><\/h6><\/div>\n<\/div>\n\n<\/li><li class=\"wp-block-post post-504 post type-post status-publish format-standard has-post-thumbnail category-offres-2\">\n\n<div class=\"wp-block-columns are-vertically-aligned-center is-layout-flex wp-container-core-columns-is-layout-9d6595d7 wp-block-columns-is-layout-flex\">\n<div class=\"wp-block-column is-vertically-aligned-center is-layout-flow wp-block-column-is-layout-flow\" style=\"flex-basis:25%\"><figure class=\"wp-block-post-featured-image\"><a href=\"https:\/\/wp.unil.ch\/inforecherche\/2024\/01\/fondation-de-lunil\/\" target=\"_self\"  ><img loading=\"lazy\" decoding=\"async\" width=\"1597\" height=\"402\" src=\"https:\/\/wp.unil.ch\/inforecherche\/files\/2024\/01\/logo_Fondation_pantone-1.jpg\" class=\"attachment-post-thumbnail size-post-thumbnail wp-post-image\" alt=\"Fondation de l&rsquo;UNIL\" style=\"object-fit:cover;\" srcset=\"https:\/\/wp.unil.ch\/inforecherche\/files\/2024\/01\/logo_Fondation_pantone-1.jpg 1597w, https:\/\/wp.unil.ch\/inforecherche\/files\/2024\/01\/logo_Fondation_pantone-1-300x76.jpg 300w, https:\/\/wp.unil.ch\/inforecherche\/files\/2024\/01\/logo_Fondation_pantone-1-1024x258.jpg 1024w, https:\/\/wp.unil.ch\/inforecherche\/files\/2024\/01\/logo_Fondation_pantone-1-768x193.jpg 768w, https:\/\/wp.unil.ch\/inforecherche\/files\/2024\/01\/logo_Fondation_pantone-1-1536x387.jpg 1536w, https:\/\/wp.unil.ch\/inforecherche\/files\/2024\/01\/logo_Fondation_pantone-1-540x136.jpg 540w, https:\/\/wp.unil.ch\/inforecherche\/files\/2024\/01\/logo_Fondation_pantone-1-1080x272.jpg 1080w, https:\/\/wp.unil.ch\/inforecherche\/files\/2024\/01\/logo_Fondation_pantone-1-1320x332.jpg 1320w\" sizes=\"auto, (max-width: 1597px) 100vw, 1597px\" \/><\/a><\/figure><\/div>\n\n\n\n<div class=\"wp-block-column is-vertically-aligned-center is-layout-flow wp-block-column-is-layout-flow\" style=\"flex-basis:75%\"><h6 class=\"wp-block-post-title\"><a href=\"https:\/\/wp.unil.ch\/inforecherche\/2024\/01\/fondation-de-lunil\/\" target=\"_self\" >Fondation de l&rsquo;UNIL<\/a><\/h6><\/div>\n<\/div>\n\n<\/li><\/ul><\/div>\n\n\n\n<div class=\"wp-block-query is-layout-flow wp-block-query-is-layout-flow\"><ul class=\"wp-block-post-template has-small-font-size is-layout-flow wp-block-post-template-is-layout-flow\"><li class=\"wp-block-post post-463 post type-post status-publish format-standard has-post-thumbnail category-offres-1\">\n\n<div class=\"wp-block-columns are-vertically-aligned-center is-layout-flex wp-container-core-columns-is-layout-9d6595d7 wp-block-columns-is-layout-flex\">\n<div class=\"wp-block-column is-vertically-aligned-center is-layout-flow wp-block-column-is-layout-flow\" style=\"flex-basis:25%\"><figure class=\"wp-block-post-featured-image\"><a href=\"https:\/\/wp.unil.ch\/inforecherche\/2024\/01\/les-fondations-hebergees-a-lunil\/\" target=\"_self\"  ><img loading=\"lazy\" decoding=\"async\" width=\"1000\" height=\"532\" src=\"https:\/\/wp.unil.ch\/inforecherche\/files\/2024\/01\/UNIL_Fondations-1.png\" class=\"attachment-post-thumbnail size-post-thumbnail wp-post-image\" alt=\"Fondations h\u00e9berg\u00e9es \u00e0 l\u2019Unil\" style=\"object-fit:cover;\" srcset=\"https:\/\/wp.unil.ch\/inforecherche\/files\/2024\/01\/UNIL_Fondations-1.png 1000w, https:\/\/wp.unil.ch\/inforecherche\/files\/2024\/01\/UNIL_Fondations-1-300x160.png 300w, https:\/\/wp.unil.ch\/inforecherche\/files\/2024\/01\/UNIL_Fondations-1-768x409.png 768w, https:\/\/wp.unil.ch\/inforecherche\/files\/2024\/01\/UNIL_Fondations-1-540x287.png 540w\" sizes=\"auto, (max-width: 1000px) 100vw, 1000px\" \/><\/a><\/figure><\/div>\n\n\n\n<div class=\"wp-block-column is-vertically-aligned-center is-layout-flow wp-block-column-is-layout-flow\" style=\"flex-basis:75%\"><h6 class=\"wp-block-post-title\"><a href=\"https:\/\/wp.unil.ch\/inforecherche\/2024\/01\/les-fondations-hebergees-a-lunil\/\" target=\"_self\" >Fondations h\u00e9berg\u00e9es \u00e0 l\u2019Unil<\/a><\/h6><\/div>\n<\/div>\n\n<\/li><li class=\"wp-block-post post-472 post type-post status-publish format-standard has-post-thumbnail category-offres-1\">\n\n<div class=\"wp-block-columns are-vertically-aligned-center is-layout-flex wp-container-core-columns-is-layout-9d6595d7 wp-block-columns-is-layout-flex\">\n<div class=\"wp-block-column is-vertically-aligned-center is-layout-flow wp-block-column-is-layout-flow\" style=\"flex-basis:25%\"><figure class=\"wp-block-post-featured-image\"><a href=\"https:\/\/wp.unil.ch\/inforecherche\/2024\/01\/societe-academique-vaudoise-sav\/\" target=\"_self\"  ><img loading=\"lazy\" decoding=\"async\" width=\"1000\" height=\"712\" src=\"https:\/\/wp.unil.ch\/inforecherche\/files\/2024\/01\/SAV-2.png\" class=\"attachment-post-thumbnail size-post-thumbnail wp-post-image\" alt=\"Soci\u00e9t\u00e9 Acad\u00e9mique Vaudoise (SAV)\" style=\"object-fit:cover;\" srcset=\"https:\/\/wp.unil.ch\/inforecherche\/files\/2024\/01\/SAV-2.png 1000w, https:\/\/wp.unil.ch\/inforecherche\/files\/2024\/01\/SAV-2-300x214.png 300w, https:\/\/wp.unil.ch\/inforecherche\/files\/2024\/01\/SAV-2-768x547.png 768w, https:\/\/wp.unil.ch\/inforecherche\/files\/2024\/01\/SAV-2-540x384.png 540w\" sizes=\"auto, (max-width: 1000px) 100vw, 1000px\" \/><\/a><\/figure><\/div>\n\n\n\n<div class=\"wp-block-column is-vertically-aligned-center is-layout-flow wp-block-column-is-layout-flow\" style=\"flex-basis:75%\"><h6 class=\"wp-block-post-title\"><a href=\"https:\/\/wp.unil.ch\/inforecherche\/2024\/01\/societe-academique-vaudoise-sav\/\" target=\"_self\" >Soci\u00e9t\u00e9 Acad\u00e9mique Vaudoise (SAV)<\/a><\/h6><\/div>\n<\/div>\n\n<\/li><li class=\"wp-block-post post-501 post type-post status-publish format-standard has-post-thumbnail category-offres-1\">\n\n<div class=\"wp-block-columns are-vertically-aligned-center is-layout-flex wp-container-core-columns-is-layout-9d6595d7 wp-block-columns-is-layout-flex\">\n<div class=\"wp-block-column is-vertically-aligned-center is-layout-flow wp-block-column-is-layout-flow\" style=\"flex-basis:25%\"><figure class=\"wp-block-post-featured-image\"><a href=\"https:\/\/wp.unil.ch\/inforecherche\/2024\/01\/fondation-leenaards\/\" target=\"_self\"  ><img loading=\"lazy\" decoding=\"async\" width=\"1000\" height=\"553\" src=\"https:\/\/wp.unil.ch\/inforecherche\/files\/2024\/01\/FondLeenards-1.png\" class=\"attachment-post-thumbnail size-post-thumbnail wp-post-image\" alt=\"Fondation Leenaards\" style=\"object-fit:cover;\" \/><\/a><\/figure><\/div>\n\n\n\n<div class=\"wp-block-column is-vertically-aligned-center is-layout-flow wp-block-column-is-layout-flow\" style=\"flex-basis:75%\"><h6 class=\"wp-block-post-title\"><a href=\"https:\/\/wp.unil.ch\/inforecherche\/2024\/01\/fondation-leenaards\/\" target=\"_self\" >Fondation Leenaards<\/a><\/h6><\/div>\n<\/div>\n\n<\/li><\/ul><\/div>\n\n\n\n<div class=\"wp-block-query is-layout-flow wp-block-query-is-layout-flow\"><ul class=\"wp-block-post-template is-layout-flow wp-block-post-template-is-layout-flow\"><li class=\"wp-block-post post-519 post type-post status-publish format-standard has-post-thumbnail category-offres-3\">\n\n<div class=\"wp-block-columns are-vertically-aligned-center is-layout-flex wp-container-core-columns-is-layout-9d6595d7 wp-block-columns-is-layout-flex\">\n<div class=\"wp-block-column is-vertically-aligned-center is-layout-flow wp-block-column-is-layout-flow\" style=\"flex-basis:25%\"><figure class=\"wp-block-post-featured-image\"><a href=\"https:\/\/wp.unil.ch\/inforecherche\/2024\/01\/bourse-de-cotutelles-de-these-du-sefri\/\" target=\"_self\"  ><img loading=\"lazy\" decoding=\"async\" width=\"1020\" height=\"305\" src=\"https:\/\/wp.unil.ch\/inforecherche\/files\/2024\/01\/swissuniversities-logo-e1706109833784.jpg\" class=\"attachment-post-thumbnail size-post-thumbnail wp-post-image\" alt=\"Bourse de cotutelles de th\u00e8se du SEFRI\" style=\"object-fit:cover;\" srcset=\"https:\/\/wp.unil.ch\/inforecherche\/files\/2024\/01\/swissuniversities-logo-e1706109833784.jpg 1020w, https:\/\/wp.unil.ch\/inforecherche\/files\/2024\/01\/swissuniversities-logo-e1706109833784-300x90.jpg 300w, https:\/\/wp.unil.ch\/inforecherche\/files\/2024\/01\/swissuniversities-logo-e1706109833784-768x230.jpg 768w, https:\/\/wp.unil.ch\/inforecherche\/files\/2024\/01\/swissuniversities-logo-e1706109833784-540x161.jpg 540w\" sizes=\"auto, (max-width: 1020px) 100vw, 1020px\" \/><\/a><\/figure><\/div>\n\n\n\n<div class=\"wp-block-column is-vertically-aligned-center is-layout-flow wp-block-column-is-layout-flow\" style=\"flex-basis:75%\"><h6 class=\"wp-block-post-title\"><a href=\"https:\/\/wp.unil.ch\/inforecherche\/2024\/01\/bourse-de-cotutelles-de-these-du-sefri\/\" target=\"_self\" >Bourse de cotutelles de th\u00e8se du SEFRI<\/a><\/h6><\/div>\n<\/div>\n\n<\/li><li class=\"wp-block-post post-525 post type-post status-publish format-standard has-post-thumbnail category-offres-3\">\n\n<div class=\"wp-block-columns are-vertically-aligned-center is-layout-flex wp-container-core-columns-is-layout-9d6595d7 wp-block-columns-is-layout-flex\">\n<div class=\"wp-block-column is-vertically-aligned-center is-layout-flow wp-block-column-is-layout-flow\" style=\"flex-basis:25%\"><figure class=\"wp-block-post-featured-image\"><a href=\"https:\/\/wp.unil.ch\/inforecherche\/2024\/01\/roma-instituto-svizzero\/\" target=\"_self\"  ><img loading=\"lazy\" decoding=\"async\" width=\"300\" height=\"91\" src=\"https:\/\/wp.unil.ch\/inforecherche\/files\/2024\/01\/logo-institutisvizzeraroma.jpg\" class=\"attachment-post-thumbnail size-post-thumbnail wp-post-image\" alt=\"Roma Instituto Svizzero\" style=\"object-fit:cover;\" \/><\/a><\/figure><\/div>\n\n\n\n<div class=\"wp-block-column is-vertically-aligned-center is-layout-flow wp-block-column-is-layout-flow\" style=\"flex-basis:75%\"><h6 class=\"wp-block-post-title\"><a href=\"https:\/\/wp.unil.ch\/inforecherche\/2024\/01\/roma-instituto-svizzero\/\" target=\"_self\" >Roma Instituto Svizzero<\/a><\/h6><\/div>\n<\/div>\n\n<\/li><li class=\"wp-block-post post-528 post type-post status-publish format-standard has-post-thumbnail category-offres-3\">\n\n<div class=\"wp-block-columns are-vertically-aligned-center is-layout-flex wp-container-core-columns-is-layout-9d6595d7 wp-block-columns-is-layout-flex\">\n<div class=\"wp-block-column is-vertically-aligned-center is-layout-flow wp-block-column-is-layout-flow\" style=\"flex-basis:25%\"><figure class=\"wp-block-post-featured-image\"><a href=\"https:\/\/wp.unil.ch\/inforecherche\/2024\/01\/fonds-des-publications-unil\/\" target=\"_self\"  ><img loading=\"lazy\" decoding=\"async\" width=\"1000\" height=\"556\" src=\"https:\/\/wp.unil.ch\/inforecherche\/files\/2024\/01\/FONDSPUBLIS_UNIL-e1706110253650.png\" class=\"attachment-post-thumbnail size-post-thumbnail wp-post-image\" alt=\"Fonds des Publications UNIL\" style=\"object-fit:cover;\" srcset=\"https:\/\/wp.unil.ch\/inforecherche\/files\/2024\/01\/FONDSPUBLIS_UNIL-e1706110253650.png 1000w, https:\/\/wp.unil.ch\/inforecherche\/files\/2024\/01\/FONDSPUBLIS_UNIL-e1706110253650-300x167.png 300w, https:\/\/wp.unil.ch\/inforecherche\/files\/2024\/01\/FONDSPUBLIS_UNIL-e1706110253650-768x427.png 768w, https:\/\/wp.unil.ch\/inforecherche\/files\/2024\/01\/FONDSPUBLIS_UNIL-e1706110253650-540x300.png 540w\" sizes=\"auto, (max-width: 1000px) 100vw, 1000px\" \/><\/a><\/figure><\/div>\n\n\n\n<div class=\"wp-block-column is-vertically-aligned-center is-layout-flow wp-block-column-is-layout-flow\" style=\"flex-basis:75%\"><h6 class=\"wp-block-post-title\"><a href=\"https:\/\/wp.unil.ch\/inforecherche\/2024\/01\/fonds-des-publications-unil\/\" target=\"_self\" >Fonds des Publications UNIL<\/a><\/h6><\/div>\n<\/div>\n\n<\/li><\/ul>\n\n\n<div class=\"wp-block-group has-light-background-background-color has-background\"><div class=\"wp-block-group__inner-container is-layout-constrained wp-block-group-is-layout-constrained\">\n<p class=\"has-text-align-center has-light-background-background-color has-background has-normal-font-size\">D\u00e9couvrez<br><strong>Unil4Research<\/strong><\/p>\n\n\n\n<p class=\"has-primary-color has-text-color has-link-color wp-elements-7aa59057d4280308183fa9028d7f3791\">Unil4research vous fournit des informations actualis\u00e9es sur les opportunit\u00e9s internationales de financement de la recherche : projets collaboratifs, bourses, prix, mobilit\u00e9 interne et externe, \u00e9quipement, etc.<\/p>\n\n\n\n<p class=\"has-primary-color has-text-color has-link-color wp-elements-ba82ef5f4bfbfcbebd9fbe339ddb9e6b\">Unil4Research offre un acc\u00e8s rapide et intuitif \u00e0 l&rsquo;information, et vous permet de cr\u00e9er des alertes sur des domaines ou des appels que vous jugez pertinents.<\/p>\n\n\n\n<div class=\"wp-block-buttons is-layout-flex wp-block-buttons-is-layout-flex\">\n<div class=\"wp-block-button\"><a class=\"wp-block-button__link wp-element-button\" href=\"https:\/\/www.open4research.eu\/o4rv2\/cmsDocuments\/O4RInt_User_Guide_1000.pdf\" target=\"_blank\" rel=\"noreferrer noopener\">Guide d&rsquo;utilisation Unil4Research<\/a><\/div>\n<\/div>\n<\/div><\/div>\n\n\n\n<p class=\"has-primary-color has-text-color has-link-color wp-elements-f53d0f2000e7e509d3e7c91eff2b425b\"><\/p>\n<\/div>\n<\/div>\n<\/div>\n<\/div><\/div>\n<\/div>\n<\/div>\n\n\n\n<div class=\"wp-block-group\"><div class=\"wp-block-group__inner-container is-layout-constrained wp-block-group-is-layout-constrained\">\n<div class=\"wp-block-columns is-layout-flex wp-container-core-columns-is-layout-9d6595d7 wp-block-columns-is-layout-flex\">\n<div class=\"wp-block-column is-layout-flow wp-block-column-is-layout-flow\"><\/div>\n\n\n\n<div class=\"wp-block-column is-layout-flow wp-block-column-is-layout-flow\"><\/div>\n<\/div>\n<\/div><\/div>\n\n\n\n<p><br><br><\/p>\n","protected":false},"excerpt":{"rendered":"<p>Bienvenue sur la page d\u00e9di\u00e9e aux appels \u00e0 projets de recherche. Veuillez noter que la liste pr\u00e9sent\u00e9e ici n&rsquo;est pas exhaustive. Nous encourageons les chercheuses et chercheurs \u00e0&hellip;<\/p>\n","protected":false},"author":1002570,"featured_media":0,"parent":0,"menu_order":0,"comment_status":"closed","ping_status":"closed","template":"template-full-width.php","meta":{"_seopress_robots_primary_cat":"","_seopress_titles_title":"","_seopress_titles_desc":"","_seopress_robots_index":"","footnotes":""},"class_list":["post-356","page","type-page","status-publish","has-post-thumbnail"],"_links":{"self":[{"href":"https:\/\/wp.unil.ch\/inforecherche\/wp-json\/wp\/v2\/pages\/356","targetHints":{"allow":["GET"]}}],"collection":[{"href":"https:\/\/wp.unil.ch\/inforecherche\/wp-json\/wp\/v2\/pages"}],"about":[{"href":"https:\/\/wp.unil.ch\/inforecherche\/wp-json\/wp\/v2\/types\/page"}],"author":[{"embeddable":true,"href":"https:\/\/wp.unil.ch\/inforecherche\/wp-json\/wp\/v2\/users\/1002570"}],"replies":[{"embeddable":true,"href":"https:\/\/wp.unil.ch\/inforecherche\/wp-json\/wp\/v2\/comments?post=356"}],"version-history":[{"count":5,"href":"https:\/\/wp.unil.ch\/inforecherche\/wp-json\/wp\/v2\/pages\/356\/revisions"}],"predecessor-version":[{"id":962,"href":"https:\/\/wp.unil.ch\/inforecherche\/wp-json\/wp\/v2\/pages\/356\/revisions\/962"}],"wp:attachment":[{"href":"https:\/\/wp.unil.ch\/inforecherche\/wp-json\/wp\/v2\/media?parent=356"}],"curies":[{"name":"wp","href":"https:\/\/api.w.org\/{rel}","templated":true}]}}