{"id":6890,"date":"2025-04-16T15:16:10","date_gmt":"2025-04-16T13:16:10","guid":{"rendered":"https:\/\/wp.unil.ch\/infolettres\/?page_id=6890"},"modified":"2026-03-10T16:53:13","modified_gmt":"2026-03-10T15:53:13","slug":"formulaires-de-la-lettre-des-lettres","status":"publish","type":"page","link":"https:\/\/wp.unil.ch\/infolettres\/la-lettre-des-lettres\/formulaires-de-la-lettre-des-lettres\/","title":{"rendered":"Formulaires d&rsquo;annonce"},"content":{"rendered":"\n<p>Bienvenue dans l&rsquo;espace d\u00e9di\u00e9 aux formulaires d&rsquo;annonce pour la prochaine Lettre des Lettres qui para\u00eetra le 21 mai 2026. En vue de cette parution, les informations ci-dessous peuvent \u00eatre transmises\u202f<strong>jusqu\u2019au lundi 11 mai 2026<\/strong>.<\/p>\n\n\n\n<ul class=\"wp-block-list\">\n<li>\u00c9v\u00e9nements de type colloques, journ\u00e9es d\u2019\u00e9tude ou conf\u00e9rences de la Facult\u00e9 des lettres de l&rsquo;Unil organis\u00e9s \u202f<strong>entre le 21 mai et la mi-septembre 2026<\/strong>.<\/li>\n\n\n\n<li>Appels (\u00e0 contributions, \u00e0 publications, \u00e0 projets, \u00e0 communications, etc.) propos\u00e9s par une section ou un centre de la Facult\u00e9 des lettres de l&rsquo;Unil <strong>dont le d\u00e9lai court jusqu\u2019au mois de septembre 2026, inclus.<\/strong><\/li>\n\n\n\n<li>Intervention dans les m\u00e9dias (presse, radio, TV) <strong>depuis fin f\u00e9vrier 2026<\/strong>\u00a0(uniquement des interviews li\u00e9es aux activit\u00e9s de recherche, aucune recension ou aucun article\u202fr\u00e9dig\u00e9 par ses propres soins).<\/li>\n\n\n\n<li>Prix scientifiques ou distinctions qui ont \u00e9t\u00e9 attribu\u00e9s\u202f<strong>depuis f\u00e9vrier 2025<\/strong>.<\/li>\n<\/ul>\n\n\n\n<p>Cliquez sur l&rsquo;\u00e9l\u00e9ment que vous souhaitez annoncer et laissez-vous guider:<\/p>\n\n\n\n<div class=\"wp-block-buttons is-horizontal is-content-justification-space-between is-layout-flex wp-container-core-buttons-is-layout-531c6231 wp-block-buttons-is-layout-flex\">\n<div class=\"wp-block-button is-style-outline is-style-outline--1\"><a class=\"wp-block-button__link has-white-color has-text-color has-background has-link-color wp-element-button\" href=\"https:\/\/wp.unil.ch\/infolettres\/evenements\/\" style=\"background-color:#0093b2\" target=\"_blank\" rel=\"noreferrer noopener\">\u00c9V\u00c9NEMENT<\/a><\/div>\n\n\n\n<div class=\"wp-block-button is-style-outline is-style-outline--2\"><a class=\"wp-block-button__link has-white-color has-text-color has-background has-link-color wp-element-button\" href=\"https:\/\/wp.unil.ch\/infolettres\/appels\/\" style=\"background-color:#0093b2\" target=\"_blank\" rel=\"noreferrer noopener\">APPEL<\/a><\/div>\n\n\n\n<div class=\"wp-block-button is-style-outline is-style-outline--3\"><a class=\"wp-block-button__link has-white-color has-text-color has-background has-link-color wp-element-button\" href=\"https:\/\/wp.unil.ch\/infolettres\/la-lettre-des-lettres\/formulaires-de-la-lettre-des-lettres\/parution-mediatique\/\" style=\"background-color:#0093b2\" target=\"_blank\" rel=\"noreferrer noopener\">M\u00c9DIA<\/a><\/div>\n\n\n\n<div class=\"wp-block-button is-style-outline is-style-outline--4\"><a class=\"wp-block-button__link has-white-color has-text-color has-background has-link-color wp-element-button\" href=\"https:\/\/wp.unil.ch\/infolettres\/la-lettre-des-lettres\/formulaires-de-la-lettre-des-lettres\/distinctions-ou-prix\/\" style=\"background-color:#0093b2\" target=\"_blank\" rel=\"noreferrer noopener\">DISTINCTION\/PRIX<\/a><\/div>\n<\/div>\n\n\n\n<p><\/p>\n\n\n\n<pre class=\"wp-block-verse\"><strong>Annonce d'une publication<\/strong><br>Pour rappel, les annonces de parution d\u2019une monographie ou d\u2019un ouvrage dirig\u00e9 par les membres de la Facult\u00e9 des lettres de l'UNIL se font via le site\u202f<a href=\"https:\/\/unil.ch\/labelettres\" target=\"_blank\" rel=\"noreferrer noopener\">unil.ch\/labelettres<\/a>\u202fet sa lettre d\u2019information. Il suffit de remplir <a href=\"https:\/\/wp.unil.ch\/labelettres\/annonce-de-publication\" data-type=\"link\" data-id=\"https:\/\/wp.unil.ch\/labelettres\/annonce-de-publication\" target=\"_blank\" rel=\"noreferrer noopener\">le\u202fformulaire d\u00e9di\u00e9<\/a>. Si un \u00e9v\u00e9nement est organis\u00e9 en lien avec l'une de ces publications (vernissage, pr\u00e9sentation, atelier, ...), il peut \u00eatre signal\u00e9 \u00e0&nbsp;<a href=\"mailto:labelettres@unil.ch\" target=\"_blank\" rel=\"noreferrer noopener\">labelettres@unil.ch<\/a>.<\/pre>\n\n\n\n<p><\/p>\n","protected":false},"excerpt":{"rendered":"<p>Bienvenue dans l&rsquo;espace d\u00e9di\u00e9 aux formulaires d&rsquo;annonce pour la prochaine Lettre des Lettres qui para\u00eetra le 21 mai 2026. En vue de cette parution, les informations ci-dessous peuvent \u00eatre transmises\u202fjusqu\u2019au &hellip; <\/p>\n","protected":false},"author":1002938,"featured_media":0,"parent":6849,"menu_order":0,"comment_status":"closed","ping_status":"closed","template":"","meta":{"_seopress_robots_primary_cat":"","_seopress_titles_title":"","_seopress_titles_desc":"","_seopress_robots_index":"","footnotes":""},"class_list":["post-6890","page","type-page","status-publish"],"_links":{"self":[{"href":"https:\/\/wp.unil.ch\/infolettres\/wp-json\/wp\/v2\/pages\/6890","targetHints":{"allow":["GET"]}}],"collection":[{"href":"https:\/\/wp.unil.ch\/infolettres\/wp-json\/wp\/v2\/pages"}],"about":[{"href":"https:\/\/wp.unil.ch\/infolettres\/wp-json\/wp\/v2\/types\/page"}],"author":[{"embeddable":true,"href":"https:\/\/wp.unil.ch\/infolettres\/wp-json\/wp\/v2\/users\/1002938"}],"replies":[{"embeddable":true,"href":"https:\/\/wp.unil.ch\/infolettres\/wp-json\/wp\/v2\/comments?post=6890"}],"version-history":[{"count":4,"href":"https:\/\/wp.unil.ch\/infolettres\/wp-json\/wp\/v2\/pages\/6890\/revisions"}],"predecessor-version":[{"id":7680,"href":"https:\/\/wp.unil.ch\/infolettres\/wp-json\/wp\/v2\/pages\/6890\/revisions\/7680"}],"up":[{"embeddable":true,"href":"https:\/\/wp.unil.ch\/infolettres\/wp-json\/wp\/v2\/pages\/6849"}],"wp:attachment":[{"href":"https:\/\/wp.unil.ch\/infolettres\/wp-json\/wp\/v2\/media?parent=6890"}],"curies":[{"name":"wp","href":"https:\/\/api.w.org\/{rel}","templated":true}]}}