{"id":6849,"date":"2025-04-04T11:42:15","date_gmt":"2025-04-04T09:42:15","guid":{"rendered":"https:\/\/wp.unil.ch\/infolettres\/?page_id=6849"},"modified":"2026-02-19T15:18:22","modified_gmt":"2026-02-19T14:18:22","slug":"la-lettre-des-lettres","status":"publish","type":"page","link":"https:\/\/wp.unil.ch\/infolettres\/la-lettre-des-lettres\/","title":{"rendered":"La Lettre des Lettres"},"content":{"rendered":"\n<p>Bienvenue sur la lettre d\u2019information de la <span style=\"color: #05a69d\"><a href=\"https:\/\/www.unil.ch\/lettres\/\" target=\"_blank\" rel=\"noreferrer noopener\">Facult\u00e9 des lettres<\/a><\/span> de l\u2019Universit\u00e9 de Lausanne.<\/p>\n\n\n\n<p>La Lettre des Lettres est envoy\u00e9e quatre fois par an aux membres de la Facult\u00e9 des lettres. Elle propose un panorama de l&rsquo;actualit\u00e9 de la Facult\u00e9, des grands rendez-vous, des annonces de colloques, journ\u00e9es d\u2019\u00e9tude et conf\u00e9rences, une s\u00e9lection de manifestations culturelles, ainsi qu\u2019une revue de presse.&nbsp;<\/p>\n\n\n\n<h5 class=\"wp-block-heading\"><strong>Derniers num\u00e9ros parus<\/strong><\/h5>\n\n\n\n<p><a href=\"https:\/\/wp.unil.ch\/infolettres?mailpoet_router&amp;endpoint=view_in_browser&amp;action=view&amp;data=Wzc1OSwiYzNjNmQ3YTUwZmEzIiwwLDAsNjA5LDFd\" target=\"_blank\" rel=\"noreferrer noopener\">N\u00b058 &#8211; F\u00e9vrier 2026<\/a><br><a href=\"https:\/\/wp.unil.ch\/infolettres?mailpoet_router&amp;endpoint=view_in_browser&amp;action=view&amp;data=WzczOSwiZGEyYzljOTkwYjZjIiwwLDAsNTk1LDFd\">N\u00b057 &#8211; Novembre 2025<\/a><br><a href=\"https:\/\/wp.unil.ch\/infolettres?mailpoet_router&amp;endpoint=view_in_browser&amp;action=view&amp;data=WzcwOSwiMDMyNWRiNGIxY2U4IiwwLDAsMCwxXQ\" target=\"_blank\" rel=\"noreferrer noopener\">N\u00b056 &#8211; Septembre 2025<\/a><br><a href=\"https:\/\/wp.unil.ch\/infolettres?mailpoet_router&amp;endpoint=view_in_browser&amp;action=view&amp;data=WzY4OCwiYzZkZDIxYWRiNzAzIiwwLDAsNTU5LDFd\" data-type=\"link\" data-id=\"https:\/\/wp.unil.ch\/infolettres?mailpoet_router&amp;endpoint=view_in_browser&amp;action=view&amp;data=WzY4OCwiYzZkZDIxYWRiNzAzIiwwLDAsNTU5LDFd\" target=\"_blank\" rel=\"noreferrer noopener\">N\u00b055 &#8211; Mai 2025<\/a><br><a href=\"https:\/\/wp.unil.ch\/infolettres?mailpoet_router&amp;endpoint=view_in_browser&amp;action=view&amp;data=WzY2MiwiZGM2M2Q3MmM2NDU5IiwwLDAsMCwxXQ\" target=\"_blank\" rel=\"noreferrer noopener\">N\u00b054 &#8211; F\u00e9vrier 2025<\/a><br><a href=\"https:\/\/wp.unil.ch\/infolettres?mailpoet_router&amp;endpoint=view_in_browser&amp;action=view&amp;data=WzY0NSwiNzk5YTU5MDRhNzc0IiwwLDAsMCwxXQ\">N\u00b053 &#8211; Novembre 2024<\/a><br><a href=\"https:\/\/wp.unil.ch\/infolettres?mailpoet_router&amp;endpoint=view_in_browser&amp;action=view&amp;data=WzYxOCwiOGNkY2ViOWI3YzQzIiwwLDAsNTA3LDFd\">N\u00b052 &#8211; Septembre 2024<\/a><\/p>\n\n\n\n<p><a href=\"https:\/\/wp.unil.ch\/infolettres\/archives\/\">Archive des anciens num\u00e9ros de la Lettre des Lettres<\/a><\/p>\n\n\n\n<div class=\"wp-block-columns is-layout-flex wp-container-core-columns-is-layout-9d6595d7 wp-block-columns-is-layout-flex\">\n<div class=\"wp-block-column is-layout-flow wp-block-column-is-layout-flow\">\n<h5 class=\"wp-block-heading\">Abonnement<\/h5>\n\n\n\n<p>Vous n&rsquo;\u00eates pas membre de la Facult\u00e9 des lettres et souhaitez vous abonner \u00e0 cette lettre d&rsquo;information ?Veuillez vous inscrire en remplissant le champ ci-dessous.<\/p>\n\n\n\n<div class=\"wp-block-columns is-layout-flex wp-container-core-columns-is-layout-9d6595d7 wp-block-columns-is-layout-flex\">\n<div class=\"wp-block-column is-vertically-aligned-top is-layout-flow wp-block-column-is-layout-flow\" style=\"flex-basis:100%\">  \n  \n  <div class=\"\n    mailpoet_form_popup_overlay\n      \"><\/div>\n  <div\n    id=\"mailpoet_form_1\"\n    class=\"\n      mailpoet_form\n      mailpoet_form_html\n      mailpoet_form_position_\n      mailpoet_form_animation_\n    \"\n      >\n\n    <style type=\"text\/css\">\n     #mailpoet_form_1 .mailpoet_form {  }\n#mailpoet_form_1 .mailpoet_paragraph { line-height: 20px; }\n#mailpoet_form_1 .mailpoet_segment_label, #mailpoet_form_1 .mailpoet_text_label, #mailpoet_form_1 .mailpoet_textarea_label, #mailpoet_form_1 .mailpoet_select_label, #mailpoet_form_1 .mailpoet_radio_label, #mailpoet_form_1 .mailpoet_checkbox_label, #mailpoet_form_1 .mailpoet_list_label, #mailpoet_form_1 .mailpoet_date_label { display: block; font-weight: bold; }\n#mailpoet_form_1 .mailpoet_text, #mailpoet_form_1 .mailpoet_textarea, #mailpoet_form_1 .mailpoet_select, #mailpoet_form_1 .mailpoet_date_month, #mailpoet_form_1 .mailpoet_date_day, #mailpoet_form_1 .mailpoet_date_year, #mailpoet_form_1 .mailpoet_date { display: block; }\n#mailpoet_form_1 .mailpoet_text, #mailpoet_form_1 .mailpoet_textarea { width: 200px; }\n#mailpoet_form_1 .mailpoet_checkbox {  }\n#mailpoet_form_1 .mailpoet_submit input {  }\n#mailpoet_form_1 .mailpoet_divider {  }\n#mailpoet_form_1 .mailpoet_message {  }\n#mailpoet_form_1 .mailpoet_validate_success { color: #468847; }\n#mailpoet_form_1 .mailpoet_validate_error { color: #b94a48; }#mailpoet_form_1{border-radius: 0px;text-align: left;}#mailpoet_form_1 form.mailpoet_form {padding: 20px;}#mailpoet_form_1{width: 100%;}#mailpoet_form_1 .mailpoet_message {margin: 0; padding: 0 20px;}#mailpoet_form_1 .mailpoet_paragraph.last {margin-bottom: 0} @media (max-width: 500px) {#mailpoet_form_1 {background-image: none;}} @media (min-width: 500px) {#mailpoet_form_1 .last .mailpoet_paragraph:last-child {margin-bottom: 0}}  @media (max-width: 500px) {#mailpoet_form_1 .mailpoet_form_column:last-child .mailpoet_paragraph:last-child {margin-bottom: 0}} \n    <\/style>\n\n    <form\n      target=\"_self\"\n      method=\"post\"\n      action=\"https:\/\/wp.unil.ch\/infolettres\/wp-admin\/admin-post.php?action=mailpoet_subscription_form\"\n      class=\"mailpoet_form mailpoet_form_form mailpoet_form_html\"\n      novalidate\n      data-delay=\"\"\n      data-exit-intent-enabled=\"\"\n      data-font-family=\"\"\n      data-cookie-expiration-time=\"\"\n    >\n      <input type=\"hidden\" name=\"data[form_id]\" value=\"1\" \/>\n      <input type=\"hidden\" name=\"token\" value=\"e08a5a481b\" \/>\n      <input type=\"hidden\" name=\"api_version\" value=\"v1\" \/>\n      <input type=\"hidden\" name=\"endpoint\" value=\"subscribers\" \/>\n      <input type=\"hidden\" name=\"mailpoet_method\" value=\"subscribe\" \/>\n\n      <label class=\"mailpoet_hp_email_label\" style=\"display: none !important;\">Veuillez laisser ce champ vide<input type=\"email\" name=\"data[email]\"\/><\/label><div class=\"mailpoet_paragraph \"><input type=\"email\" autocomplete=\"email\" class=\"mailpoet_text\" id=\"form_email_1\" name=\"data[form_field_ZWY5ZWFmOWJhMTIxX2VtYWls]\" title=\"Votre email\" value=\"\" style=\"width:100%;box-sizing:border-box;padding:5px;margin: 0 auto 0 0;\" data-automation-id=\"form_email\"  placeholder=\"Votre email *\" aria-label=\"Votre email *\" data-parsley-errors-container=\".mailpoet_error_hz80c\" data-parsley-required=\"true\" required aria-required=\"true\" data-parsley-minlength=\"6\" data-parsley-maxlength=\"150\" data-parsley-type-message=\"Cette valeur doit \u00eatre un e-mail valide.\" data-parsley-required-message=\"Ce champ est n\u00e9cessaire.\"\/><span class=\"mailpoet_error_hz80c\"><\/span><\/div>\n<div class=\"mailpoet_paragraph \"><input type=\"submit\" class=\"mailpoet_submit\" value=\"S&#039;abonner\" data-automation-id=\"subscribe-submit-button\" style=\"padding:5px;margin: 0 auto 0 0;border-color:transparent;\" \/><span class=\"mailpoet_form_loading\"><span class=\"mailpoet_bounce1\"><\/span><span class=\"mailpoet_bounce2\"><\/span><span class=\"mailpoet_bounce3\"><\/span><\/span><\/div>\n\n      <div class=\"mailpoet_message\">\n        <p class=\"mailpoet_validate_success\"\n                style=\"display:none;\"\n                >V\u00e9rifier votre bo\u00eete de r\u00e9ception ou vos ind\u00e9sirables afin de confirmer votre abonnement.\n        <\/p>\n        <p class=\"mailpoet_validate_error\"\n                style=\"display:none;\"\n                >        <\/p>\n      <\/div>\n    <\/form>\n\n      <\/div>\n\n  <\/div>\n<\/div>\n<\/div>\n<\/div>\n\n\n\n<h5 class=\"wp-block-heading\">Gestion de votre abonnement<\/h5>\n\n\n\n<p>Pour vous d\u00e9sabonner \u00e0 la Lettre des Lettres, pri\u00e8re d&rsquo;\u00e9crire \u00e0 <a href=\"mailto:valorisation-lettres@unil.ch\">valorisation-lettres@unil.ch<\/a>. <br>Cette option est uniquement disponible aux abonn\u00e9es et abonn\u00e9s non membres de la Facult\u00e9 des lettres.<\/p>\n\n\n\n<h5 class=\"wp-block-heading\">Formulaires d&rsquo;annonce<\/h5>\n\n\n\n<p>Pour annoncer un \u00e9v\u00e9nement, un appel, une intervention dans un m\u00e9dia ou l&rsquo;obtention d&rsquo;un prix dans la prochaine Lettre des Lettres, <a href=\"https:\/\/wp.unil.ch\/infolettres\/la-lettre-des-lettres\/formulaires-de-la-lettre-des-lettres\/\" data-type=\"link\" data-id=\"https:\/\/wp.unil.ch\/infolettres\/la-lettre-des-lettres\/formulaires-de-la-lettre-des-lettres\/\" target=\"_blank\" rel=\"noreferrer noopener\">rendez-vous sur la page d\u00e9di\u00e9e aux formulaires d&rsquo;annonce<\/a>.<\/p>\n\n\n\n<p><\/p>\n","protected":false},"excerpt":{"rendered":"<p>Bienvenue sur la lettre d\u2019information de la Facult\u00e9 des lettres de l\u2019Universit\u00e9 de Lausanne. La Lettre des Lettres est envoy\u00e9e quatre fois par an aux membres de la Facult\u00e9 des &hellip; <\/p>\n","protected":false},"author":719,"featured_media":0,"parent":0,"menu_order":0,"comment_status":"closed","ping_status":"closed","template":"","meta":{"_seopress_robots_primary_cat":"","_seopress_titles_title":"","_seopress_titles_desc":"","_seopress_robots_index":"","footnotes":""},"class_list":["post-6849","page","type-page","status-publish"],"_links":{"self":[{"href":"https:\/\/wp.unil.ch\/infolettres\/wp-json\/wp\/v2\/pages\/6849","targetHints":{"allow":["GET"]}}],"collection":[{"href":"https:\/\/wp.unil.ch\/infolettres\/wp-json\/wp\/v2\/pages"}],"about":[{"href":"https:\/\/wp.unil.ch\/infolettres\/wp-json\/wp\/v2\/types\/page"}],"author":[{"embeddable":true,"href":"https:\/\/wp.unil.ch\/infolettres\/wp-json\/wp\/v2\/users\/719"}],"replies":[{"embeddable":true,"href":"https:\/\/wp.unil.ch\/infolettres\/wp-json\/wp\/v2\/comments?post=6849"}],"version-history":[{"count":5,"href":"https:\/\/wp.unil.ch\/infolettres\/wp-json\/wp\/v2\/pages\/6849\/revisions"}],"predecessor-version":[{"id":7664,"href":"https:\/\/wp.unil.ch\/infolettres\/wp-json\/wp\/v2\/pages\/6849\/revisions\/7664"}],"wp:attachment":[{"href":"https:\/\/wp.unil.ch\/infolettres\/wp-json\/wp\/v2\/media?parent=6849"}],"curies":[{"name":"wp","href":"https:\/\/api.w.org\/{rel}","templated":true}]}}