{"id":6827,"date":"2025-04-10T09:03:02","date_gmt":"2025-04-10T07:03:02","guid":{"rendered":"https:\/\/wp.unil.ch\/infolettres\/?page_id=6827"},"modified":"2026-01-29T15:35:34","modified_gmt":"2026-01-29T14:35:34","slug":"courriel-2","status":"publish","type":"page","link":"https:\/\/wp.unil.ch\/infolettres\/courriel-2\/","title":{"rendered":"courrieL"},"content":{"rendered":"\n<p>Le&nbsp;<em>courrieL<\/em>, c&rsquo;est la lettre d&rsquo;information de la Facult\u00e9 des lettres sp\u00e9cialement con\u00e7ue et pens\u00e9e pour les enseignantes et les enseignants du Secondaire. Elle vous permet&nbsp;d&rsquo;acc\u00e9der en un clic aux diff\u00e9rentes actualit\u00e9s de la Facult\u00e9 qui pourraient vous int\u00e9resser et vous surprendre, que cela soit \u00e0 titre individuel ou avec votre classe.<\/p>\n\n\n\n<p>En vous abonnant au&nbsp;<em>courrieL<\/em>, vous recevrez deux fois par an \u2013 au d\u00e9but de chaque semestre \u2013&nbsp;une liste&nbsp;des&nbsp;<strong>formations continues<\/strong>&nbsp;donn\u00e9es \u00e0 l&rsquo;UNIL dans diff\u00e9rentes disciplines des sciences humaines, des&nbsp;<strong>cours publics&nbsp;<\/strong>propos\u00e9s par nos enseignantes et nos enseignants, et des&nbsp;<strong>ateliers de m\u00e9diation<\/strong> \u00e0 vivre avec votre classe.&nbsp;Dans&nbsp;chaque&nbsp;bulletin, vous d\u00e9couvrirez aussi&nbsp;<strong>des&nbsp;ouvrages<\/strong>&nbsp;de la Facult\u00e9 pouvant&nbsp;entrer en \u00e9cho avec&nbsp;vos enseignements ainsi qu\u2019un&nbsp;<strong>entretien sous forme de podcast <\/strong>avec&nbsp;une experte ou&nbsp;un expert&nbsp;des Lettres.<\/p>\n\n\n\n<h5 class=\"wp-block-heading\"><strong>Num\u00e9ros<\/strong><\/h5>\n\n\n\n<ul class=\"wp-block-list\">\n<li><a href=\"https:\/\/wp.unil.ch\/infolettres?mailpoet_router&amp;endpoint=view_in_browser&amp;action=view&amp;data=Wzc1MywiYzFjY2E0MDdkOWQ3IiwwLDAsMCwxXQ\" target=\"_blank\" rel=\"noreferrer noopener\">N\u00b08 (janvier 2025)<\/a><\/li>\n\n\n\n<li><a href=\"https:\/\/wp.unil.ch\/infolettres?mailpoet_router&amp;endpoint=view_in_browser&amp;action=view&amp;data=WzcwMiwiNTVhNjNhMDNlNmFlIiwwLDAsNTczLDFd\" target=\"_blank\" rel=\"noreferrer noopener\">N\u00b07 (septembre 2025)<\/a><\/li>\n\n\n\n<li><a href=\"https:\/\/wp.unil.ch\/infolettres?mailpoet_router&amp;endpoint=view_in_browser&amp;action=view&amp;data=WzY1NiwiNmUxYjI2ZjZkMWY4IiwwLDAsMCwxXQ\" target=\"_blank\" rel=\"noreferrer noopener\">N\u00b06 (janvier 2025)<\/a><\/li>\n\n\n\n<li><a href=\"https:\/\/wp.unil.ch\/infolettres?mailpoet_router&amp;endpoint=view_in_browser&amp;action=view&amp;data=WzYxMywiMzcwY2Y5NzI5OTY4IiwwLDAsMCwxXQ\">N\u00b05 (octobre 2024)<\/a><\/li>\n\n\n\n<li><a href=\"https:\/\/wp.unil.ch\/infolettres?mailpoet_router&amp;endpoint=view_in_browser&amp;action=view&amp;data=WzUwMCwiYzA3YTliOWQxMTc3IiwwLDAsMCwxXQ\">Num\u00e9ro sp\u00e9cial (8 mars 2024)<\/a><\/li>\n\n\n\n<li><a href=\"https:\/\/wp.unil.ch\/infolettres?mailpoet_router&amp;endpoint=view_in_browser&amp;action=view&amp;data=WzU2MSwiNzA0YmI3Y2EyYWQxIiwwLDAsMCwxXQ\">N\u00b04 (janvier 2024)<\/a><\/li>\n\n\n\n<li><a href=\"https:\/\/wp.unil.ch\/infolettres?mailpoet_router&amp;endpoint=view_in_browser&amp;action=view&amp;data=WzUxNCwiMWEyNGEzZDM1ZDYxIiwwLDAsMCwxXQ\">N\u00b03 (septembre 2023)<\/a><\/li>\n\n\n\n<li><a href=\"https:\/\/wp.unil.ch\/infolettres?mailpoet_router&amp;endpoint=view_in_browser&amp;action=view&amp;data=WzQyOSwiN2I4ZGM3Yzg3Y2JiIiwwLDAsMCwxXQ\">N\u00b02 (janvier 2023)<\/a><\/li>\n\n\n\n<li><a href=\"https:\/\/wp.unil.ch\/infolettres?mailpoet_router&amp;endpoint=view_in_browser&amp;action=view&amp;data=WzQwOSwiODYxNGVmMDYzY2YwIiwwLDAsMCwxXQ\">N\u00b01 (septembre 2022)<\/a><\/li>\n<\/ul>\n\n\n\n<div class=\"wp-block-columns is-layout-flex wp-container-core-columns-is-layout-9d6595d7 wp-block-columns-is-layout-flex\">\n<div class=\"wp-block-column is-layout-flow wp-block-column-is-layout-flow\">\n<h5 class=\"wp-block-heading\">Abonnement<\/h5>\n\n\n\n<p>Envie de faire le plein de d\u00e9couvertes, de vivre des exp\u00e9riences avec vos \u00e9l\u00e8ves et d&rsquo;\u00e9largir vos horizons avec de la formation continue? <\/p>\n\n\n\n<p>Abonnez-vous en remplissant le champ ci-dessous.<\/p>\n\n\n  \n  \n  <div class=\"\n    mailpoet_form_popup_overlay\n      \"><\/div>\n  <div\n    id=\"mailpoet_form_5\"\n    class=\"\n      mailpoet_form\n      mailpoet_form_html\n      mailpoet_form_position_\n      mailpoet_form_animation_\n    \"\n      >\n\n    <style type=\"text\/css\">\n     #mailpoet_form_5 .mailpoet_form {  }\n#mailpoet_form_5 .mailpoet_paragraph { line-height: 20px; }\n#mailpoet_form_5 .mailpoet_segment_label, #mailpoet_form_5 .mailpoet_text_label, #mailpoet_form_5 .mailpoet_textarea_label, #mailpoet_form_5 .mailpoet_select_label, #mailpoet_form_5 .mailpoet_radio_label, #mailpoet_form_5 .mailpoet_checkbox_label, #mailpoet_form_5 .mailpoet_list_label, #mailpoet_form_5 .mailpoet_date_label { display: block; font-weight: bold; }\n#mailpoet_form_5 .mailpoet_text, #mailpoet_form_5 .mailpoet_textarea, #mailpoet_form_5 .mailpoet_select, #mailpoet_form_5 .mailpoet_date_month, #mailpoet_form_5 .mailpoet_date_day, #mailpoet_form_5 .mailpoet_date_year, #mailpoet_form_5 .mailpoet_date { display: block; }\n#mailpoet_form_5 .mailpoet_text, #mailpoet_form_5 .mailpoet_textarea { width: 200px; }\n#mailpoet_form_5 .mailpoet_checkbox {  }\n#mailpoet_form_5 .mailpoet_submit input {  }\n#mailpoet_form_5 .mailpoet_divider {  }\n#mailpoet_form_5 .mailpoet_message {  }\n#mailpoet_form_5 .mailpoet_validate_success { color: #000; }\n#mailpoet_form_5 .mailpoet_validate_error { color: #000; }#mailpoet_form_5{border-radius: 0px;text-align: left;}#mailpoet_form_5 form.mailpoet_form {padding: 20px;}#mailpoet_form_5{width: 100%;}#mailpoet_form_5 .mailpoet_message {margin: 0; padding: 0 20px;}#mailpoet_form_5 .mailpoet_paragraph.last {margin-bottom: 0} @media (max-width: 500px) {#mailpoet_form_5 {background-image: none;}} @media (min-width: 500px) {#mailpoet_form_5 .last .mailpoet_paragraph:last-child {margin-bottom: 0}}  @media (max-width: 500px) {#mailpoet_form_5 .mailpoet_form_column:last-child .mailpoet_paragraph:last-child {margin-bottom: 0}} \n    <\/style>\n\n    <form\n      target=\"_self\"\n      method=\"post\"\n      action=\"https:\/\/wp.unil.ch\/infolettres\/wp-admin\/admin-post.php?action=mailpoet_subscription_form\"\n      class=\"mailpoet_form mailpoet_form_form mailpoet_form_html\"\n      novalidate\n      data-delay=\"\"\n      data-exit-intent-enabled=\"\"\n      data-font-family=\"\"\n      data-cookie-expiration-time=\"\"\n    >\n      <input type=\"hidden\" name=\"data[form_id]\" value=\"5\" \/>\n      <input type=\"hidden\" name=\"token\" value=\"8262153230\" \/>\n      <input type=\"hidden\" name=\"api_version\" value=\"v1\" \/>\n      <input type=\"hidden\" name=\"endpoint\" value=\"subscribers\" \/>\n      <input type=\"hidden\" name=\"mailpoet_method\" value=\"subscribe\" \/>\n\n      <label class=\"mailpoet_hp_email_label\" style=\"display: none !important;\">Veuillez laisser ce champ vide<input type=\"email\" name=\"data[email]\"\/><\/label><div class=\"mailpoet_paragraph \"><input type=\"email\" autocomplete=\"email\" class=\"mailpoet_text\" id=\"form_email_5\" name=\"data[form_field_ZWY5ZWFmOWJhMTIxX2VtYWls]\" title=\"Votre email\" value=\"\" style=\"width:100%;box-sizing:border-box;padding:5px;margin: 0 auto 0 0;\" data-automation-id=\"form_email\"  placeholder=\"Votre email *\" aria-label=\"Votre email *\" data-parsley-errors-container=\".mailpoet_error_17mz2\" data-parsley-required=\"true\" required aria-required=\"true\" data-parsley-minlength=\"6\" data-parsley-maxlength=\"150\" data-parsley-type-message=\"Cette valeur doit \u00eatre un e-mail valide.\" data-parsley-required-message=\"Ce champ est n\u00e9cessaire.\"\/><span class=\"mailpoet_error_17mz2\"><\/span><\/div>\n<div class=\"mailpoet_paragraph \"><input type=\"submit\" class=\"mailpoet_submit\" value=\"S&#039;abonner\" data-automation-id=\"subscribe-submit-button\" style=\"padding:5px;margin: 0 auto 0 0;border-color:transparent;\" \/><span class=\"mailpoet_form_loading\"><span class=\"mailpoet_bounce1\"><\/span><span class=\"mailpoet_bounce2\"><\/span><span class=\"mailpoet_bounce3\"><\/span><\/span><\/div>\n\n      <div class=\"mailpoet_message\">\n        <p class=\"mailpoet_validate_success\"\n                style=\"display:none;\"\n                >Bonjour, \n\nMerci pour votre abonnement au bulletin d&#039;information courrieL. \n\nVeuillez v\u00e9rifier votre bo\u00eete de r\u00e9ception ou vos ind\u00e9sirables afin de confirmer votre abonnement.\n\nAvec nos meilleures salutations,\n\nLe D\u00e9canat de la Facult\u00e9 des lettres.\n        <\/p>\n        <p class=\"mailpoet_validate_error\"\n                style=\"display:none;\"\n                >        <\/p>\n      <\/div>\n    <\/form>\n\n      <\/div>\n\n  <\/div>\n<\/div>\n\n\n\n<h5 class=\"wp-block-heading\">Contact<\/h5>\n\n\n\n<p>Faites-nous part de vos questions ou de vos suggestions \u00e0 l&rsquo;adresse <a href=\"mailto:mediation-lettres@unil.ch\">mediation-lettres@unil.ch<\/a>.<\/p>\n\n\n\n<p>Cet adresse accueille \u00e9galement vos demandes pour:<\/p>\n\n\n\n<ul class=\"wp-block-list\">\n<li>contacter une enseignante ou un enseignant de la Facult\u00e9 des lettres pour l\u2019inviter \u00e0 donner une conf\u00e9rence ou un atelier<\/li>\n\n\n\n<li>chercher une ou un sp\u00e9cialiste pour expertiser un travail ou un examen de Maturit\u00e9<\/li>\n\n\n\n<li>chercher des id\u00e9es de sujet pour les travaux de Maturit\u00e9 de vos \u00e9l\u00e8ves en lien avec une branche enseign\u00e9e \u00e0 la Facult\u00e9 des lettres<\/li>\n\n\n\n<li>nous faire part de vos&nbsp;besoins&nbsp;ou de vos envies en mati\u00e8re&nbsp;de formation continue&nbsp;ou de m\u00e9diation scientifique<\/li>\n\n\n\n<li>vous d\u00e9sabonner \u00e9ventuellement \u00e0 notre infolettre courrieL<\/li>\n<\/ul>\n\n\n\n<h5 class=\"wp-block-heading\">Pour aller plus loin<\/h5>\n\n\n\n<ul class=\"wp-block-list\">\n<li><a href=\"https:\/\/www.unil.ch\/lettres\/home\/menuinst\/culture-et-mediation\/ressources-en-ligne.html\" target=\"_blank\" rel=\"noreferrer noopener\">Ressources en ligne<\/a> de la Facult\u00e9 des lettres et mises \u00e0 la disposition du public<\/li>\n\n\n\n<li><a href=\"https:\/\/www.formation-continue-unil-epfl.ch\/rechercher-formation\/?faculte=faculte-des-lettres\" target=\"_blank\" rel=\"noreferrer noopener\">Catalogue de la formation continue<\/a> d\u00e9velopp\u00e9e par la Facult\u00e9 des lettres<\/li>\n<\/ul>\n\n\n\n<p><\/p>\n","protected":false},"excerpt":{"rendered":"<p>Le&nbsp;courrieL, c&rsquo;est la lettre d&rsquo;information de la Facult\u00e9 des lettres sp\u00e9cialement con\u00e7ue et pens\u00e9e pour les enseignantes et les enseignants du Secondaire. Elle vous permet&nbsp;d&rsquo;acc\u00e9der en un clic aux diff\u00e9rentes &hellip; <\/p>\n","protected":false},"author":719,"featured_media":0,"parent":0,"menu_order":0,"comment_status":"closed","ping_status":"closed","template":"","meta":{"_seopress_robots_primary_cat":"","_seopress_titles_title":"","_seopress_titles_desc":"","_seopress_robots_index":"","footnotes":""},"class_list":["post-6827","page","type-page","status-publish"],"_links":{"self":[{"href":"https:\/\/wp.unil.ch\/infolettres\/wp-json\/wp\/v2\/pages\/6827","targetHints":{"allow":["GET"]}}],"collection":[{"href":"https:\/\/wp.unil.ch\/infolettres\/wp-json\/wp\/v2\/pages"}],"about":[{"href":"https:\/\/wp.unil.ch\/infolettres\/wp-json\/wp\/v2\/types\/page"}],"author":[{"embeddable":true,"href":"https:\/\/wp.unil.ch\/infolettres\/wp-json\/wp\/v2\/users\/719"}],"replies":[{"embeddable":true,"href":"https:\/\/wp.unil.ch\/infolettres\/wp-json\/wp\/v2\/comments?post=6827"}],"version-history":[{"count":5,"href":"https:\/\/wp.unil.ch\/infolettres\/wp-json\/wp\/v2\/pages\/6827\/revisions"}],"predecessor-version":[{"id":7581,"href":"https:\/\/wp.unil.ch\/infolettres\/wp-json\/wp\/v2\/pages\/6827\/revisions\/7581"}],"wp:attachment":[{"href":"https:\/\/wp.unil.ch\/infolettres\/wp-json\/wp\/v2\/media?parent=6827"}],"curies":[{"name":"wp","href":"https:\/\/api.w.org\/{rel}","templated":true}]}}