{"id":335,"date":"2025-05-20T09:07:48","date_gmt":"2025-05-20T07:07:48","guid":{"rendered":"https:\/\/wp.unil.ch\/infolettres-unites\/?page_id=335"},"modified":"2025-07-01T10:43:16","modified_gmt":"2025-07-01T08:43:16","slug":"le-fil-de-lefle","status":"publish","type":"page","link":"https:\/\/wp.unil.ch\/infolettres-unites\/le-fil-de-lefle\/","title":{"rendered":"Le FIL de l&rsquo;EFLE"},"content":{"rendered":"\n<p>Le <a href=\"https:\/\/www.unil.ch\/lefil\/fr\/home.html\">FIL de l&rsquo;\u00c9cole de fran\u00e7ais langue \u00e9trang\u00e8re<\/a> propose des cours intensifs de fran\u00e7ais \u00e0 l&rsquo;intention des allophones. Retrouvez les actualit\u00e9s du FIL dans son infolettre !<\/p>\n\n\n\n<div class=\"wp-block-columns is-layout-flex wp-container-core-columns-is-layout-9d6595d7 wp-block-columns-is-layout-flex\">\n<div class=\"wp-block-column is-layout-flow wp-block-column-is-layout-flow\">\n<h4 class=\"wp-block-heading\">Abonnement<\/h4>\n\n\n\n<p>Vous souhaitez recevoir l&rsquo;infolettre du FIL ? Abonnez-vous en remplissant le champ ci-dessous.<\/p>\n\n\n  \n  \n  <div class=\"\n    mailpoet_form_popup_overlay\n      \"><\/div>\n  <div\n    id=\"mailpoet_form_12\"\n    class=\"\n      mailpoet_form\n      mailpoet_form_html\n      mailpoet_form_position_\n      mailpoet_form_animation_\n    \"\n      >\n\n    <style type=\"text\/css\">\n     #mailpoet_form_12 .mailpoet_form {  }\n#mailpoet_form_12 .mailpoet_column_with_background { padding: 10px; }\n#mailpoet_form_12 .mailpoet_form_column:not(:first-child) { margin-left: 20px; }\n#mailpoet_form_12 .mailpoet_paragraph { line-height: 20px; margin-bottom: 20px; }\n#mailpoet_form_12 .mailpoet_segment_label, #mailpoet_form_12 .mailpoet_text_label, #mailpoet_form_12 .mailpoet_textarea_label, #mailpoet_form_12 .mailpoet_select_label, #mailpoet_form_12 .mailpoet_radio_label, #mailpoet_form_12 .mailpoet_checkbox_label, #mailpoet_form_12 .mailpoet_list_label, #mailpoet_form_12 .mailpoet_date_label { display: block; font-weight: normal; }\n#mailpoet_form_12 .mailpoet_text, #mailpoet_form_12 .mailpoet_textarea, #mailpoet_form_12 .mailpoet_select, #mailpoet_form_12 .mailpoet_date_month, #mailpoet_form_12 .mailpoet_date_day, #mailpoet_form_12 .mailpoet_date_year, #mailpoet_form_12 .mailpoet_date { display: block; }\n#mailpoet_form_12 .mailpoet_text, #mailpoet_form_12 .mailpoet_textarea { width: 200px; }\n#mailpoet_form_12 .mailpoet_checkbox {  }\n#mailpoet_form_12 .mailpoet_submit {  }\n#mailpoet_form_12 .mailpoet_divider {  }\n#mailpoet_form_12 .mailpoet_message {  }\n#mailpoet_form_12 .mailpoet_form_loading { width: 30px; text-align: center; line-height: normal; }\n#mailpoet_form_12 .mailpoet_form_loading > span { width: 5px; height: 5px; background-color: #5b5b5b; }#mailpoet_form_12{border-radius: 0px;text-align: left;}#mailpoet_form_12 form.mailpoet_form {padding: 20px;}#mailpoet_form_12{width: 100%;}#mailpoet_form_12 .mailpoet_message {margin: 0; padding: 0 20px;}#mailpoet_form_12 .mailpoet_paragraph.last {margin-bottom: 0} @media (max-width: 500px) {#mailpoet_form_12 {background-image: none;}} @media (min-width: 500px) {#mailpoet_form_12 .last .mailpoet_paragraph:last-child {margin-bottom: 0}}  @media (max-width: 500px) {#mailpoet_form_12 .mailpoet_form_column:last-child .mailpoet_paragraph:last-child {margin-bottom: 0}} \n    <\/style>\n\n    <form\n      target=\"_self\"\n      method=\"post\"\n      action=\"https:\/\/wp.unil.ch\/infolettres-unites\/wp-admin\/admin-post.php?action=mailpoet_subscription_form\"\n      class=\"mailpoet_form mailpoet_form_form mailpoet_form_html\"\n      novalidate\n      data-delay=\"\"\n      data-exit-intent-enabled=\"\"\n      data-font-family=\"\"\n      data-cookie-expiration-time=\"\"\n    >\n      <input type=\"hidden\" name=\"data[form_id]\" value=\"12\" \/>\n      <input type=\"hidden\" name=\"token\" value=\"1d5afdb7e5\" \/>\n      <input type=\"hidden\" name=\"api_version\" value=\"v1\" \/>\n      <input type=\"hidden\" name=\"endpoint\" value=\"subscribers\" \/>\n      <input type=\"hidden\" name=\"mailpoet_method\" value=\"subscribe\" \/>\n\n      <label class=\"mailpoet_hp_email_label\" style=\"display: none !important;\">Veuillez laisser ce champ vide<input type=\"email\" name=\"data[email]\"\/><\/label><div class=\"mailpoet_paragraph \"><input type=\"email\" autocomplete=\"email\" class=\"mailpoet_text\" id=\"form_email_12\" name=\"data[form_field_M2M0Yzk4NzVjODlkX2VtYWls]\" title=\"Votre e-mail\" value=\"\" style=\"width:100%;box-sizing:border-box;padding:5px;margin: 0 auto 0 0;\" data-automation-id=\"form_email\"  placeholder=\"Votre e-mail *\" aria-label=\"Votre e-mail *\" data-parsley-errors-container=\".mailpoet_error_1aqao\" data-parsley-required=\"true\" required aria-required=\"true\" data-parsley-minlength=\"6\" data-parsley-maxlength=\"150\" data-parsley-type-message=\"Cette valeur doit \u00eatre un e-mail valide.\" data-parsley-required-message=\"Ce champ est n\u00e9cessaire.\"\/><span class=\"mailpoet_error_1aqao\"><\/span><\/div>\n<div class=\"mailpoet_paragraph \"><input type=\"submit\" class=\"mailpoet_submit\" value=\"S&#039;abonner\" data-automation-id=\"subscribe-submit-button\" style=\"padding:5px;margin: 0 auto 0 0;border-color:transparent;\" \/><span class=\"mailpoet_form_loading\"><span class=\"mailpoet_bounce1\"><\/span><span class=\"mailpoet_bounce2\"><\/span><span class=\"mailpoet_bounce3\"><\/span><\/span><\/div>\n\n      <div class=\"mailpoet_message\">\n        <p class=\"mailpoet_validate_success\"\n                style=\"display:none;\"\n                >Vous vous \u00eates bien abonn\u00e9\u00b7e \u00e0 notre newsletter\u00a0!\n        <\/p>\n        <p class=\"mailpoet_validate_error\"\n                style=\"display:none;\"\n                >        <\/p>\n      <\/div>\n    <\/form>\n\n      <\/div>\n\n  <\/div>\n<\/div>\n\n\n\n<p>Pour g\u00e9rer vos abonnements ou vous d\u00e9sabonner d\u2019une ou plusieurs infolettres, veuillez cliquer sur le lien <strong>\u201cG\u00e9rer mes abonnements\u201d<\/strong> en bas de l\u2019un des emails que vous avez re\u00e7us.<\/p>\n\n\n\n<div style=\"height:20px\" aria-hidden=\"true\" class=\"wp-block-spacer\"><\/div>\n\n\n\n<h4 class=\"wp-block-heading\">Contact<\/h4>\n\n\n\n<p><a href=\"mailto:lefil-admin@unil.ch\">lefil-admin@unil.ch<\/a><\/p>\n","protected":false},"excerpt":{"rendered":"<p>Le FIL de l&rsquo;\u00c9cole de fran\u00e7ais langue \u00e9trang\u00e8re propose des cours intensifs de fran\u00e7ais \u00e0 l&rsquo;intention des allophones. Retrouvez les actualit\u00e9s du FIL dans son infolettre ! Abonnement Vous souhaitez &hellip; <\/p>\n","protected":false},"author":1002894,"featured_media":0,"parent":0,"menu_order":0,"comment_status":"closed","ping_status":"closed","template":"","meta":{"_seopress_robots_primary_cat":"","_seopress_titles_title":"","_seopress_titles_desc":"","_seopress_robots_index":"","footnotes":""},"class_list":["post-335","page","type-page","status-publish"],"_links":{"self":[{"href":"https:\/\/wp.unil.ch\/infolettres-unites\/wp-json\/wp\/v2\/pages\/335","targetHints":{"allow":["GET"]}}],"collection":[{"href":"https:\/\/wp.unil.ch\/infolettres-unites\/wp-json\/wp\/v2\/pages"}],"about":[{"href":"https:\/\/wp.unil.ch\/infolettres-unites\/wp-json\/wp\/v2\/types\/page"}],"author":[{"embeddable":true,"href":"https:\/\/wp.unil.ch\/infolettres-unites\/wp-json\/wp\/v2\/users\/1002894"}],"replies":[{"embeddable":true,"href":"https:\/\/wp.unil.ch\/infolettres-unites\/wp-json\/wp\/v2\/comments?post=335"}],"version-history":[{"count":5,"href":"https:\/\/wp.unil.ch\/infolettres-unites\/wp-json\/wp\/v2\/pages\/335\/revisions"}],"predecessor-version":[{"id":424,"href":"https:\/\/wp.unil.ch\/infolettres-unites\/wp-json\/wp\/v2\/pages\/335\/revisions\/424"}],"wp:attachment":[{"href":"https:\/\/wp.unil.ch\/infolettres-unites\/wp-json\/wp\/v2\/media?parent=335"}],"curies":[{"name":"wp","href":"https:\/\/api.w.org\/{rel}","templated":true}]}}