{"id":764,"date":"2016-11-01T09:33:05","date_gmt":"2016-11-01T08:33:05","guid":{"rendered":"http:\/\/wp.unil.ch\/impact\/?page_id=764"},"modified":"2020-04-07T10:16:49","modified_gmt":"2020-04-07T09:16:49","slug":"enseignement","status":"publish","type":"page","link":"https:\/\/wp.unil.ch\/impact\/enseignement\/","title":{"rendered":"Enseignement"},"content":{"rendered":"\n<p>IMPACT dispose de fonctions de gestion, d\u2019\u00e9tiquetage et d\u2019interrogation de base de donn\u00e9es qui peuvent servir l\u2019enseignement.<\/p>\n\n\n\n<p><em><a href=\"https:\/\/wp.unil.ch\/impact\/enseignement\/#gerer\">1. G\u00e9rer<\/a><br><a href=\"https:\/\/wp.unil.ch\/impact\/enseignement\/#etiqueter\">2. Etiqueter<\/a><br><a href=\"https:\/\/wp.unil.ch\/impact\/enseignement\/#interroger\">3. Interroger<\/a><\/em><\/p>\n\n\n\n<hr class=\"wp-block-separator\" \/>\n\n\n\n<h3 class=\"wp-block-heading\" id=\"gerer\">1. G\u00e9rer<\/h3>\n\n\n\n<div class=\"wp-block-columns is-layout-flex wp-container-core-columns-is-layout-9d6595d7 wp-block-columns-is-layout-flex\">\n<div class=\"wp-block-column is-layout-flow wp-block-column-is-layout-flow\">\n<p>Chaque fiche se voit attribuer un ou plusieurs&nbsp;<em>r\u00e9dacteurs<\/em>&nbsp;qui ont la possibilit\u00e9 de la modifier. Les&nbsp;<strong>\u00e9tats<\/strong>&nbsp;permettent de g\u00e9rer la visibilit\u00e9 de la fiche. Par d\u00e9faut, la fiche est&nbsp;<strong>priv\u00e9e<\/strong>, ce qui signifie que seuls ses&nbsp;<em>r\u00e9dacteurs<\/em>&nbsp;peuvent la voir. L\u2019\u00e9tat&nbsp;<strong>ouvert<\/strong>&nbsp;permet de donner acc\u00e8s \u00e0 la fiche au(x)&nbsp;<em>responsable<\/em>(s) de l\u2019espace, qui a aussi les droits d\u2019\u00e9dition sur les fiches. Finalement, l\u2019\u00e9tat&nbsp;<strong>ouvert<\/strong>&nbsp;permet \u00e0 tous les&nbsp;<em>utilisateurs<\/em>&nbsp;de l\u2019espace de consulter la fiche, en lecture seule.<\/p>\n\n\n\n<p>Par d\u00e9faut, un&nbsp;<strong>email<\/strong>&nbsp;est envoy\u00e9 au(x)&nbsp;<em>responsable<\/em>(s) \u00e0 chaque changement d\u2019\u00e9tat, mais cela peut \u00eatre d\u00e9sactiv\u00e9 dans les r\u00e9glages de la fiche.<\/p>\n\n\n\n<p>D\u2019autres \u00e9tats et actions sont configurables par le(s)&nbsp;<em>responsable<\/em>(s).<\/p>\n<\/div>\n\n\n\n<div class=\"wp-block-column is-layout-flow wp-block-column-is-layout-flow\">\n<figure class=\"wp-block-image size-large\"><a href=\"https:\/\/wp.unil.ch\/impact\/files\/2016\/11\/etats.png\"><img alt=\"\" loading=\"lazy\" decoding=\"async\" width=\"391\" height=\"157\" src=\"https:\/\/wp.unil.ch\/impact\/files\/2016\/11\/etats.png\" alt=\"\" class=\"wp-image-804\" srcset=\"https:\/\/wp.unil.ch\/impact\/files\/2016\/11\/etats.png 391w, https:\/\/wp.unil.ch\/impact\/files\/2016\/11\/etats-300x120.png 300w\" sizes=\"auto, (max-width: 391px) 85vw, 391px\" \/><\/a><\/figure>\n<\/div>\n<\/div>\n\n\n\n<div class=\"wp-block-columns is-layout-flex wp-container-core-columns-is-layout-9d6595d7 wp-block-columns-is-layout-flex\">\n<div class=\"wp-block-column is-layout-flow wp-block-column-is-layout-flow\">\n<p style=\"background-color:#b4d9fa\" class=\"has-background\">Exemple 1: l\u2019<strong>enseignant cr\u00e9e les fiches \u00e0 l\u2019avance<\/strong>, les\u00a0<strong>projette en classe<\/strong>\u00a0et les\u00a0<strong>rend publiques<\/strong>\u00a0pour les \u00e9tudiants \u00e0 l\u2019issue de la s\u00e9ance.<br><br>Exemple 2: l\u2019<strong>enseignant cr\u00e9e de nouveaux \u00e9tats<\/strong>\u00a0qui correspondent \u00e0 son sc\u00e9nario p\u00e9dagogique. Il propose ainsi un parcours o\u00f9 l\u2019\u00e9tudiant doit, dans l\u2019ordre, proposer un\u00a0<em>extrait<\/em>, le\u00a0<em>transcrire<\/em>\u00a0puis\u00a0<em>l\u2019analyser<\/em>. \u00c0 chaque \u00e9tape, l\u2019enseignant est averti par e-mail que l\u2019\u00e9tudiant lui a donn\u00e9 acc\u00e8s \u00e0 une partie de son travail et peut lui donner un retour.<\/p>\n<\/div>\n\n\n\n<div class=\"wp-block-column is-layout-flow wp-block-column-is-layout-flow\">\n<figure class=\"wp-block-image size-large\"><a href=\"https:\/\/wp.unil.ch\/impact\/files\/2016\/11\/configurer-un-espace.png\"><img alt=\"\" loading=\"lazy\" decoding=\"async\" width=\"796\" height=\"800\" src=\"https:\/\/wp.unil.ch\/impact\/files\/2016\/11\/configurer-un-espace.png\" alt=\"\" class=\"wp-image-781\" srcset=\"https:\/\/wp.unil.ch\/impact\/files\/2016\/11\/configurer-un-espace.png 796w, https:\/\/wp.unil.ch\/impact\/files\/2016\/11\/configurer-un-espace-150x150.png 150w, https:\/\/wp.unil.ch\/impact\/files\/2016\/11\/configurer-un-espace-768x772.png 768w, https:\/\/wp.unil.ch\/impact\/files\/2016\/11\/configurer-un-espace-624x627.png 624w\" sizes=\"auto, (max-width: 796px) 85vw, 796px\" \/><\/a><\/figure>\n<\/div>\n<\/div>\n\n\n\n<hr class=\"wp-block-separator\" \/>\n\n\n\n<h3 class=\"wp-block-heading\" id=\"etiqueter\">2. Etiqueter<\/h3>\n\n\n\n<div class=\"wp-block-columns is-layout-flex wp-container-core-columns-is-layout-9d6595d7 wp-block-columns-is-layout-flex\">\n<div class=\"wp-block-column is-layout-flow wp-block-column-is-layout-flow\">\n<p>Chaque fiche dispose d\u2019une case o\u00f9 introduire des \u00e9tiquettes (tags). Un syst\u00e8me d\u2019autocompl\u00e9tion permet de r\u00e9utiliser facilement les \u00e9tiquettes d\u00e9j\u00e0 introduites dans l\u2019espace.<\/p>\n\n\n\n<p>Dans le menu \u00abConfigurer\u00bb de chaque espace, un onglet est sp\u00e9cifiquement d\u00e9volu aux \u00e9tiquettes introduites. Il recense les \u00e9tiquettes utilis\u00e9es et permet de les renommer, d\u2019en supprimer ou d\u2019en ajouter. Finalement, une option permet de r\u00e9cup\u00e9rer le jeu d\u2019\u00e9tiquettes cr\u00e9\u00e9 dans un autre espace.<\/p>\n\n\n\n<p>Une fois des \u00e9tiquettes introduites, il est possible de filtrer les fiches d\u2019un cours, en ne faisant appara\u00eetre que celles qui pr\u00e9sentent telle ou telle \u00e9tiquette.<\/p>\n<\/div>\n\n\n\n<div class=\"wp-block-column is-layout-flow wp-block-column-is-layout-flow\">\n<figure class=\"wp-block-image size-large\"><a href=\"https:\/\/wp.unil.ch\/impact\/files\/2016\/11\/etiquettes_2.png\"><img alt=\"\" loading=\"lazy\" decoding=\"async\" width=\"662\" height=\"331\" src=\"https:\/\/wp.unil.ch\/impact\/files\/2016\/11\/etiquettes_2.png\" alt=\"\" class=\"wp-image-814\" srcset=\"https:\/\/wp.unil.ch\/impact\/files\/2016\/11\/etiquettes_2.png 662w, https:\/\/wp.unil.ch\/impact\/files\/2016\/11\/etiquettes_2-300x150.png 300w, https:\/\/wp.unil.ch\/impact\/files\/2016\/11\/etiquettes_2-624x312.png 624w\" sizes=\"auto, (max-width: 662px) 85vw, 662px\" \/><\/a><\/figure>\n\n\n\n<p style=\"background-color:#b4d9fa\" class=\"has-background\">Exemple 1 : l\u2019enseignant soumet aux \u00e9tudiants un\u00a0<strong>corpus \u00e0 \u00e9tiqueter<\/strong>. L\u2019autocompl\u00e9tion est une occasion de\u00a0<strong>partage<\/strong>\u00a0et de\u00a0<strong>discussion<\/strong>\u00a0autour des cat\u00e9gories pertinentes.<br><br>Exemple 2 : pour son\u00a0<strong>m\u00e9moire de fin d\u2019\u00e9tudes<\/strong>, un \u00e9tudiant enrichit son corpus avec des \u00e9tiquettes, qui int\u00e8grent sa\u00a0<strong>r\u00e9flexion<\/strong>\u00a0et son\u00a0<strong>d\u00e9livrable<\/strong>.<br><br>Exemple 3 : un enseignant fait varier ses\u00a0<strong>exemples<\/strong>\u00a0en puisant dans sa base de donn\u00e9es \u00e9tiquet\u00e9es par\u00a0<strong>type de ph\u00e9nom\u00e8nes<\/strong>.<\/p>\n<\/div>\n<\/div>\n\n\n\n<hr class=\"wp-block-separator\" \/>\n\n\n\n<h3 class=\"wp-block-heading\" id=\"interroger\">3. Interroger<\/h3>\n\n\n\n<div class=\"wp-block-columns is-layout-flex wp-container-core-columns-is-layout-9d6595d7 wp-block-columns-is-layout-flex\">\n<div class=\"wp-block-column is-layout-flow wp-block-column-is-layout-flow\">\n<p>IMPACT permet d\u2019op\u00e9rer des recherches textuelles au sein des diff\u00e9rentes cases et\/ou des recherches par \u00e9tiquettes.<\/p>\n\n\n\n<p style=\"background-color:#b4d9fa\" class=\"has-background\">Exemple 1 : un enseignant fait travailler les \u00e9tudiants sur les interactions \u00e0\u00a0<strong>deux locuteurs<\/strong>\u00a0qui pr\u00e9sentent les\u00a0<strong>pronoms \u00ab on \u00bb ou \u00ab nous \u00bb\u00a0<\/strong>dans la transcription.<br><br>Exemple 2 : un \u00e9tudiant a besoin d\u2019un\u00a0<strong>exemple<\/strong>\u00a0d\u2019occurrence de\u00a0<strong>\u00ab moi je \u00bb\u00a0<\/strong>pour expliquer la diff\u00e9rence entre pronoms toniques et atones.<\/p>\n<\/div>\n\n\n\n<div class=\"wp-block-column is-layout-flow wp-block-column-is-layout-flow\">\n<figure class=\"wp-block-image size-large\"><a href=\"https:\/\/wp.unil.ch\/impact\/files\/2016\/11\/chercher_2.png\"><img alt=\"\" loading=\"lazy\" decoding=\"async\" width=\"522\" height=\"283\" src=\"https:\/\/wp.unil.ch\/impact\/files\/2016\/11\/chercher_2.png\" alt=\"\" class=\"wp-image-809\" srcset=\"https:\/\/wp.unil.ch\/impact\/files\/2016\/11\/chercher_2.png 522w, https:\/\/wp.unil.ch\/impact\/files\/2016\/11\/chercher_2-300x163.png 300w\" sizes=\"auto, (max-width: 522px) 85vw, 522px\" \/><\/a><\/figure>\n<\/div>\n<\/div>\n","protected":false},"excerpt":{"rendered":"<p>IMPACT dispose de fonctions de gestion, d\u2019\u00e9tiquetage et d\u2019interrogation de base de donn\u00e9es qui peuvent servir l\u2019enseignement. 1. G\u00e9rer2. Etiqueter3. Interroger 1. G\u00e9rer Chaque fiche se voit attribuer un ou plusieurs&nbsp;r\u00e9dacteurs&nbsp;qui ont la possibilit\u00e9 de la modifier. Les&nbsp;\u00e9tats&nbsp;permettent de g\u00e9rer la visibilit\u00e9 de la fiche. Par d\u00e9faut, la fiche est&nbsp;priv\u00e9e, ce qui signifie que seuls &hellip; <a href=\"https:\/\/wp.unil.ch\/impact\/enseignement\/\" class=\"more-link\">Continuer la lecture<span class=\"screen-reader-text\"> de &laquo;&nbsp;Enseignement&nbsp;&raquo;<\/span><\/a><\/p>\n","protected":false},"author":450,"featured_media":0,"parent":0,"menu_order":5,"comment_status":"closed","ping_status":"closed","template":"","meta":{"_seopress_robots_primary_cat":"","_seopress_titles_title":"","_seopress_titles_desc":"","_seopress_robots_index":"","footnotes":""},"class_list":["post-764","page","type-page","status-publish"],"_links":{"self":[{"href":"https:\/\/wp.unil.ch\/impact\/wp-json\/wp\/v2\/pages\/764","targetHints":{"allow":["GET"]}}],"collection":[{"href":"https:\/\/wp.unil.ch\/impact\/wp-json\/wp\/v2\/pages"}],"about":[{"href":"https:\/\/wp.unil.ch\/impact\/wp-json\/wp\/v2\/types\/page"}],"author":[{"embeddable":true,"href":"https:\/\/wp.unil.ch\/impact\/wp-json\/wp\/v2\/users\/450"}],"replies":[{"embeddable":true,"href":"https:\/\/wp.unil.ch\/impact\/wp-json\/wp\/v2\/comments?post=764"}],"version-history":[{"count":0,"href":"https:\/\/wp.unil.ch\/impact\/wp-json\/wp\/v2\/pages\/764\/revisions"}],"wp:attachment":[{"href":"https:\/\/wp.unil.ch\/impact\/wp-json\/wp\/v2\/media?parent=764"}],"curies":[{"name":"wp","href":"https:\/\/api.w.org\/{rel}","templated":true}]}}