{"id":746,"date":"2016-11-01T08:28:44","date_gmt":"2016-11-01T07:28:44","guid":{"rendered":"http:\/\/wp.unil.ch\/impact\/?page_id=746"},"modified":"2020-04-06T13:31:28","modified_gmt":"2020-04-06T12:31:28","slug":"pour-commencer","status":"publish","type":"page","link":"https:\/\/wp.unil.ch\/impact\/pour-commencer\/","title":{"rendered":"Pour commencer"},"content":{"rendered":"\n<h3 class=\"wp-block-heading\">La fiche, au c\u0153ur de dispositif Impact<\/h3>\n\n\n\n<div class=\"wp-block-columns is-layout-flex wp-container-core-columns-is-layout-9d6595d7 wp-block-columns-is-layout-flex\">\n<div class=\"wp-block-column is-layout-flow wp-block-column-is-layout-flow\">\n<p>L\u2019unit\u00e9 de base d\u2019Impact est la <strong>fiche<\/strong>, qui prend la forme d\u2019une <strong>page web<\/strong> pr\u00e9sentant une <strong>source<\/strong>, sa <strong>transcription<\/strong> et du <strong>contenu textuel<\/strong>. L&rsquo;objectif est de faciliter l&rsquo;analyse et la pr\u00e9sentation de donn\u00e9es audio ou vid\u00e9o en regroupant sur une seule page un m\u00e9dia source (case 1), sa transcription (case 2), des commentaires (th\u00e9oriques et pratiques; cases 3 et 4) et divers documents (articles scientifiques, sch\u00e9mas, etc. ; case 5)<\/p>\n<\/div>\n\n\n\n<div class=\"wp-block-column is-layout-flow wp-block-column-is-layout-flow\">\n<figure class=\"wp-block-image size-large\"><a href=\"https:\/\/wp.unil.ch\/impact\/files\/2013\/10\/fiche.png\"><img alt=\"\" loading=\"lazy\" decoding=\"async\" width=\"793\" height=\"800\" src=\"https:\/\/wp.unil.ch\/impact\/files\/2013\/10\/fiche.png\" alt=\"\" class=\"wp-image-600\" srcset=\"https:\/\/wp.unil.ch\/impact\/files\/2013\/10\/fiche.png 793w, https:\/\/wp.unil.ch\/impact\/files\/2013\/10\/fiche-150x150.png 150w, https:\/\/wp.unil.ch\/impact\/files\/2013\/10\/fiche-297x300.png 297w, https:\/\/wp.unil.ch\/impact\/files\/2013\/10\/fiche-624x629.png 624w\" sizes=\"auto, (max-width: 793px) 85vw, 793px\" \/><\/a><\/figure>\n<\/div>\n<\/div>\n\n\n\n<h3 class=\"wp-block-heading\">Des informations structur\u00e9es<\/h3>\n\n\n\n<div class=\"wp-block-columns is-layout-flex wp-container-core-columns-is-layout-9d6595d7 wp-block-columns-is-layout-flex\">\n<div class=\"wp-block-column is-layout-flow wp-block-column-is-layout-flow\">\n<p>Le reste du dispositif sert essentiellement \u00e0 <strong>classer et annoter<\/strong> ces fiches. La page d\u2019accueil pr\u00e9sente les <strong>espaces<\/strong> de l\u2019utilisateur connect\u00e9. Ceux-ci contiennent les <strong>fiches<\/strong>, qu\u2019il est possible de classer, de ranger dans des <strong>dossiers<\/strong> et qui peuvent \u00eatre trouv\u00e9es gr\u00e2ce \u00e0 la recherche textuelle ou par \u00e9tiquette.<\/p>\n<\/div>\n\n\n\n<div class=\"wp-block-column is-layout-flow wp-block-column-is-layout-flow\">\n<figure class=\"wp-block-image size-large\"><a href=\"https:\/\/wp.unil.ch\/impact\/files\/2016\/11\/chercher.png\"><img alt=\"\" loading=\"lazy\" decoding=\"async\" width=\"637\" height=\"180\" src=\"https:\/\/wp.unil.ch\/impact\/files\/2016\/11\/chercher.png\" alt=\"\" class=\"wp-image-755\" srcset=\"https:\/\/wp.unil.ch\/impact\/files\/2016\/11\/chercher.png 637w, https:\/\/wp.unil.ch\/impact\/files\/2016\/11\/chercher-300x85.png 300w, https:\/\/wp.unil.ch\/impact\/files\/2016\/11\/chercher-624x176.png 624w\" sizes=\"auto, (max-width: 637px) 85vw, 637px\" \/><\/a><\/figure>\n<\/div>\n<\/div>\n\n\n\n<h3 class=\"wp-block-heading\">Gestion des utilisateurs<\/h3>\n\n\n\n<div class=\"wp-block-columns is-layout-flex wp-container-core-columns-is-layout-9d6595d7 wp-block-columns-is-layout-flex\">\n<div class=\"wp-block-column is-layout-flow wp-block-column-is-layout-flow\">\n<p>La gestion des&nbsp;<strong>utilisateurs<\/strong>&nbsp;(inscription aux espace et r\u00f4le) se fait soit via Moodle (\u00e0 l\u2019UNIL, demander \u00e0 l\u2019ing\u00e9nieur p\u00e9dagogique de faire le lien avec Impact) soit directement dans la console d\u2019administration.<\/p>\n<\/div>\n\n\n\n<div class=\"wp-block-column is-layout-flow wp-block-column-is-layout-flow\">\n<figure class=\"wp-block-image size-large\"><a href=\"https:\/\/wp.unil.ch\/impact\/files\/2016\/11\/dossiers-1.png\"><img alt=\"\" loading=\"lazy\" decoding=\"async\" width=\"343\" height=\"166\" src=\"https:\/\/wp.unil.ch\/impact\/files\/2016\/11\/dossiers-1.png\" alt=\"\" class=\"wp-image-760\" srcset=\"https:\/\/wp.unil.ch\/impact\/files\/2016\/11\/dossiers-1.png 343w, https:\/\/wp.unil.ch\/impact\/files\/2016\/11\/dossiers-1-300x145.png 300w\" sizes=\"auto, (max-width: 343px) 85vw, 343px\" \/><\/a><\/figure>\n<\/div>\n<\/div>\n\n\n\n<p><\/p>\n","protected":false},"excerpt":{"rendered":"<p>La fiche, au c\u0153ur de dispositif Impact L\u2019unit\u00e9 de base d\u2019Impact est la fiche, qui prend la forme d\u2019une page web pr\u00e9sentant une source, sa transcription et du contenu textuel. L&rsquo;objectif est de faciliter l&rsquo;analyse et la pr\u00e9sentation de donn\u00e9es audio ou vid\u00e9o en regroupant sur une seule page un m\u00e9dia source (case 1), sa &hellip; <a href=\"https:\/\/wp.unil.ch\/impact\/pour-commencer\/\" class=\"more-link\">Continuer la lecture<span class=\"screen-reader-text\"> de &laquo;&nbsp;Pour commencer&nbsp;&raquo;<\/span><\/a><\/p>\n","protected":false},"author":450,"featured_media":0,"parent":0,"menu_order":1,"comment_status":"closed","ping_status":"closed","template":"","meta":{"_seopress_robots_primary_cat":"","_seopress_titles_title":"","_seopress_titles_desc":"","_seopress_robots_index":"","footnotes":""},"class_list":["post-746","page","type-page","status-publish"],"_links":{"self":[{"href":"https:\/\/wp.unil.ch\/impact\/wp-json\/wp\/v2\/pages\/746","targetHints":{"allow":["GET"]}}],"collection":[{"href":"https:\/\/wp.unil.ch\/impact\/wp-json\/wp\/v2\/pages"}],"about":[{"href":"https:\/\/wp.unil.ch\/impact\/wp-json\/wp\/v2\/types\/page"}],"author":[{"embeddable":true,"href":"https:\/\/wp.unil.ch\/impact\/wp-json\/wp\/v2\/users\/450"}],"replies":[{"embeddable":true,"href":"https:\/\/wp.unil.ch\/impact\/wp-json\/wp\/v2\/comments?post=746"}],"version-history":[{"count":0,"href":"https:\/\/wp.unil.ch\/impact\/wp-json\/wp\/v2\/pages\/746\/revisions"}],"wp:attachment":[{"href":"https:\/\/wp.unil.ch\/impact\/wp-json\/wp\/v2\/media?parent=746"}],"curies":[{"name":"wp","href":"https:\/\/api.w.org\/{rel}","templated":true}]}}