{"id":698,"date":"2016-09-15T17:19:59","date_gmt":"2016-09-15T16:19:59","guid":{"rendered":"http:\/\/wp.unil.ch\/impact\/?page_id=698"},"modified":"2020-04-07T10:15:26","modified_gmt":"2020-04-07T09:15:26","slug":"recherche","status":"publish","type":"page","link":"https:\/\/wp.unil.ch\/impact\/recherche\/","title":{"rendered":"Recherche"},"content":{"rendered":"\n<p>IMPACT peut servir la recherche dans la mesure o\u00f9 plusieurs fonctions permettent la gestion, l\u2019\u00e9tiquetage et l\u2019interrogation d\u2019une base de donn\u00e9es.<\/p>\n\n\n\n<p><em><a href=\"https:\/\/wp.unil.ch\/impact\/recherche\/#gerer\">1. G\u00e9rer<\/a><br><a href=\"https:\/\/wp.unil.ch\/impact\/recherche\/#etiqueter\">2. Etiqueter<\/a><br><a href=\"https:\/\/wp.unil.ch\/impact\/recherche\/#interroger\">3. Interroger<\/a><\/em><\/p>\n\n\n\n\n\n<hr class=\"wp-block-separator\" \/>\n\n\n\n<h3 class=\"wp-block-heading\" id=\"gerer\">1. G\u00e9rer<\/h3>\n\n\n\n<div class=\"wp-block-columns is-layout-flex wp-container-core-columns-is-layout-9d6595d7 wp-block-columns-is-layout-flex\">\n<div class=\"wp-block-column is-layout-flow wp-block-column-is-layout-flow\">\n<p>Chaque fiche se voit attribuer un ou plusieurs&nbsp;<em>r\u00e9dacteurs<\/em>&nbsp;qui ont la possibilit\u00e9 de la modifier. Les&nbsp;<strong>\u00e9tats<\/strong>&nbsp;permettent de g\u00e9rer la visibilit\u00e9 de la fiche. Par d\u00e9faut, la fiche est&nbsp;<strong>priv\u00e9e<\/strong>, ce qui signifie que seuls ses&nbsp;<em>r\u00e9dacteurs<\/em>&nbsp;peuvent la voir. L\u2019\u00e9tat&nbsp;<strong>ouvert<\/strong>&nbsp;permet de donner acc\u00e8s \u00e0 la fiche au(x)&nbsp;<em>responsable<\/em>(s) de l\u2019espace, qui a aussi les droits d\u2019\u00e9dition sur les fiches. Finalement, l\u2019\u00e9tat&nbsp;<strong>ouvert<\/strong>&nbsp;permet \u00e0 tous les&nbsp;<em>utilisateurs<\/em>&nbsp;de l\u2019espace de consulter la fiche, en lecture seule.<\/p>\n\n\n\n<p>Par d\u00e9faut, un&nbsp;<strong>email<\/strong>&nbsp;est envoy\u00e9 au(x)&nbsp;<em>responsable<\/em>(s) \u00e0 chaque changement d\u2019\u00e9tat, mais cela peut \u00eatre d\u00e9sactiv\u00e9 dans les r\u00e9glages de la fiche.<\/p>\n\n\n\n<p>D\u2019autres \u00e9tats et actions sont configurables par le(s)&nbsp;<em>responsable<\/em>(s).<\/p>\n<\/div>\n\n\n\n<div class=\"wp-block-column is-layout-flow wp-block-column-is-layout-flow\">\n<figure class=\"wp-block-image size-large\"><a href=\"https:\/\/wp.unil.ch\/impact\/files\/2016\/11\/etats.png\"><img alt=\"\" loading=\"lazy\" decoding=\"async\" width=\"391\" height=\"157\" src=\"https:\/\/wp.unil.ch\/impact\/files\/2016\/11\/etats.png\" alt=\"\" class=\"wp-image-804\" srcset=\"https:\/\/wp.unil.ch\/impact\/files\/2016\/11\/etats.png 391w, https:\/\/wp.unil.ch\/impact\/files\/2016\/11\/etats-300x120.png 300w\" sizes=\"auto, (max-width: 391px) 85vw, 391px\" \/><\/a><\/figure>\n\n\n\n<p style=\"background-color:#b4d9fa\" class=\"has-background\">Exemple 1 : une\u00a0<strong>chercheuse travaille individuellement<\/strong>\u00a0sur des donn\u00e9es puis les rend disponibles \u00e0 son\u00a0<strong>\u00e9quipe de recherche<\/strong>.<br><br>Exemple 2 : un\u00a0<strong>doctorant donne acc\u00e8s \u00e0 une transcription<\/strong>\u00a0\u00e0 sa directrice pour qu\u2019elle puisse la\u00a0<strong>r\u00e9viser<\/strong>.<\/p>\n<\/div>\n<\/div>\n\n\n\n<hr class=\"wp-block-separator\" \/>\n\n\n\n<h3 class=\"wp-block-heading\" id=\"etiqueter\">2. Etiqueter<\/h3>\n\n\n\n<div class=\"wp-block-columns is-layout-flex wp-container-core-columns-is-layout-9d6595d7 wp-block-columns-is-layout-flex\">\n<div class=\"wp-block-column is-layout-flow wp-block-column-is-layout-flow\">\n<p>Chaque fiche dispose d\u2019une case o\u00f9 introduire des \u00e9tiquettes (tags). Un syst\u00e8me d\u2019autocompl\u00e9tion permet de r\u00e9utiliser facilement les \u00e9tiquettes d\u00e9j\u00e0 introduites dans l\u2019espace.<\/p>\n\n\n\n<p>Dans le menu \u00abConfigurer\u00bb de chaque espace, un onglet est sp\u00e9cifiquement d\u00e9volu aux \u00e9tiquettes introduites. Il recense les \u00e9tiquettes utilis\u00e9es et permet de les renommer, d\u2019en supprimer ou d\u2019en ajouter. Finalement, une option permet de r\u00e9cup\u00e9rer le jeu d\u2019\u00e9tiquettes cr\u00e9\u00e9 dans un autre espace.<\/p>\n\n\n\n<p>Une fois des \u00e9tiquettes introduites, il est possible de filtrer les fiches d\u2019un cours, en ne faisant appara\u00eetre que celles qui pr\u00e9sentent telle ou telle \u00e9tiquette.<\/p>\n<\/div>\n\n\n\n<div class=\"wp-block-column is-layout-flow wp-block-column-is-layout-flow\">\n<figure class=\"wp-block-image size-large\"><a href=\"https:\/\/wp.unil.ch\/impact\/files\/2016\/11\/etiquettes_2.png\"><img alt=\"\" loading=\"lazy\" decoding=\"async\" width=\"662\" height=\"331\" src=\"https:\/\/wp.unil.ch\/impact\/files\/2016\/11\/etiquettes_2.png\" alt=\"\" class=\"wp-image-814\" srcset=\"https:\/\/wp.unil.ch\/impact\/files\/2016\/11\/etiquettes_2.png 662w, https:\/\/wp.unil.ch\/impact\/files\/2016\/11\/etiquettes_2-300x150.png 300w, https:\/\/wp.unil.ch\/impact\/files\/2016\/11\/etiquettes_2-624x312.png 624w\" sizes=\"auto, (max-width: 662px) 85vw, 662px\" \/><\/a><\/figure>\n\n\n\n<p style=\"background-color:#b4d9fa\" class=\"has-background\">Exemple 1 : un doctorant travaillant sur les interactions m\u00e9dicales d\u00e9sire les s\u00e9quences pr\u00e9sentant du\u00a0<strong>rire<\/strong>.<br><br>Exemple 2 : une \u00e9quipe de chercheurs travaillant sur le code-switching se concentre temporairement sur les\u00a0<strong>s\u00e9quences narratives<\/strong>.<br><br>Exemple 3 : un chercheur travaillant sur l\u2019argumentation extrait les s\u00e9quences \u00e0\u00a0<strong>trois locuteurs<\/strong>\u00a0engag\u00e9s dans un\u00a0<strong>repas de famille<\/strong>.<\/p>\n<\/div>\n<\/div>\n\n\n\n<hr class=\"wp-block-separator\" \/>\n\n\n\n<h3 class=\"wp-block-heading\" id=\"interroger\">3. Interroger<\/h3>\n\n\n\n<div class=\"wp-block-columns is-layout-flex wp-container-core-columns-is-layout-9d6595d7 wp-block-columns-is-layout-flex\">\n<div class=\"wp-block-column is-layout-flow wp-block-column-is-layout-flow\">\n<p>IMPACT permet d\u2019op\u00e9rer des recherches textuelles au sein des diff\u00e9rentes cases et\/ou des recherches par \u00e9tiquettes.<\/p>\n<\/div>\n\n\n\n<div class=\"wp-block-column is-layout-flow wp-block-column-is-layout-flow\">\n<figure class=\"wp-block-image size-large\"><a href=\"https:\/\/wp.unil.ch\/impact\/files\/2016\/11\/chercher_2.png\"><img alt=\"\" loading=\"lazy\" decoding=\"async\" width=\"522\" height=\"283\" src=\"https:\/\/wp.unil.ch\/impact\/files\/2016\/11\/chercher_2.png\" alt=\"\" class=\"wp-image-809\" srcset=\"https:\/\/wp.unil.ch\/impact\/files\/2016\/11\/chercher_2.png 522w, https:\/\/wp.unil.ch\/impact\/files\/2016\/11\/chercher_2-300x163.png 300w\" sizes=\"auto, (max-width: 522px) 85vw, 522px\" \/><\/a><\/figure>\n\n\n\n<p style=\"background-color:#b4d9fa\" class=\"has-background\">Exemple 1 : un chercheur isole toutes les interactions \u00e0\u00a0<strong>deux locuteurs<\/strong>\u00a0qui pr\u00e9sentent le\u00a0<strong>pronom \u00ab on \u00bb\u00a0<\/strong>dans la transcription.<br><br>Exemple 2 : une \u00e9quipe travaille sur les\u00a0<strong>pr\u00e9sentatifs<\/strong>\u00a0et isole les extraits pr\u00e9sentant \u00ab c\u2019est \u00bb et\u00a0<strong>\u00ab(il) y a \u00bb\u00a0<\/strong>.<\/p>\n<\/div>\n<\/div>\n","protected":false},"excerpt":{"rendered":"<p>IMPACT peut servir la recherche dans la mesure o\u00f9 plusieurs fonctions permettent la gestion, l\u2019\u00e9tiquetage et l\u2019interrogation d\u2019une base de donn\u00e9es. 1. G\u00e9rer2. Etiqueter3. Interroger 1. G\u00e9rer Chaque fiche se voit attribuer un ou plusieurs&nbsp;r\u00e9dacteurs&nbsp;qui ont la possibilit\u00e9 de la modifier. Les&nbsp;\u00e9tats&nbsp;permettent de g\u00e9rer la visibilit\u00e9 de la fiche. Par d\u00e9faut, la fiche est&nbsp;priv\u00e9e, ce &hellip; <a href=\"https:\/\/wp.unil.ch\/impact\/recherche\/\" class=\"more-link\">Continuer la lecture<span class=\"screen-reader-text\"> de &laquo;&nbsp;Recherche&nbsp;&raquo;<\/span><\/a><\/p>\n","protected":false},"author":450,"featured_media":0,"parent":0,"menu_order":6,"comment_status":"closed","ping_status":"closed","template":"","meta":{"_seopress_robots_primary_cat":"","_seopress_titles_title":"","_seopress_titles_desc":"","_seopress_robots_index":"","footnotes":""},"class_list":["post-698","page","type-page","status-publish"],"_links":{"self":[{"href":"https:\/\/wp.unil.ch\/impact\/wp-json\/wp\/v2\/pages\/698","targetHints":{"allow":["GET"]}}],"collection":[{"href":"https:\/\/wp.unil.ch\/impact\/wp-json\/wp\/v2\/pages"}],"about":[{"href":"https:\/\/wp.unil.ch\/impact\/wp-json\/wp\/v2\/types\/page"}],"author":[{"embeddable":true,"href":"https:\/\/wp.unil.ch\/impact\/wp-json\/wp\/v2\/users\/450"}],"replies":[{"embeddable":true,"href":"https:\/\/wp.unil.ch\/impact\/wp-json\/wp\/v2\/comments?post=698"}],"version-history":[{"count":0,"href":"https:\/\/wp.unil.ch\/impact\/wp-json\/wp\/v2\/pages\/698\/revisions"}],"wp:attachment":[{"href":"https:\/\/wp.unil.ch\/impact\/wp-json\/wp\/v2\/media?parent=698"}],"curies":[{"name":"wp","href":"https:\/\/api.w.org\/{rel}","templated":true}]}}