{"id":2,"date":"2013-01-24T08:08:01","date_gmt":"2013-01-24T07:08:01","guid":{"rendered":"http:\/\/wp.unil.ch\/impact\/?page_id=2"},"modified":"2020-04-06T12:21:26","modified_gmt":"2020-04-06T11:21:26","slug":"impact-en-quelques-mots","status":"publish","type":"page","link":"https:\/\/wp.unil.ch\/impact\/","title":{"rendered":"IMPACT en quelques mots"},"content":{"rendered":"\n<p>IMPACT est un outil p\u00e9dagogique d\u00e9velopp\u00e9 \u00e0 l\u2019Universit\u00e9 de Lausanne. Il s\u2019adresse aux enseignants, chercheurs et \u00e9tudiants&nbsp;concern\u00e9s par la consultation, la transcription et le commentaire de sources audio-visuelles.<\/p>\n\n\n\n<p>L\u2019outil est d\u00e9velopp\u00e9 depuis 2010. En 2011, il a b\u00e9n\u00e9fici\u00e9 du soutien du Fonds d\u2019Innovation P\u00e9dagogique (<a href=\"https:\/\/www.unil.ch\/fip\">FIP<\/a>) de l\u2019Universit\u00e9 de Lausanne. Depuis 2012, il est financ\u00e9 conjointement par le R\u00e9seau Interfacultaire de Soutien Enseignement et Technologie (<a href=\"https:\/\/www.unil.ch\/riset\/\">RISET<\/a>) et par la Facult\u00e9 des lettres.<\/p>\n\n\n\n<hr class=\"wp-block-separator\" \/>\n\n\n\n<h3 class=\"wp-block-heading\">Film de pr\u00e9sentation<\/h3>\n\n\n<div style=\"width: 640px;\" class=\"wp-video\"><video class=\"wp-video-shortcode\" id=\"video-2-1\" width=\"640\" height=\"360\" poster=\"https:\/\/wp.unil.ch\/impact\/files\/2013\/10\/poster.jpg\" controls=\"controls\"><source type=\"video\/mp4\" src=\"https:\/\/av.unil.ch\/hva\/1347\/fip-projetimpact_hd.mp4?_=1\" \/><source type=\"video\/webm\" src=\"https:\/\/av.unil.ch\/hva\/1347\/fip-projetimpact_hd.webm?_=1\" \/><a href=\"https:\/\/av.unil.ch\/hva\/1347\/fip-projetimpact_hd.mp4\">https:\/\/av.unil.ch\/hva\/1347\/fip-projetimpact_hd.mp4<\/a><\/video><\/div>\n","protected":false},"excerpt":{"rendered":"<p>IMPACT est un outil p\u00e9dagogique d\u00e9velopp\u00e9 \u00e0 l\u2019Universit\u00e9 de Lausanne. Il s\u2019adresse aux enseignants, chercheurs et \u00e9tudiants&nbsp;concern\u00e9s par la consultation, la transcription et le commentaire de sources audio-visuelles. L\u2019outil est d\u00e9velopp\u00e9 depuis 2010. En 2011, il a b\u00e9n\u00e9fici\u00e9 du soutien du Fonds d\u2019Innovation P\u00e9dagogique (FIP) de l\u2019Universit\u00e9 de Lausanne. Depuis 2012, il est financ\u00e9 conjointement &hellip; <a href=\"https:\/\/wp.unil.ch\/impact\/\" class=\"more-link\">Continuer la lecture<span class=\"screen-reader-text\"> de &laquo;&nbsp;IMPACT en quelques mots&nbsp;&raquo;<\/span><\/a><\/p>\n","protected":false},"author":450,"featured_media":0,"parent":0,"menu_order":0,"comment_status":"closed","ping_status":"closed","template":"","meta":{"_seopress_robots_primary_cat":"","_seopress_titles_title":"","_seopress_titles_desc":"","_seopress_robots_index":"","footnotes":""},"class_list":["post-2","page","type-page","status-publish"],"_links":{"self":[{"href":"https:\/\/wp.unil.ch\/impact\/wp-json\/wp\/v2\/pages\/2","targetHints":{"allow":["GET"]}}],"collection":[{"href":"https:\/\/wp.unil.ch\/impact\/wp-json\/wp\/v2\/pages"}],"about":[{"href":"https:\/\/wp.unil.ch\/impact\/wp-json\/wp\/v2\/types\/page"}],"author":[{"embeddable":true,"href":"https:\/\/wp.unil.ch\/impact\/wp-json\/wp\/v2\/users\/450"}],"replies":[{"embeddable":true,"href":"https:\/\/wp.unil.ch\/impact\/wp-json\/wp\/v2\/comments?post=2"}],"version-history":[{"count":0,"href":"https:\/\/wp.unil.ch\/impact\/wp-json\/wp\/v2\/pages\/2\/revisions"}],"wp:attachment":[{"href":"https:\/\/wp.unil.ch\/impact\/wp-json\/wp\/v2\/media?parent=2"}],"curies":[{"name":"wp","href":"https:\/\/api.w.org\/{rel}","templated":true}]}}