{"id":9,"date":"2017-03-14T09:13:04","date_gmt":"2017-03-14T08:13:04","guid":{"rendered":"http:\/\/wp.unil.ch\/icare\/?page_id=9"},"modified":"2018-01-12T18:34:22","modified_gmt":"2018-01-12T17:34:22","slug":"willkommen-2","status":"publish","type":"page","link":"https:\/\/wp.unil.ch\/icare\/","title":{"rendered":"Willkommen"},"content":{"rendered":"<p>Im Rahmen des iCare-Projekts\u00a0steht die Erhaltung der Mobilit\u00e4t behinderter und dementer Menschen im Zentrum. Unter dem Begriff Ambient Assisted Living (AAL) werden bereits L\u00f6sungen f\u00fcr das selbstbestimmte Altern konzipiert. In der Demenzforschung wurden aber die aktuellen M\u00f6glichkeiten einer \u201esmarten\u201c Hilfestellung f\u00fcr Demenzkranke und Pflegende bislang nicht in spezifische, integrierte Gesamtkonzepte eingebunden. Das Forscungsprojekt iCare m\u00f6chte durch den Aufbau eines intelligenten Assistenzsystems dazu beitragen, die Mobilit\u00e4t behinderter und dementer Menschen m\u00f6glichst lange zu erhalten. Dies f\u00fchrt zur Erhaltung der Lebensqualit\u00e4t der Betroffenen und tr\u00e4gt zu einer Reduktion der Kosten f\u00fcr das Gesundheitswesen bei.<\/p>\n<p>&nbsp;<\/p>\n<p><a href=\"https:\/\/wp.unil.ch\/icare\/files\/2018\/01\/Overview.jpg\"><img alt=\"\" loading=\"lazy\" decoding=\"async\" class=\"size-full wp-image-368 aligncenter\" src=\"https:\/\/wp.unil.ch\/icare\/files\/2018\/01\/Overview.jpg\" alt=\"\" width=\"699\" height=\"441\" srcset=\"https:\/\/wp.unil.ch\/icare\/files\/2018\/01\/Overview.jpg 699w, https:\/\/wp.unil.ch\/icare\/files\/2018\/01\/Overview-300x189.jpg 300w\" sizes=\"auto, (max-width: 699px) 100vw, 699px\" \/><\/a><\/p>\n","protected":false},"excerpt":{"rendered":"<p>Im Rahmen des iCare-Projekts\u00a0steht die Erhaltung der Mobilit\u00e4t behinderter und dementer Menschen im Zentrum. Unter dem Begriff Ambient Assisted Living (AAL) werden bereits L\u00f6sungen f\u00fcr das selbstbestimmte Altern konzipiert. In der Demenzforschung wurden aber die aktuellen M\u00f6glichkeiten einer \u201esmarten\u201c Hilfestellung<\/p>\n","protected":false},"author":108,"featured_media":0,"parent":0,"menu_order":0,"comment_status":"closed","ping_status":"closed","template":"","meta":{"_seopress_robots_primary_cat":"","_seopress_titles_title":"","_seopress_titles_desc":"","_seopress_robots_index":"","footnotes":""},"class_list":["post-9","page","type-page","status-publish"],"_links":{"self":[{"href":"https:\/\/wp.unil.ch\/icare\/wp-json\/wp\/v2\/pages\/9","targetHints":{"allow":["GET"]}}],"collection":[{"href":"https:\/\/wp.unil.ch\/icare\/wp-json\/wp\/v2\/pages"}],"about":[{"href":"https:\/\/wp.unil.ch\/icare\/wp-json\/wp\/v2\/types\/page"}],"author":[{"embeddable":true,"href":"https:\/\/wp.unil.ch\/icare\/wp-json\/wp\/v2\/users\/108"}],"replies":[{"embeddable":true,"href":"https:\/\/wp.unil.ch\/icare\/wp-json\/wp\/v2\/comments?post=9"}],"version-history":[{"count":0,"href":"https:\/\/wp.unil.ch\/icare\/wp-json\/wp\/v2\/pages\/9\/revisions"}],"wp:attachment":[{"href":"https:\/\/wp.unil.ch\/icare\/wp-json\/wp\/v2\/media?parent=9"}],"curies":[{"name":"wp","href":"https:\/\/api.w.org\/{rel}","templated":true}]}}

<p>Im Rahmen des iCare-Projekts steht die Erhaltung der Mobilität behinderter und dementer Menschen im Zentrum. Unter dem Begriff Ambient Assisted Living (AAL) werden bereits Lösungen für das selbstbestimmte Altern konzipiert. In der Demenzforschung wurden aber die aktuellen Möglichkeiten einer „smarten“ Hilfestellung für Demenzkranke und Pflegende bislang nicht in spezifische, integrierte Gesamtkonzepte eingebunden. Das Forscungsprojekt iCare möchte durch den Aufbau eines intelligenten Assistenzsystems dazu beitragen, die Mobilität behinderter und dementer Menschen möglichst lange zu erhalten. Dies führt zur Erhaltung der Lebensqualität der Betroffenen und trägt zu einer Reduktion der Kosten für das Gesundheitswesen bei.</p>
<p>&nbsp;</p>
<p><a href="https://wp.unil.ch/icare/files/2018/01/Overview.jpg"><img alt="" loading="lazy" decoding="async" class="size-full wp-image-368 aligncenter" src="https://wp.unil.ch/icare/files/2018/01/Overview.jpg" alt="" width="699" height="441" srcset="https://wp.unil.ch/icare/files/2018/01/Overview.jpg 699w, https://wp.unil.ch/icare/files/2018/01/Overview-300x189.jpg 300w" sizes="auto, (max-width: 699px) 100vw, 699px" /></a></p>

<p>Im Rahmen des iCare-Projekts steht die Erhaltung der Mobilität behinderter und dementer Menschen im Zentrum. Unter dem Begriff Ambient Assisted Living (AAL) werden bereits Lösungen für das selbstbestimmte Altern konzipiert. In der Demenzforschung wurden aber die aktuellen Möglichkeiten einer „smarten“ Hilfestellung</p>
