{"id":74,"date":"2017-03-20T11:07:38","date_gmt":"2017-03-20T10:07:38","guid":{"rendered":"http:\/\/wp.unil.ch\/icare\/?page_id=74"},"modified":"2018-12-07T15:03:46","modified_gmt":"2018-12-07T14:03:46","slug":"loesungen","status":"publish","type":"page","link":"https:\/\/wp.unil.ch\/icare\/loesungen\/","title":{"rendered":"L\u00f6sungen"},"content":{"rendered":"<p>Ziel des Forschungsprojekts iCare ist es, die konzeptionellen und technologischen Herausforderungen\u00a0bei der Unterst\u00fctzung behinderter und demenzkranker Menschen mittels intelligenter Assistenzsysteme (smarte IT) zu adressieren.\u00a0Dadurch wollen wir die Eigenst\u00e4ndigkeit von Menschen mit erh\u00f6htem Hilfebedarf aufrecht erhalten und die Angeh\u00f6rigen oder andere Betreuungspersonen in ihrem Betreuungsprozess unterst\u00fctzen. Daf\u00fcr wurden im Rahmen des iCare Forschungsprojekts das Netzwerk <a href=\"https:\/\/wp.unil.ch\/icare\/desearch\/\">DeSearch<\/a> und der <a href=\"https:\/\/wp.unil.ch\/icare\/icare-bot\/\">iCare Bots<\/a>\u00a0(in der Variante als CamBot oder als ScanBot) entwickelt.<\/p>\n","protected":false},"excerpt":{"rendered":"<p>Ziel des Forschungsprojekts iCare ist es, die konzeptionellen und technologischen Herausforderungen\u00a0bei der Unterst\u00fctzung behinderter und demenzkranker Menschen mittels intelligenter Assistenzsysteme (smarte IT) zu adressieren.\u00a0Dadurch wollen wir die Eigenst\u00e4ndigkeit von Menschen mit erh\u00f6htem Hilfebedarf aufrecht erhalten und die Angeh\u00f6rigen oder andere<\/p>\n","protected":false},"author":1001528,"featured_media":0,"parent":0,"menu_order":0,"comment_status":"closed","ping_status":"closed","template":"","meta":{"_seopress_robots_primary_cat":"","_seopress_titles_title":"","_seopress_titles_desc":"","_seopress_robots_index":"","footnotes":""},"class_list":["post-74","page","type-page","status-publish"],"_links":{"self":[{"href":"https:\/\/wp.unil.ch\/icare\/wp-json\/wp\/v2\/pages\/74","targetHints":{"allow":["GET"]}}],"collection":[{"href":"https:\/\/wp.unil.ch\/icare\/wp-json\/wp\/v2\/pages"}],"about":[{"href":"https:\/\/wp.unil.ch\/icare\/wp-json\/wp\/v2\/types\/page"}],"author":[{"embeddable":true,"href":"https:\/\/wp.unil.ch\/icare\/wp-json\/wp\/v2\/users\/1001528"}],"replies":[{"embeddable":true,"href":"https:\/\/wp.unil.ch\/icare\/wp-json\/wp\/v2\/comments?post=74"}],"version-history":[{"count":0,"href":"https:\/\/wp.unil.ch\/icare\/wp-json\/wp\/v2\/pages\/74\/revisions"}],"wp:attachment":[{"href":"https:\/\/wp.unil.ch\/icare\/wp-json\/wp\/v2\/media?parent=74"}],"curies":[{"name":"wp","href":"https:\/\/api.w.org\/{rel}","templated":true}]}}