{"id":185,"date":"2024-11-29T08:00:42","date_gmt":"2024-11-29T07:00:42","guid":{"rendered":"https:\/\/wp.unil.ch\/iaunil2\/?page_id=185"},"modified":"2026-03-31T18:11:46","modified_gmt":"2026-03-31T16:11:46","slug":"ressources","status":"publish","type":"page","link":"https:\/\/wp.unil.ch\/iaunil\/ressources\/","title":{"rendered":"Ressources"},"content":{"rendered":"\n<div class=\"wp-block-group has-global-padding is-content-justification-left is-layout-constrained wp-container-core-group-is-layout-4d571bcc wp-block-group-is-layout-constrained\" style=\"margin-bottom:var(--wp--preset--spacing--40)\">\n<p class=\"has-text-align-left\" style=\"font-size:clamp(0.875rem, 0.875rem + ((1vw - 0.2rem) * 0.708), 1.3rem);\">Pour accompagner chacun\u00b7e dans l\u2019exploration de l\u2019IA, l\u2019UNIL met \u00e0 disposition une large palette de ressources : tutoriels, outils, formations, plateformes et guides. D\u00e9butant\u00b7e\u00b7s comme utilisateur\u00b7rice\u00b7s avanc\u00e9\u00b7e\u00b7s y trouveront de quoi exp\u00e9rimenter, apprendre et progresser en toute autonomie.<\/p>\n<\/div>\n\n\n\n<div class=\"wp-block-group alignwide has-global-padding is-layout-constrained wp-block-group-is-layout-constrained\" style=\"padding-top:var(--wp--preset--spacing--10);padding-bottom:var(--wp--preset--spacing--10)\">\n<div class=\"wp-block-query alignwide is-layout-flow wp-block-query-is-layout-flow\"><ul class=\"columns-3 wp-block-post-template is-layout-grid wp-container-core-post-template-is-layout-4142fc9f wp-block-post-template-is-layout-grid\"><li class=\"wp-block-post post-3781 post type-post status-publish format-standard has-post-thumbnail category-ressources\">\n\n<div class=\"wp-block-group is-vertical is-layout-flex wp-container-core-group-is-layout-604103d6 wp-block-group-is-layout-flex\" style=\"padding-bottom:var(--wp--preset--spacing--30)\"><figure style=\"aspect-ratio:16\/9;\" class=\"image-container color-4 max-size-400 wp-block-post-featured-image\"><a href=\"https:\/\/wp.unil.ch\/iaunil\/dcsr-llm-utiliser-lintelligence-artificielle-pour-la-recherche-a-lunil\/\" target=\"_self\"  ><img loading=\"lazy\" decoding=\"async\" width=\"1536\" height=\"1024\" src=\"https:\/\/wp.unil.ch\/iaunil\/files\/2026\/03\/image_3.jpg\" class=\"attachment-post-thumbnail size-post-thumbnail wp-post-image\" alt=\"DCSR-LLM : utiliser l\u2019intelligence artificielle pour la recherche \u00e0 l\u2019UNIL\" style=\"border-radius:0px;width:100%;height:100%;object-fit:cover;\" srcset=\"https:\/\/wp.unil.ch\/iaunil\/files\/2026\/03\/image_3.jpg 1536w, https:\/\/wp.unil.ch\/iaunil\/files\/2026\/03\/image_3-300x200.jpg 300w, https:\/\/wp.unil.ch\/iaunil\/files\/2026\/03\/image_3-1024x683.jpg 1024w, https:\/\/wp.unil.ch\/iaunil\/files\/2026\/03\/image_3-768x512.jpg 768w\" sizes=\"auto, (max-width: 1536px) 100vw, 1536px\" \/><\/a><\/figure>\n\n<h3 style=\"font-style:normal;font-weight:600;\" class=\"wp-block-post-title\"><a href=\"https:\/\/wp.unil.ch\/iaunil\/dcsr-llm-utiliser-lintelligence-artificielle-pour-la-recherche-a-lunil\/\" target=\"_self\" >DCSR-LLM : utiliser l\u2019intelligence artificielle pour la recherche \u00e0 l\u2019UNIL<\/a><\/h3>\n\n<div style=\"padding-top:0;padding-bottom:0;\" class=\"wp-block-post-excerpt\"><p class=\"wp-block-post-excerpt__excerpt\">Comparer des mod\u00e8les, extraire des donn\u00e9es structur\u00e9es, reproduire des workflows : DCSR-LLM aide les chercheuses et chercheurs de l&rsquo;UNIL \u00e0 utiliser l&rsquo;IA au-del\u00e0 du chatbot. <\/p><\/div><\/div>\n\n<\/li><li class=\"wp-block-post post-3731 post type-post status-publish format-standard has-post-thumbnail category-ressources\">\n\n<div class=\"wp-block-group is-vertical is-layout-flex wp-container-core-group-is-layout-604103d6 wp-block-group-is-layout-flex\" style=\"padding-bottom:var(--wp--preset--spacing--30)\"><figure style=\"aspect-ratio:16\/9;\" class=\"image-container color-4 max-size-400 wp-block-post-featured-image\"><a href=\"https:\/\/wp.unil.ch\/iaunil\/on-a-teste-pour-vous-le-mooc-intelligence-artificielle-pour-et-par-les-enseignants\/\" target=\"_self\"  ><img loading=\"lazy\" decoding=\"async\" width=\"1920\" height=\"1095\" src=\"https:\/\/wp.unil.ch\/iaunil\/files\/2026\/03\/1.jpg\" class=\"attachment-post-thumbnail size-post-thumbnail wp-post-image\" alt=\"On a test\u00e9 pour vous : le MOOC \u00ab Intelligence artificielle pour et par les enseignants \u00bb\" style=\"border-radius:0px;width:100%;height:100%;object-fit:cover;\" srcset=\"https:\/\/wp.unil.ch\/iaunil\/files\/2026\/03\/1.jpg 1920w, https:\/\/wp.unil.ch\/iaunil\/files\/2026\/03\/1-300x171.jpg 300w, https:\/\/wp.unil.ch\/iaunil\/files\/2026\/03\/1-1024x584.jpg 1024w, https:\/\/wp.unil.ch\/iaunil\/files\/2026\/03\/1-768x438.jpg 768w, https:\/\/wp.unil.ch\/iaunil\/files\/2026\/03\/1-1536x876.jpg 1536w\" sizes=\"auto, (max-width: 1920px) 100vw, 1920px\" \/><\/a><\/figure>\n\n<h3 style=\"font-style:normal;font-weight:600;\" class=\"wp-block-post-title\"><a href=\"https:\/\/wp.unil.ch\/iaunil\/on-a-teste-pour-vous-le-mooc-intelligence-artificielle-pour-et-par-les-enseignants\/\" target=\"_self\" >On a test\u00e9 pour vous : le MOOC \u00ab Intelligence artificielle pour et par les enseignants \u00bb<\/a><\/h3>\n\n<div style=\"padding-top:0;padding-bottom:0;\" class=\"wp-block-post-excerpt\"><p class=\"wp-block-post-excerpt__excerpt\">Une introduction claire, accessible et stimulante \u00e0 l\u2019IA pour les enseignant\u00b7e\u00b7s, avec vid\u00e9os, activit\u00e9s interactives et r\u00e9flexion \u00e9thique, en un peu plus de 3 heures. <\/p><\/div><\/div>\n\n<\/li><li class=\"wp-block-post post-3725 post type-post status-publish format-standard has-post-thumbnail category-ressources\">\n\n<div class=\"wp-block-group is-vertical is-layout-flex wp-container-core-group-is-layout-604103d6 wp-block-group-is-layout-flex\" style=\"padding-bottom:var(--wp--preset--spacing--30)\"><figure style=\"aspect-ratio:16\/9;\" class=\"image-container color-4 max-size-400 wp-block-post-featured-image\"><a href=\"https:\/\/wp.unil.ch\/iaunil\/on-a-teste-pour-vous-le-mooc-lintelligence-artificielle-avec-intelligence\/\" target=\"_self\"  ><img loading=\"lazy\" decoding=\"async\" width=\"1920\" height=\"1094\" src=\"https:\/\/wp.unil.ch\/iaunil\/files\/2026\/03\/2.jpg\" class=\"attachment-post-thumbnail size-post-thumbnail wp-post-image\" alt=\"On a test\u00e9 pour vous : le MOOC \u00ab L\u2019Intelligence Artificielle\u2026 avec intelligence ! \u00bb\" style=\"border-radius:0px;width:100%;height:100%;object-fit:cover;\" srcset=\"https:\/\/wp.unil.ch\/iaunil\/files\/2026\/03\/2.jpg 1920w, https:\/\/wp.unil.ch\/iaunil\/files\/2026\/03\/2-300x171.jpg 300w, https:\/\/wp.unil.ch\/iaunil\/files\/2026\/03\/2-1024x583.jpg 1024w, https:\/\/wp.unil.ch\/iaunil\/files\/2026\/03\/2-768x438.jpg 768w, https:\/\/wp.unil.ch\/iaunil\/files\/2026\/03\/2-1536x875.jpg 1536w\" sizes=\"auto, (max-width: 1920px) 100vw, 1920px\" \/><\/a><\/figure>\n\n<h3 style=\"font-style:normal;font-weight:600;\" class=\"wp-block-post-title\"><a href=\"https:\/\/wp.unil.ch\/iaunil\/on-a-teste-pour-vous-le-mooc-lintelligence-artificielle-avec-intelligence\/\" target=\"_self\" >On a test\u00e9 pour vous : le MOOC \u00ab L\u2019Intelligence Artificielle\u2026 avec intelligence ! \u00bb<\/a><\/h3>\n\n<div style=\"padding-top:0;padding-bottom:0;\" class=\"wp-block-post-excerpt\"><p class=\"wp-block-post-excerpt__excerpt\">Une formation dense et structur\u00e9e pour les enseignant\u00b7e\u00b7s qui souhaitent mieux comprendre l\u2019IA, ses impacts \u00e9ducatifs et ses applications concr\u00e8tes en classe. <\/p><\/div><\/div>\n\n<\/li><li class=\"wp-block-post post-3672 post type-post status-publish format-standard has-post-thumbnail category-ressources\">\n\n<div class=\"wp-block-group is-vertical is-layout-flex wp-container-core-group-is-layout-604103d6 wp-block-group-is-layout-flex\" style=\"padding-bottom:var(--wp--preset--spacing--30)\"><figure style=\"aspect-ratio:16\/9;\" class=\"image-container color-4 max-size-400 wp-block-post-featured-image\"><a href=\"https:\/\/wp.unil.ch\/iaunil\/creer-un-assistant-ia-personnalise-outils-methodes-et-bonnes-pratiques-academiques\/\" target=\"_self\"  ><img loading=\"lazy\" decoding=\"async\" width=\"1232\" height=\"928\" src=\"https:\/\/wp.unil.ch\/iaunil\/files\/2026\/03\/0_1.jpg\" class=\"attachment-post-thumbnail size-post-thumbnail wp-post-image\" alt=\"Cr\u00e9er un assistant IA personnalis\u00e9 : outils, m\u00e9thodes et bonnes pratiques\" style=\"border-radius:0px;width:100%;height:100%;object-fit:cover;\" srcset=\"https:\/\/wp.unil.ch\/iaunil\/files\/2026\/03\/0_1.jpg 1232w, https:\/\/wp.unil.ch\/iaunil\/files\/2026\/03\/0_1-300x226.jpg 300w, https:\/\/wp.unil.ch\/iaunil\/files\/2026\/03\/0_1-1024x771.jpg 1024w, https:\/\/wp.unil.ch\/iaunil\/files\/2026\/03\/0_1-768x578.jpg 768w\" sizes=\"auto, (max-width: 1232px) 100vw, 1232px\" \/><\/a><\/figure>\n\n<h3 style=\"font-style:normal;font-weight:600;\" class=\"wp-block-post-title\"><a href=\"https:\/\/wp.unil.ch\/iaunil\/creer-un-assistant-ia-personnalise-outils-methodes-et-bonnes-pratiques-academiques\/\" target=\"_self\" >Cr\u00e9er un assistant IA personnalis\u00e9 : outils, m\u00e9thodes et bonnes pratiques<\/a><\/h3>\n\n<div style=\"padding-top:0;padding-bottom:0;\" class=\"wp-block-post-excerpt\"><p class=\"wp-block-post-excerpt__excerpt\">D\u00e9couvrez comment concevoir un assistant IA adapt\u00e9 \u00e0 vos besoins acad\u00e9miques : outils, configuration, bonnes pratiques et limites pour un usage efficace et s\u00e9curis\u00e9. <\/p><\/div><\/div>\n\n<\/li><li class=\"wp-block-post post-3416 post type-post status-publish format-standard has-post-thumbnail category-ressources\">\n\n<div class=\"wp-block-group is-vertical is-layout-flex wp-container-core-group-is-layout-604103d6 wp-block-group-is-layout-flex\" style=\"padding-bottom:var(--wp--preset--spacing--30)\"><figure style=\"aspect-ratio:16\/9;\" class=\"image-container color-4 max-size-400 wp-block-post-featured-image\"><a href=\"https:\/\/wp.unil.ch\/iaunil\/lia-comme-assistant-de-recherche-outils-incontournables-pour-la-revue-de-litterature\/\" target=\"_self\"  ><img loading=\"lazy\" decoding=\"async\" width=\"1232\" height=\"928\" src=\"https:\/\/wp.unil.ch\/iaunil\/files\/2026\/03\/0_3.jpg\" class=\"attachment-post-thumbnail size-post-thumbnail wp-post-image\" alt=\"Revue de litt\u00e9rature scientifique : huit outils d\u2019IA pour explorer, structurer et analyser un corpus\" style=\"border-radius:0px;width:100%;height:100%;object-fit:cover;\" srcset=\"https:\/\/wp.unil.ch\/iaunil\/files\/2026\/03\/0_3.jpg 1232w, https:\/\/wp.unil.ch\/iaunil\/files\/2026\/03\/0_3-300x226.jpg 300w, https:\/\/wp.unil.ch\/iaunil\/files\/2026\/03\/0_3-1024x771.jpg 1024w, https:\/\/wp.unil.ch\/iaunil\/files\/2026\/03\/0_3-768x578.jpg 768w\" sizes=\"auto, (max-width: 1232px) 100vw, 1232px\" \/><\/a><\/figure>\n\n<h3 style=\"font-style:normal;font-weight:600;\" class=\"wp-block-post-title\"><a href=\"https:\/\/wp.unil.ch\/iaunil\/lia-comme-assistant-de-recherche-outils-incontournables-pour-la-revue-de-litterature\/\" target=\"_self\" >Revue de litt\u00e9rature scientifique : huit outils d\u2019IA pour explorer, structurer et analyser un corpus<\/a><\/h3>\n\n<div style=\"padding-top:0;padding-bottom:0;\" class=\"wp-block-post-excerpt\"><p class=\"wp-block-post-excerpt__excerpt\">Une s\u00e9lection de huit outils utiles pour explorer un champ, structurer un corpus et analyser des r\u00e9f\u00e9rences, tout en gardant une distance critique face aux synth\u00e8ses automatis\u00e9es. <\/p><\/div><\/div>\n\n<\/li><li class=\"wp-block-post post-3015 post type-post status-publish format-standard has-post-thumbnail category-ressources\">\n\n<div class=\"wp-block-group is-vertical is-layout-flex wp-container-core-group-is-layout-604103d6 wp-block-group-is-layout-flex\" style=\"padding-bottom:var(--wp--preset--spacing--30)\"><figure style=\"aspect-ratio:16\/9;\" class=\"image-container color-4 max-size-400 wp-block-post-featured-image\"><a href=\"https:\/\/wp.unil.ch\/iaunil\/ia-et-vie-privee-comment-sopposer-a-la-reutilisation-de-ses-donnees-personnelles-pour-lentrainement-dagents-conversationnels\/\" target=\"_self\"  ><img loading=\"lazy\" decoding=\"async\" width=\"1536\" height=\"1024\" src=\"https:\/\/wp.unil.ch\/iaunil\/files\/2025\/10\/ia-et-vie-privee.jpg\" class=\"attachment-post-thumbnail size-post-thumbnail wp-post-image\" alt=\"IA et vie priv\u00e9e : comment emp\u00eacher la r\u00e9utilisation de vos donn\u00e9es personnelles\" style=\"border-radius:0px;width:100%;height:100%;object-fit:cover;\" srcset=\"https:\/\/wp.unil.ch\/iaunil\/files\/2025\/10\/ia-et-vie-privee.jpg 1536w, https:\/\/wp.unil.ch\/iaunil\/files\/2025\/10\/ia-et-vie-privee-300x200.jpg 300w, https:\/\/wp.unil.ch\/iaunil\/files\/2025\/10\/ia-et-vie-privee-1024x683.jpg 1024w, https:\/\/wp.unil.ch\/iaunil\/files\/2025\/10\/ia-et-vie-privee-768x512.jpg 768w\" sizes=\"auto, (max-width: 1536px) 100vw, 1536px\" \/><\/a><\/figure>\n\n<h3 style=\"font-style:normal;font-weight:600;\" class=\"wp-block-post-title\"><a href=\"https:\/\/wp.unil.ch\/iaunil\/ia-et-vie-privee-comment-sopposer-a-la-reutilisation-de-ses-donnees-personnelles-pour-lentrainement-dagents-conversationnels\/\" target=\"_self\" >IA et vie priv\u00e9e : comment emp\u00eacher la r\u00e9utilisation de vos donn\u00e9es personnelles<\/a><\/h3>\n\n<div style=\"padding-top:0;padding-bottom:0;\" class=\"wp-block-post-excerpt\"><p class=\"wp-block-post-excerpt__excerpt\">La CNIL publie un guide pratique pour s\u2019opposer \u00e0 la r\u00e9utilisation de ses donn\u00e9es personnelles par les principaux agents conversationnels et reprendre le contr\u00f4le de sa vie priv\u00e9e. <\/p><\/div><\/div>\n\n<\/li><li class=\"wp-block-post post-2191 post type-post status-publish format-standard has-post-thumbnail category-ressources\">\n\n<div class=\"wp-block-group is-vertical is-layout-flex wp-container-core-group-is-layout-604103d6 wp-block-group-is-layout-flex\" style=\"padding-bottom:var(--wp--preset--spacing--30)\"><figure style=\"aspect-ratio:16\/9;\" class=\"image-container color-4 max-size-400 wp-block-post-featured-image\"><a href=\"https:\/\/wp.unil.ch\/iaunil\/modele-ia-local-pour-les-donnees-privees-sensibles-et-liees-au-secret-de-fonction\/\" target=\"_self\"  ><img loading=\"lazy\" decoding=\"async\" width=\"1448\" height=\"1448\" src=\"https:\/\/wp.unil.ch\/iaunil\/files\/2025\/07\/lmstudio-app-logo.61cb7d80.webp\" class=\"attachment-post-thumbnail size-post-thumbnail wp-post-image\" alt=\"Installer un mod\u00e8le IA local pour les donn\u00e9es sensibles (mise \u00e0 jour 2026)\" style=\"border-radius:0px;width:100%;height:100%;object-fit:cover;\" srcset=\"https:\/\/wp.unil.ch\/iaunil\/files\/2025\/07\/lmstudio-app-logo.61cb7d80.webp 1448w, https:\/\/wp.unil.ch\/iaunil\/files\/2025\/07\/lmstudio-app-logo.61cb7d80-300x300.webp 300w, https:\/\/wp.unil.ch\/iaunil\/files\/2025\/07\/lmstudio-app-logo.61cb7d80-1024x1024.webp 1024w, https:\/\/wp.unil.ch\/iaunil\/files\/2025\/07\/lmstudio-app-logo.61cb7d80-150x150.webp 150w, https:\/\/wp.unil.ch\/iaunil\/files\/2025\/07\/lmstudio-app-logo.61cb7d80-768x768.webp 768w\" sizes=\"auto, (max-width: 1448px) 100vw, 1448px\" \/><\/a><\/figure>\n\n<h3 style=\"font-style:normal;font-weight:600;\" class=\"wp-block-post-title\"><a href=\"https:\/\/wp.unil.ch\/iaunil\/modele-ia-local-pour-les-donnees-privees-sensibles-et-liees-au-secret-de-fonction\/\" target=\"_self\" >Installer un mod\u00e8le IA local pour les donn\u00e9es sensibles (mise \u00e0 jour 2026)<\/a><\/h3>\n\n<div style=\"padding-top:0;padding-bottom:0;\" class=\"wp-block-post-excerpt\"><p class=\"wp-block-post-excerpt__excerpt\">Les IA locales sont de plus en plus performantes, attractives et \u00e0 la consommation \u00e9nerg\u00e9tique r\u00e9duite face aux LLM commerciaux tout en gardant vos donn\u00e9es sur votre ordinateur. <\/p><\/div><\/div>\n\n<\/li><li class=\"wp-block-post post-2116 post type-post status-publish format-standard has-post-thumbnail category-ressources\">\n\n<div class=\"wp-block-group is-vertical is-layout-flex wp-container-core-group-is-layout-604103d6 wp-block-group-is-layout-flex\" style=\"padding-bottom:var(--wp--preset--spacing--30)\"><figure style=\"aspect-ratio:16\/9;\" class=\"image-container color-4 max-size-400 wp-block-post-featured-image\"><a href=\"https:\/\/wp.unil.ch\/iaunil\/microsoft-copilot-un-modele-de-langage-ia-securise-a-disposition-a-lunil\/\" target=\"_self\"  ><img loading=\"lazy\" decoding=\"async\" width=\"1920\" height=\"1080\" src=\"https:\/\/wp.unil.ch\/iaunil\/files\/2025\/07\/383609a8-5f5a-4a52-93f4-13eaed3d8e0d.png\" class=\"attachment-post-thumbnail size-post-thumbnail wp-post-image\" alt=\"Microsoft Copilot : le mod\u00e8le de langage IA s\u00e9curis\u00e9 \u00e0 l\u2019UNIL (mise \u00e0 jour 2026)\" style=\"border-radius:0px;width:100%;height:100%;object-fit:cover;\" srcset=\"https:\/\/wp.unil.ch\/iaunil\/files\/2025\/07\/383609a8-5f5a-4a52-93f4-13eaed3d8e0d.png 1920w, https:\/\/wp.unil.ch\/iaunil\/files\/2025\/07\/383609a8-5f5a-4a52-93f4-13eaed3d8e0d-300x169.png 300w, https:\/\/wp.unil.ch\/iaunil\/files\/2025\/07\/383609a8-5f5a-4a52-93f4-13eaed3d8e0d-1024x576.png 1024w, https:\/\/wp.unil.ch\/iaunil\/files\/2025\/07\/383609a8-5f5a-4a52-93f4-13eaed3d8e0d-768x432.png 768w, https:\/\/wp.unil.ch\/iaunil\/files\/2025\/07\/383609a8-5f5a-4a52-93f4-13eaed3d8e0d-1536x864.png 1536w\" sizes=\"auto, (max-width: 1920px) 100vw, 1920px\" \/><\/a><\/figure>\n\n<h3 style=\"font-style:normal;font-weight:600;\" class=\"wp-block-post-title\"><a href=\"https:\/\/wp.unil.ch\/iaunil\/microsoft-copilot-un-modele-de-langage-ia-securise-a-disposition-a-lunil\/\" target=\"_self\" >Microsoft Copilot : le mod\u00e8le de langage IA s\u00e9curis\u00e9 \u00e0 l\u2019UNIL (mise \u00e0 jour 2026)<\/a><\/h3>\n\n<div style=\"padding-top:0;padding-bottom:0;\" class=\"wp-block-post-excerpt\"><p class=\"wp-block-post-excerpt__excerpt\">Microsoft Copilot est l\u2019unique mod\u00e8le de langage autoris\u00e9 \u00e0 l\u2019UNIL. Performant et s\u00e9curis\u00e9, il r\u00e9pond aux exigences de confidentialit\u00e9 pour un usage acad\u00e9mique institutionnel. <\/p><\/div><\/div>\n\n<\/li><li class=\"wp-block-post post-2082 post type-post status-publish format-standard has-post-thumbnail category-ressources\">\n\n<div class=\"wp-block-group is-vertical is-layout-flex wp-container-core-group-is-layout-604103d6 wp-block-group-is-layout-flex\" style=\"padding-bottom:var(--wp--preset--spacing--30)\"><figure style=\"aspect-ratio:16\/9;\" class=\"image-container color-4 max-size-400 wp-block-post-featured-image\"><a href=\"https:\/\/wp.unil.ch\/iaunil\/notebooklm-pour-les-resumes-de-documents\/\" target=\"_self\"  ><img loading=\"lazy\" decoding=\"async\" width=\"2200\" height=\"1237\" src=\"https:\/\/wp.unil.ch\/iaunil\/files\/2025\/07\/notebooklm_studentblogheader_dis.width-2200.format-webp.webp\" class=\"attachment-post-thumbnail size-post-thumbnail wp-post-image\" alt=\"NotebookLM : un outil IA puissant pour r\u00e9sumer et interroger vos documents\" style=\"border-radius:0px;width:100%;height:100%;object-fit:cover;\" srcset=\"https:\/\/wp.unil.ch\/iaunil\/files\/2025\/07\/notebooklm_studentblogheader_dis.width-2200.format-webp.webp 2200w, https:\/\/wp.unil.ch\/iaunil\/files\/2025\/07\/notebooklm_studentblogheader_dis.width-2200.format-webp-300x169.webp 300w, https:\/\/wp.unil.ch\/iaunil\/files\/2025\/07\/notebooklm_studentblogheader_dis.width-2200.format-webp-1024x576.webp 1024w, https:\/\/wp.unil.ch\/iaunil\/files\/2025\/07\/notebooklm_studentblogheader_dis.width-2200.format-webp-768x432.webp 768w, https:\/\/wp.unil.ch\/iaunil\/files\/2025\/07\/notebooklm_studentblogheader_dis.width-2200.format-webp-1536x864.webp 1536w, https:\/\/wp.unil.ch\/iaunil\/files\/2025\/07\/notebooklm_studentblogheader_dis.width-2200.format-webp-2048x1152.webp 2048w\" sizes=\"auto, (max-width: 2200px) 100vw, 2200px\" \/><\/a><\/figure>\n\n<h3 style=\"font-style:normal;font-weight:600;\" class=\"wp-block-post-title\"><a href=\"https:\/\/wp.unil.ch\/iaunil\/notebooklm-pour-les-resumes-de-documents\/\" target=\"_self\" >NotebookLM : un outil IA puissant pour r\u00e9sumer et interroger vos documents<\/a><\/h3>\n\n<div style=\"padding-top:0;padding-bottom:0;\" class=\"wp-block-post-excerpt\"><p class=\"wp-block-post-excerpt__excerpt\">NotebookLM est un outil d\u2019IA qui r\u00e9sume vos documents, r\u00e9pond \u00e0 vos questions en citant les sources, et peut g\u00e9n\u00e9rer un podcast audio. Jusqu\u2019\u00e0 50 documents par carnet. <\/p><\/div><\/div>\n\n<\/li><li class=\"wp-block-post post-650 post type-post status-publish format-standard has-post-thumbnail category-ressources\">\n\n<div class=\"wp-block-group is-vertical is-layout-flex wp-container-core-group-is-layout-604103d6 wp-block-group-is-layout-flex\" style=\"padding-bottom:var(--wp--preset--spacing--30)\"><figure style=\"aspect-ratio:16\/9;\" class=\"image-container color-4 max-size-400 wp-block-post-featured-image\"><a href=\"https:\/\/wp.unil.ch\/iaunil\/padlet-ia-research\/\" target=\"_self\"  ><img loading=\"lazy\" decoding=\"async\" width=\"1920\" height=\"1200\" src=\"https:\/\/wp.unil.ch\/iaunil\/files\/2025\/01\/capture-decran-2025-07-08-a-13.02.59.png\" class=\"attachment-post-thumbnail size-post-thumbnail wp-post-image\" alt=\"Le Padlet de Th\u00e9 Van Luong : une s\u00e9lection d&rsquo;outils IA test\u00e9s \u00e0 l\u2019UNIL (mise \u00e0 jour 2026)\" style=\"border-radius:0px;width:100%;height:100%;object-fit:cover;\" srcset=\"https:\/\/wp.unil.ch\/iaunil\/files\/2025\/01\/capture-decran-2025-07-08-a-13.02.59.png 1920w, https:\/\/wp.unil.ch\/iaunil\/files\/2025\/01\/capture-decran-2025-07-08-a-13.02.59-300x188.png 300w, https:\/\/wp.unil.ch\/iaunil\/files\/2025\/01\/capture-decran-2025-07-08-a-13.02.59-1024x640.png 1024w, https:\/\/wp.unil.ch\/iaunil\/files\/2025\/01\/capture-decran-2025-07-08-a-13.02.59-768x480.png 768w, https:\/\/wp.unil.ch\/iaunil\/files\/2025\/01\/capture-decran-2025-07-08-a-13.02.59-1536x960.png 1536w\" sizes=\"auto, (max-width: 1920px) 100vw, 1920px\" \/><\/a><\/figure>\n\n<h3 style=\"font-style:normal;font-weight:600;\" class=\"wp-block-post-title\"><a href=\"https:\/\/wp.unil.ch\/iaunil\/padlet-ia-research\/\" target=\"_self\" >Le Padlet de Th\u00e9 Van Luong : une s\u00e9lection d&rsquo;outils IA test\u00e9s \u00e0 l\u2019UNIL (mise \u00e0 jour 2026)<\/a><\/h3>\n\n<div style=\"padding-top:0;padding-bottom:0;\" class=\"wp-block-post-excerpt\"><p class=\"wp-block-post-excerpt__excerpt\">Explorez un Padlet d\u2019outils IA test\u00e9s \u00e0 l\u2019UNIL, utiles aux chercheur\u00b7e\u00b7s, PAT et d\u00e9veloppeur\u00b7e\u00b7s pour enrichir les pratiques acad\u00e9miques, administratives et techniques au sein de l\u2019universit\u00e9. <\/p><\/div><\/div>\n\n<\/li><\/ul>\n\n\n\n<\/div>\n<\/div>\n\n\n\n<div class=\"wp-block-group has-global-padding is-content-justification-center is-layout-constrained wp-container-core-group-is-layout-bce697e8 wp-block-group-is-layout-constrained\" style=\"margin-top:var(--wp--preset--spacing--40);padding-top:var(--wp--preset--spacing--40);padding-bottom:0\">\n<hr class=\"wp-block-separator has-text-color has-contrast-3-color has-alpha-channel-opacity has-contrast-3-background-color has-background is-style-wide\" style=\"margin-bottom:var(--wp--preset--spacing--40)\" \/>\n\n\n\n<h2 class=\"wp-block-heading has-x-large-font-size\"><strong>Continuer ma lecture<\/strong><\/h2>\n\n\n\n<div class=\"wp-block-group is-layout-flow wp-container-core-group-is-layout-a00e8899 wp-block-group-is-layout-flow\" style=\"margin-top:0;margin-bottom:0;padding-top:var(--wp--preset--spacing--20);padding-bottom:var(--wp--preset--spacing--20);font-size:clamp(0.984rem, 0.984rem + ((1vw - 0.2rem) * 0.86), 1.5rem);\">\n<p><a href=\"https:\/\/wp.unil.ch\/iaunil\/ia-pour-toutes\/\" data-type=\"page\" data-id=\"171\">IA pour toutes et tous<\/a><\/p>\n\n\n\n<p><a href=\"https:\/\/wp.unil.ch\/iaunil\/recherche\/\" data-type=\"page\" data-id=\"173\">Recherche<\/a><\/p>\n\n\n\n<p><a href=\"https:\/\/wp.unil.ch\/iaunil\/enseignement\/\" data-type=\"page\" data-id=\"177\">Enseignement<\/a><\/p>\n\n\n\n<p><a href=\"https:\/\/wp.unil.ch\/iaunil\/expertes-ia-a-lunil\/\" data-type=\"page\" data-id=\"181\">Expertes et experts<\/a><\/p>\n\n\n\n<p><a href=\"https:\/\/wp.unil.ch\/iaunil\/ressources\/\" data-type=\"page\" data-id=\"185\">Ressources<\/a><\/p>\n\n\n\n<p><a href=\"https:\/\/wp.unil.ch\/iaunil\/actualites\/\" data-type=\"page\" data-id=\"190\">Actualit\u00e9s<\/a><\/p>\n<\/div>\n<\/div>\n","protected":false},"excerpt":{"rendered":"<p>Pour accompagner chacun\u00b7e dans l\u2019exploration de l\u2019IA, l\u2019UNIL met \u00e0 disposition une large palette de ressources : tutoriels, outils, formations, plateformes et guides. D\u00e9butant\u00b7e\u00b7s comme utilisateur\u00b7rice\u00b7s avanc\u00e9\u00b7e\u00b7s y trouveront de quoi exp\u00e9rimenter, apprendre et progresser en toute autonomie. Continuer ma lecture<\/p>\n","protected":false},"author":108,"featured_media":2483,"parent":0,"menu_order":0,"comment_status":"closed","ping_status":"closed","template":"","meta":{"_seopress_robots_primary_cat":"","_seopress_titles_title":"","_seopress_titles_desc":"","_seopress_robots_index":"","footnotes":""},"class_list":["post-185","page","type-page","status-publish","has-post-thumbnail"],"_links":{"self":[{"href":"https:\/\/wp.unil.ch\/iaunil\/wp-json\/wp\/v2\/pages\/185","targetHints":{"allow":["GET"]}}],"collection":[{"href":"https:\/\/wp.unil.ch\/iaunil\/wp-json\/wp\/v2\/pages"}],"about":[{"href":"https:\/\/wp.unil.ch\/iaunil\/wp-json\/wp\/v2\/types\/page"}],"author":[{"embeddable":true,"href":"https:\/\/wp.unil.ch\/iaunil\/wp-json\/wp\/v2\/users\/108"}],"replies":[{"embeddable":true,"href":"https:\/\/wp.unil.ch\/iaunil\/wp-json\/wp\/v2\/comments?post=185"}],"version-history":[{"count":5,"href":"https:\/\/wp.unil.ch\/iaunil\/wp-json\/wp\/v2\/pages\/185\/revisions"}],"predecessor-version":[{"id":3777,"href":"https:\/\/wp.unil.ch\/iaunil\/wp-json\/wp\/v2\/pages\/185\/revisions\/3777"}],"wp:featuredmedia":[{"embeddable":true,"href":"https:\/\/wp.unil.ch\/iaunil\/wp-json\/wp\/v2\/media\/2483"}],"wp:attachment":[{"href":"https:\/\/wp.unil.ch\/iaunil\/wp-json\/wp\/v2\/media?parent=185"}],"curies":[{"name":"wp","href":"https:\/\/api.w.org\/{rel}","templated":true}]}}