{"id":171,"date":"2024-11-29T08:02:53","date_gmt":"2024-11-29T07:02:53","guid":{"rendered":"https:\/\/wp.unil.ch\/iaunil2\/?page_id=171"},"modified":"2025-07-20T18:52:53","modified_gmt":"2025-07-20T16:52:53","slug":"ia-pour-toutes","status":"publish","type":"page","link":"https:\/\/wp.unil.ch\/iaunil\/ia-pour-toutes\/","title":{"rendered":"IA pour toutes et tous"},"content":{"rendered":"\n<div class=\"wp-block-group has-global-padding is-content-justification-left is-layout-constrained wp-container-core-group-is-layout-4d571bcc wp-block-group-is-layout-constrained\" style=\"margin-bottom:var(--wp--preset--spacing--40)\">\n<p class=\"has-text-align-left\" style=\"font-size:clamp(0.875rem, 0.875rem + ((1vw - 0.2rem) * 0.708), 1.3rem);\">L\u2019intelligence artificielle fait d\u00e9sormais partie de notre quotidien, des t\u00e9l\u00e9phones aux recommandations en ligne. Pour mieux en saisir les enjeux, cette s\u00e9rie d\u2019articles vous invite \u00e0 en explorer les fondements, les usages et les implications, dans une approche claire et accessible.<\/p>\n<\/div>\n\n\n\n<div class=\"wp-block-group alignwide has-global-padding is-layout-constrained wp-block-group-is-layout-constrained\" style=\"padding-top:var(--wp--preset--spacing--10);padding-bottom:var(--wp--preset--spacing--10)\">\n<div class=\"wp-block-query alignwide is-layout-flow wp-block-query-is-layout-flow\"><ul class=\"columns-3 wp-block-post-template is-layout-grid wp-container-core-post-template-is-layout-4142fc9f wp-block-post-template-is-layout-grid\"><li class=\"wp-block-post post-3067 post type-post status-publish format-standard has-post-thumbnail category-ia-toutes\">\n\n<div class=\"wp-block-group is-vertical is-layout-flex wp-container-core-group-is-layout-604103d6 wp-block-group-is-layout-flex\" style=\"padding-bottom:var(--wp--preset--spacing--30)\"><figure style=\"aspect-ratio:16\/9;\" class=\"image-container color-1 max-size-400 wp-block-post-featured-image\"><a href=\"https:\/\/wp.unil.ch\/iaunil\/sondage-sur-lintelligence-artificielle-a-lunil-usages-massifs-et-attentes-claires\/\" target=\"_self\"  ><img loading=\"lazy\" decoding=\"async\" width=\"2266\" height=\"2218\" src=\"https:\/\/wp.unil.ch\/iaunil\/files\/2025\/11\/sans-titre.png\" class=\"attachment-post-thumbnail size-post-thumbnail wp-post-image\" alt=\"Sondage sur l\u2019intelligence artificielle \u00e0 l\u2019UNIL : usages massifs et attentes claires\" style=\"border-radius:0px;width:100%;height:100%;object-fit:cover;\" srcset=\"https:\/\/wp.unil.ch\/iaunil\/files\/2025\/11\/sans-titre.png 2266w, https:\/\/wp.unil.ch\/iaunil\/files\/2025\/11\/sans-titre-300x294.png 300w, https:\/\/wp.unil.ch\/iaunil\/files\/2025\/11\/sans-titre-1024x1002.png 1024w, https:\/\/wp.unil.ch\/iaunil\/files\/2025\/11\/sans-titre-768x752.png 768w, https:\/\/wp.unil.ch\/iaunil\/files\/2025\/11\/sans-titre-1536x1503.png 1536w, https:\/\/wp.unil.ch\/iaunil\/files\/2025\/11\/sans-titre-2048x2005.png 2048w\" sizes=\"auto, (max-width: 2266px) 100vw, 2266px\" \/><\/a><\/figure>\n\n<h3 style=\"font-style:normal;font-weight:600;\" class=\"underline-title wp-block-post-title\"><a href=\"https:\/\/wp.unil.ch\/iaunil\/sondage-sur-lintelligence-artificielle-a-lunil-usages-massifs-et-attentes-claires\/\" target=\"_self\" >Sondage sur l\u2019intelligence artificielle \u00e0 l\u2019UNIL : usages massifs et attentes claires<\/a><\/h3>\n\n<div style=\"padding-top:0;padding-bottom:0;\" class=\"wp-block-post-excerpt\"><p class=\"wp-block-post-excerpt__excerpt\">L\u2019UNIL a men\u00e9 une enqu\u00eate sur l\u2019usage de l\u2019intelligence artificielle dans sa communaut\u00e9. Elle r\u00e9v\u00e8le une large adoption de l\u2019IA et de fortes attentes en \u00e9thique et formation. <\/p><\/div><\/div>\n\n<\/li><li class=\"wp-block-post post-747 post type-post status-publish format-standard has-post-thumbnail category-ia-toutes\">\n\n<div class=\"wp-block-group is-vertical is-layout-flex wp-container-core-group-is-layout-604103d6 wp-block-group-is-layout-flex\" style=\"padding-bottom:var(--wp--preset--spacing--30)\"><figure style=\"aspect-ratio:16\/9;\" class=\"image-container color-1 max-size-400 wp-block-post-featured-image\"><a href=\"https:\/\/wp.unil.ch\/iaunil\/lia-en-chiffres-a-lunil\/\" target=\"_self\"  ><img loading=\"lazy\" decoding=\"async\" width=\"1232\" height=\"928\" src=\"https:\/\/wp.unil.ch\/iaunil\/files\/2025\/07\/iaenchiffre.jpg\" class=\"attachment-post-thumbnail size-post-thumbnail wp-post-image\" alt=\"Un aper\u00e7u des chiffres de l&rsquo;intelligence artificielle \u00e0 l&rsquo;UNIL (mise \u00e0 jour 2026)\" style=\"border-radius:0px;width:100%;height:100%;object-fit:cover;\" srcset=\"https:\/\/wp.unil.ch\/iaunil\/files\/2025\/07\/iaenchiffre.jpg 1232w, https:\/\/wp.unil.ch\/iaunil\/files\/2025\/07\/iaenchiffre-300x226.jpg 300w, https:\/\/wp.unil.ch\/iaunil\/files\/2025\/07\/iaenchiffre-1024x771.jpg 1024w, https:\/\/wp.unil.ch\/iaunil\/files\/2025\/07\/iaenchiffre-768x578.jpg 768w\" sizes=\"auto, (max-width: 1232px) 100vw, 1232px\" \/><\/a><\/figure>\n\n<h3 style=\"font-style:normal;font-weight:600;\" class=\"underline-title wp-block-post-title\"><a href=\"https:\/\/wp.unil.ch\/iaunil\/lia-en-chiffres-a-lunil\/\" target=\"_self\" >Un aper\u00e7u des chiffres de l&rsquo;intelligence artificielle \u00e0 l&rsquo;UNIL (mise \u00e0 jour 2026)<\/a><\/h3>\n\n<div style=\"padding-top:0;padding-bottom:0;\" class=\"wp-block-post-excerpt\"><p class=\"wp-block-post-excerpt__excerpt\">Quelques chiffres cl\u00e9s pour mesurer la place de l\u2019intelligence artificielle \u00e0 l\u2019UNIL, entre recherche, enseignement et expertise, et mieux comprendre son r\u00f4le actuel. <\/p><\/div><\/div>\n\n<\/li><li class=\"wp-block-post post-2154 post type-post status-publish format-standard has-post-thumbnail category-ia-toutes\">\n\n<div class=\"wp-block-group is-vertical is-layout-flex wp-container-core-group-is-layout-604103d6 wp-block-group-is-layout-flex\" style=\"padding-bottom:var(--wp--preset--spacing--30)\"><figure style=\"aspect-ratio:16\/9;\" class=\"image-container color-1 max-size-400 wp-block-post-featured-image\"><a href=\"https:\/\/wp.unil.ch\/iaunil\/integrite-scientifique-et-usage-responsable-de-lia-generative-dans-le-cadre-academique-a-lunil\/\" target=\"_self\"  ><img loading=\"lazy\" decoding=\"async\" width=\"1232\" height=\"928\" src=\"https:\/\/wp.unil.ch\/iaunil\/files\/2025\/07\/cobratv_a_symbolic_representation_of_the_intersection_between_1144a0c0-3964-4b04-add3-e57ec7ac3cd1_0-1.png\" class=\"attachment-post-thumbnail size-post-thumbnail wp-post-image\" alt=\"Int\u00e9grit\u00e9 scientifique et usage responsable de l\u2019IA g\u00e9n\u00e9rative dans le cadre acad\u00e9mique \u00e0 l\u2019UNIL\" style=\"border-radius:0px;width:100%;height:100%;object-fit:cover;\" srcset=\"https:\/\/wp.unil.ch\/iaunil\/files\/2025\/07\/cobratv_a_symbolic_representation_of_the_intersection_between_1144a0c0-3964-4b04-add3-e57ec7ac3cd1_0-1.png 1232w, https:\/\/wp.unil.ch\/iaunil\/files\/2025\/07\/cobratv_a_symbolic_representation_of_the_intersection_between_1144a0c0-3964-4b04-add3-e57ec7ac3cd1_0-1-300x226.png 300w, https:\/\/wp.unil.ch\/iaunil\/files\/2025\/07\/cobratv_a_symbolic_representation_of_the_intersection_between_1144a0c0-3964-4b04-add3-e57ec7ac3cd1_0-1-1024x771.png 1024w, https:\/\/wp.unil.ch\/iaunil\/files\/2025\/07\/cobratv_a_symbolic_representation_of_the_intersection_between_1144a0c0-3964-4b04-add3-e57ec7ac3cd1_0-1-768x578.png 768w\" sizes=\"auto, (max-width: 1232px) 100vw, 1232px\" \/><\/a><\/figure>\n\n<h3 style=\"font-style:normal;font-weight:600;\" class=\"underline-title wp-block-post-title\"><a href=\"https:\/\/wp.unil.ch\/iaunil\/integrite-scientifique-et-usage-responsable-de-lia-generative-dans-le-cadre-academique-a-lunil\/\" target=\"_self\" >Int\u00e9grit\u00e9 scientifique et usage responsable de l\u2019IA g\u00e9n\u00e9rative dans le cadre acad\u00e9mique \u00e0 l\u2019UNIL<\/a><\/h3>\n\n<div style=\"padding-top:0;padding-bottom:0;\" class=\"wp-block-post-excerpt\"><p class=\"wp-block-post-excerpt__excerpt\">Fiabilit\u00e9, honn\u00eatet\u00e9, respect et responsabilit\u00e9 guident l\u2019usage de l\u2019IA g\u00e9n\u00e9rative \u00e0 l\u2019UNIL. Des recommandations claires encadrent transparence, \u00e9thique, donn\u00e9es, formation et d\u00e9cisions humaines. <\/p><\/div><\/div>\n\n<\/li><li class=\"wp-block-post post-576 post type-post status-publish format-standard has-post-thumbnail category-ia-toutes\">\n\n<div class=\"wp-block-group is-vertical is-layout-flex wp-container-core-group-is-layout-604103d6 wp-block-group-is-layout-flex\" style=\"padding-bottom:var(--wp--preset--spacing--30)\"><figure style=\"aspect-ratio:16\/9;\" class=\"image-container color-1 max-size-400 wp-block-post-featured-image\"><a href=\"https:\/\/wp.unil.ch\/iaunil\/lia-generative-comprendre-ses-mecanismes-pour-mieux-lutiliser\/\" target=\"_self\"  ><img loading=\"lazy\" decoding=\"async\" width=\"1232\" height=\"928\" src=\"https:\/\/wp.unil.ch\/iaunil\/files\/2024\/12\/cobratv_a_modern_university_classroom_blending_tradition_and__d8cf53ab-03f8-42bb-abf0-4085ffb1ab0e_1.png\" class=\"attachment-post-thumbnail size-post-thumbnail wp-post-image\" alt=\"IA g\u00e9n\u00e9rative : comprendre ses m\u00e9canismes pour mieux en faire un usage critique et \u00e9clair\u00e9\" style=\"border-radius:0px;width:100%;height:100%;object-fit:cover;\" srcset=\"https:\/\/wp.unil.ch\/iaunil\/files\/2024\/12\/cobratv_a_modern_university_classroom_blending_tradition_and__d8cf53ab-03f8-42bb-abf0-4085ffb1ab0e_1.png 1232w, https:\/\/wp.unil.ch\/iaunil\/files\/2024\/12\/cobratv_a_modern_university_classroom_blending_tradition_and__d8cf53ab-03f8-42bb-abf0-4085ffb1ab0e_1-300x226.png 300w, https:\/\/wp.unil.ch\/iaunil\/files\/2024\/12\/cobratv_a_modern_university_classroom_blending_tradition_and__d8cf53ab-03f8-42bb-abf0-4085ffb1ab0e_1-1024x771.png 1024w, https:\/\/wp.unil.ch\/iaunil\/files\/2024\/12\/cobratv_a_modern_university_classroom_blending_tradition_and__d8cf53ab-03f8-42bb-abf0-4085ffb1ab0e_1-768x578.png 768w\" sizes=\"auto, (max-width: 1232px) 100vw, 1232px\" \/><\/a><\/figure>\n\n<h3 style=\"font-style:normal;font-weight:600;\" class=\"underline-title wp-block-post-title\"><a href=\"https:\/\/wp.unil.ch\/iaunil\/lia-generative-comprendre-ses-mecanismes-pour-mieux-lutiliser\/\" target=\"_self\" >IA g\u00e9n\u00e9rative : comprendre ses m\u00e9canismes pour mieux en faire un usage critique et \u00e9clair\u00e9<\/a><\/h3>\n\n<div style=\"padding-top:0;padding-bottom:0;\" class=\"wp-block-post-excerpt\"><p class=\"wp-block-post-excerpt__excerpt\">Professeur \u00e0 HEC Lausanne, Beno\u00eet Garbinato d\u00e9crypte le fonctionnement des IA g\u00e9n\u00e9ratives et insiste sur la n\u00e9cessit\u00e9 d\u2019un regard critique face \u00e0 leurs usages, limites et implications \u00e9thiques. <\/p><\/div><\/div>\n\n<\/li><li class=\"wp-block-post post-543 post type-post status-publish format-standard has-post-thumbnail category-ia-toutes\">\n\n<div class=\"wp-block-group is-vertical is-layout-flex wp-container-core-group-is-layout-604103d6 wp-block-group-is-layout-flex\" style=\"padding-bottom:var(--wp--preset--spacing--30)\"><figure style=\"aspect-ratio:16\/9;\" class=\"image-container color-1 max-size-400 wp-block-post-featured-image\"><a href=\"https:\/\/wp.unil.ch\/iaunil\/chatgpt-et-le-droit-enjeux-juridiques-des-ia-generatives\/\" target=\"_self\"  ><img loading=\"lazy\" decoding=\"async\" width=\"1232\" height=\"928\" src=\"https:\/\/wp.unil.ch\/iaunil\/files\/2024\/12\/enjeuxjuridique.jpg\" class=\"attachment-post-thumbnail size-post-thumbnail wp-post-image\" alt=\"Enjeux juridiques de l\u2019IA g\u00e9n\u00e9rative : entre innovations et besoins d\u2019encadrement\" style=\"border-radius:0px;width:100%;height:100%;object-fit:cover;\" srcset=\"https:\/\/wp.unil.ch\/iaunil\/files\/2024\/12\/enjeuxjuridique.jpg 1232w, https:\/\/wp.unil.ch\/iaunil\/files\/2024\/12\/enjeuxjuridique-300x226.jpg 300w, https:\/\/wp.unil.ch\/iaunil\/files\/2024\/12\/enjeuxjuridique-1024x771.jpg 1024w, https:\/\/wp.unil.ch\/iaunil\/files\/2024\/12\/enjeuxjuridique-768x578.jpg 768w\" sizes=\"auto, (max-width: 1232px) 100vw, 1232px\" \/><\/a><\/figure>\n\n<h3 style=\"font-style:normal;font-weight:600;\" class=\"underline-title wp-block-post-title\"><a href=\"https:\/\/wp.unil.ch\/iaunil\/chatgpt-et-le-droit-enjeux-juridiques-des-ia-generatives\/\" target=\"_self\" >Enjeux juridiques de l\u2019IA g\u00e9n\u00e9rative : entre innovations et besoins d\u2019encadrement<\/a><\/h3>\n\n<div style=\"padding-top:0;padding-bottom:0;\" class=\"wp-block-post-excerpt\"><p class=\"wp-block-post-excerpt__excerpt\">Plagiat, donn\u00e9es, propri\u00e9t\u00e9 intellectuelle : le Professeur Gilli\u00e9ron \u00e9claire les zones grises juridiques de l\u2019IA g\u00e9n\u00e9rative et leurs impacts sur l\u2019enseignement sup\u00e9rieur et ses pratiques. <\/p><\/div><\/div>\n\n<\/li><\/ul>\n\n\n\n<\/div>\n<\/div>\n\n\n\n<div class=\"wp-block-group has-global-padding is-content-justification-center is-layout-constrained wp-container-core-group-is-layout-bce697e8 wp-block-group-is-layout-constrained\" style=\"margin-top:var(--wp--preset--spacing--40);padding-top:var(--wp--preset--spacing--40);padding-bottom:0\">\n<hr class=\"wp-block-separator has-text-color has-contrast-3-color has-alpha-channel-opacity has-contrast-3-background-color has-background is-style-wide\" style=\"margin-bottom:var(--wp--preset--spacing--40)\" \/>\n\n\n\n<h2 class=\"wp-block-heading has-x-large-font-size\"><strong>Continuer ma lecture<\/strong><\/h2>\n\n\n\n<div class=\"wp-block-group is-layout-flow wp-container-core-group-is-layout-a00e8899 wp-block-group-is-layout-flow\" style=\"margin-top:0;margin-bottom:0;padding-top:var(--wp--preset--spacing--20);padding-bottom:var(--wp--preset--spacing--20);font-size:clamp(0.984rem, 0.984rem + ((1vw - 0.2rem) * 0.86), 1.5rem);\">\n<p><a href=\"https:\/\/wp.unil.ch\/iaunil\/ia-pour-toutes\/\" data-type=\"page\" data-id=\"171\">IA pour toutes et tous<\/a><\/p>\n\n\n\n<p><a href=\"https:\/\/wp.unil.ch\/iaunil\/recherche\/\" data-type=\"page\" data-id=\"173\">Recherche<\/a><\/p>\n\n\n\n<p><a href=\"https:\/\/wp.unil.ch\/iaunil\/enseignement\/\" data-type=\"page\" data-id=\"177\">Enseignement<\/a><\/p>\n\n\n\n<p><a href=\"https:\/\/wp.unil.ch\/iaunil\/expertes-ia-a-lunil\/\" data-type=\"page\" data-id=\"181\">Expertes et experts<\/a><\/p>\n\n\n\n<p><a href=\"https:\/\/wp.unil.ch\/iaunil\/ressources\/\" data-type=\"page\" data-id=\"185\">Ressources<\/a><\/p>\n\n\n\n<p><a href=\"https:\/\/wp.unil.ch\/iaunil\/actualites\/\" data-type=\"page\" data-id=\"190\">Actualit\u00e9s<\/a><\/p>\n<\/div>\n<\/div>\n","protected":false},"excerpt":{"rendered":"<p>L\u2019intelligence artificielle fait d\u00e9sormais partie de notre quotidien, des t\u00e9l\u00e9phones aux recommandations en ligne. Pour mieux en saisir les enjeux, cette s\u00e9rie d\u2019articles vous invite \u00e0 en explorer les fondements, les usages et les implications, dans une approche claire et accessible. Continuer ma lecture<\/p>\n","protected":false},"author":108,"featured_media":2475,"parent":0,"menu_order":0,"comment_status":"closed","ping_status":"closed","template":"","meta":{"_seopress_robots_primary_cat":"","_seopress_titles_title":"","_seopress_titles_desc":"","_seopress_robots_index":"","footnotes":""},"class_list":["post-171","page","type-page","status-publish","has-post-thumbnail"],"_links":{"self":[{"href":"https:\/\/wp.unil.ch\/iaunil\/wp-json\/wp\/v2\/pages\/171","targetHints":{"allow":["GET"]}}],"collection":[{"href":"https:\/\/wp.unil.ch\/iaunil\/wp-json\/wp\/v2\/pages"}],"about":[{"href":"https:\/\/wp.unil.ch\/iaunil\/wp-json\/wp\/v2\/types\/page"}],"author":[{"embeddable":true,"href":"https:\/\/wp.unil.ch\/iaunil\/wp-json\/wp\/v2\/users\/108"}],"replies":[{"embeddable":true,"href":"https:\/\/wp.unil.ch\/iaunil\/wp-json\/wp\/v2\/comments?post=171"}],"version-history":[{"count":5,"href":"https:\/\/wp.unil.ch\/iaunil\/wp-json\/wp\/v2\/pages\/171\/revisions"}],"predecessor-version":[{"id":2443,"href":"https:\/\/wp.unil.ch\/iaunil\/wp-json\/wp\/v2\/pages\/171\/revisions\/2443"}],"wp:featuredmedia":[{"embeddable":true,"href":"https:\/\/wp.unil.ch\/iaunil\/wp-json\/wp\/v2\/media\/2475"}],"wp:attachment":[{"href":"https:\/\/wp.unil.ch\/iaunil\/wp-json\/wp\/v2\/media?parent=171"}],"curies":[{"name":"wp","href":"https:\/\/api.w.org\/{rel}","templated":true}]}}