{"id":1895,"date":"2022-08-11T13:59:21","date_gmt":"2022-08-11T11:59:21","guid":{"rendered":"https:\/\/wp.unil.ch\/hrp\/?page_id=1895"},"modified":"2022-10-31T13:34:39","modified_gmt":"2022-10-31T12:34:39","slug":"qualite","status":"publish","type":"page","link":"https:\/\/wp.unil.ch\/hrp\/qualite\/","title":{"rendered":"Syst\u00e8me d&rsquo;assurance qualit\u00e9"},"content":{"rendered":"\n<div class=\"wp-block-columns is-layout-flex wp-container-core-columns-is-layout-9d6595d7 wp-block-columns-is-layout-flex\">\n<div class=\"wp-block-column is-layout-flow wp-block-column-is-layout-flow\"><\/div>\n\n\n\n<div class=\"wp-block-column is-layout-flow wp-block-column-is-layout-flow\" style=\"flex-basis:80%\">\n<p><\/p>\n\n\n\n<p class=\"justifier has-light-background-color has-text-color has-larger-font-size\">Un Syst\u00e8me d\u2019assurance qualit\u00e9 pour am\u00e9liorer l\u2019efficacit\u00e9 et la\u00a0performance de vos \u00e9quipes dans la gestion de leurs \u00e9tudes!<\/p>\n\n\n\n<div class=\"wp-block-group is-vertical is-layout-flex wp-container-core-group-is-layout-8cf370e7 wp-block-group-is-layout-flex\">\n<div class=\"wp-block-group justifier is-vertical is-layout-flex wp-container-core-group-is-layout-8cf370e7 wp-block-group-is-layout-flex\">\n<p style=\"font-size:20px\">Mettre en place la documentation ad\u00e9quate pour faciliter l\u2019efficacit\u00e9 et la performance de votre \u00e9quipe en accord avec la r\u00e9glementation nationale et internationale.<\/p>\n\n\n\n<p style=\"font-size:20px\"><\/p>\n\n\n\n<p style=\"font-size:20px\">La plateforme de recherche en soins&nbsp;a mis en place un <strong>syst\u00e8me documentaire<\/strong> permettant une <strong>gestion de la qualit\u00e9 en accord avec les normes des bonnes pratiques cliniques<\/strong>. Plusieurs documents qui peuvent \u00eatre rapidement impl\u00e9ment\u00e9s au sein de votre service\/institution pour une bonne gestion de votre recherche clinique \u00e0 un faible co\u00fbt. De plus, ces documents peuvent \u00eatre facilement adapt\u00e9s selon les sp\u00e9cificit\u00e9s op\u00e9rationnelles de votre site.<\/p>\n\n\n\n<p style=\"font-size:20px\"><\/p>\n\n\n\n<p style=\"font-size:20px\">Les prestations en lien avec la qualit\u00e9 sont diverses et vari\u00e9es afin de permettre l\u2019acc\u00e8s \u00e0 l\u2019innovation aux patients en accords avec les lois, l\u2019\u00e9thique et les bonnes pratiques professionnelles.<\/p>\n\n\n\n<p style=\"font-size:20px\"><a href=\"https:\/\/wp.unil.ch\/hrp\/nous-contacter\/\" data-type=\"page\" data-id=\"187\">Contacter la plateforme de recherche pour \u00e9tablir un devis (pour cette prestation)<\/a><\/p>\n<\/div>\n<\/div>\n<\/div>\n\n\n\n<div class=\"wp-block-column is-layout-flow wp-block-column-is-layout-flow\"><\/div>\n<\/div>\n\n\n\n<div style=\"height:64px\" aria-hidden=\"true\" class=\"wp-block-spacer\"><\/div>\n\n\n<div class=\"wp-block-image\">\n<figure class=\"aligncenter size-full is-resized\"><a href=\"https:\/\/wp.unil.ch\/hrp\/prestations\/\"><img alt=\"\" loading=\"lazy\" decoding=\"async\" src=\"https:\/\/wp.unil.ch\/hrp\/files\/2022\/07\/Monitor_text.png\" alt=\"\" class=\"wp-image-1667\" width=\"234\" height=\"267\" srcset=\"https:\/\/wp.unil.ch\/hrp\/files\/2022\/07\/Monitor_text.png 467w, https:\/\/wp.unil.ch\/hrp\/files\/2022\/07\/Monitor_text-262x300.png 262w, https:\/\/wp.unil.ch\/hrp\/files\/2022\/07\/Monitor_text-10x12.png 10w\" sizes=\"auto, (max-width: 234px) 100vw, 234px\" \/><\/a><\/figure>\n<\/div>","protected":false},"excerpt":{"rendered":"<p>Un Syst\u00e8me d\u2019assurance qualit\u00e9 pour am\u00e9liorer l\u2019efficacit\u00e9 et la\u00a0performance de vos \u00e9quipes dans la gestion de leurs \u00e9tudes! Mettre en place la documentation ad\u00e9quate pour faciliter l\u2019efficacit\u00e9 et&hellip;<\/p>\n","protected":false},"author":1002441,"featured_media":2260,"parent":0,"menu_order":0,"comment_status":"closed","ping_status":"closed","template":"template-full-width-cover.php","meta":{"_seopress_robots_primary_cat":"","_seopress_titles_title":"","_seopress_titles_desc":"","_seopress_robots_index":"","footnotes":""},"class_list":["post-1895","page","type-page","status-publish","has-post-thumbnail"],"_links":{"self":[{"href":"https:\/\/wp.unil.ch\/hrp\/wp-json\/wp\/v2\/pages\/1895","targetHints":{"allow":["GET"]}}],"collection":[{"href":"https:\/\/wp.unil.ch\/hrp\/wp-json\/wp\/v2\/pages"}],"about":[{"href":"https:\/\/wp.unil.ch\/hrp\/wp-json\/wp\/v2\/types\/page"}],"author":[{"embeddable":true,"href":"https:\/\/wp.unil.ch\/hrp\/wp-json\/wp\/v2\/users\/1002441"}],"replies":[{"embeddable":true,"href":"https:\/\/wp.unil.ch\/hrp\/wp-json\/wp\/v2\/comments?post=1895"}],"version-history":[{"count":0,"href":"https:\/\/wp.unil.ch\/hrp\/wp-json\/wp\/v2\/pages\/1895\/revisions"}],"wp:featuredmedia":[{"embeddable":true,"href":"https:\/\/wp.unil.ch\/hrp\/wp-json\/wp\/v2\/media\/2260"}],"wp:attachment":[{"href":"https:\/\/wp.unil.ch\/hrp\/wp-json\/wp\/v2\/media?parent=1895"}],"curies":[{"name":"wp","href":"https:\/\/api.w.org\/{rel}","templated":true}]}}