{"id":1883,"date":"2022-08-11T13:56:01","date_gmt":"2022-08-11T11:56:01","guid":{"rendered":"https:\/\/wp.unil.ch\/hrp\/?page_id=1883"},"modified":"2022-10-25T15:19:48","modified_gmt":"2022-10-25T13:19:48","slug":"design-detude-et-planification","status":"publish","type":"page","link":"https:\/\/wp.unil.ch\/hrp\/design-detude-et-planification\/","title":{"rendered":"Design d&rsquo;\u00e9tude &amp; planification"},"content":{"rendered":"\n<figure class=\"wp-block-image size-full is-resized\" id=\"contrats\"><img alt=\"\" loading=\"lazy\" decoding=\"async\" src=\"https:\/\/wp.unil.ch\/hrp\/files\/2022\/08\/design_etude_planification.png\" alt=\"\" class=\"wp-image-1837\" width=\"377\" height=\"94\" srcset=\"https:\/\/wp.unil.ch\/hrp\/files\/2022\/08\/design_etude_planification.png 1509w, https:\/\/wp.unil.ch\/hrp\/files\/2022\/08\/design_etude_planification-300x74.png 300w, https:\/\/wp.unil.ch\/hrp\/files\/2022\/08\/design_etude_planification-1024x254.png 1024w, https:\/\/wp.unil.ch\/hrp\/files\/2022\/08\/design_etude_planification-768x190.png 768w, https:\/\/wp.unil.ch\/hrp\/files\/2022\/08\/design_etude_planification-18x4.png 18w, https:\/\/wp.unil.ch\/hrp\/files\/2022\/08\/design_etude_planification-540x134.png 540w, https:\/\/wp.unil.ch\/hrp\/files\/2022\/08\/design_etude_planification-1080x268.png 1080w\" sizes=\"auto, (max-width: 377px) 100vw, 377px\" \/><\/figure>\n\n\n\n<p class=\"has-primary-color has-text-color\" style=\"font-size:45px\">1. Contrats, financement et budget<\/p>\n\n\n\n<div class=\"wp-block-columns is-layout-flex wp-container-core-columns-is-layout-9d6595d7 wp-block-columns-is-layout-flex\">\n<div class=\"wp-block-column is-layout-flow wp-block-column-is-layout-flow\"><\/div>\n\n\n\n<div class=\"wp-block-column is-layout-flow wp-block-column-is-layout-flow\" style=\"flex-basis:85%\">\n<p class=\"justifier\" style=\"font-size:20px\"><strong>Tout accord en relation avec le projet de recherche<\/strong> pr\u00e9vu ou conclu entre le promoteur\/repr\u00e9sentant du promoteur\/investigateur du CHUV, et une institution mandataire ou d&rsquo;autres tiers <strong>doit \u00eatre contractualis\u00e9<\/strong>. Au CHUV, tous les contrats tels que contrat de service, contrat d\u2019essai clinique, contrat pour \u00e9change de donn\u00e9es collect\u00e9es dans le cadre de la recherche ou les avenants doivent \u00eatre soumis au responsable administratif du d\u00e9partement selon la directive du CHUV. De plus, <strong>tous les contrats doivent \u00eatre revus et approuv\u00e9s par le service juridique du CHUV<\/strong> (<a href=\"mailto:contrats.afj@chuv.ch\">contrats.afj@chuv.ch<\/a>) et <strong>sign\u00e9s par le directeur du CHUV,<\/strong> \u00e0 l&rsquo;exception du Confidentiality Disclosure Agreement (CDA) et Data Transfert Agreement (DTA)\/Material Transfert Agreement (MTA).<\/p>\n\n\n\n<div style=\"height:19px\" aria-hidden=\"true\" class=\"wp-block-spacer\"><\/div>\n\n\n\n<div class=\"wp-block-columns is-layout-flex wp-container-core-columns-is-layout-9d6595d7 wp-block-columns-is-layout-flex\">\n<div class=\"wp-block-column is-layout-flow wp-block-column-is-layout-flow\"><\/div>\n\n\n\n<div class=\"wp-block-column is-layout-flow wp-block-column-is-layout-flow\" style=\"flex-basis:80%\">\n<div class=\"wp-block-group justifier is-vertical is-layout-flex wp-container-core-group-is-layout-8cf370e7 wp-block-group-is-layout-flex\">\n<div class=\"wp-block-group is-vertical is-layout-flex wp-container-core-group-is-layout-8cf370e7 wp-block-group-is-layout-flex\">\n<p class=\"has-primary-color has-text-color\" style=\"font-size:20px\">Il existe <strong>plusieurs fa\u00e7ons de financer votre recherche en Suisse<\/strong> :<\/p>\n\n\n\n<ul class=\"add-remove-above-space wp-block-list\" style=\"font-size:20px\"><li>Le\u00a0<a href=\"https:\/\/www.snf.ch\/fr\" data-type=\"URL\" data-id=\"https:\/\/www.snf.ch\/fr\" target=\"_blank\" rel=\"noreferrer noopener\">Fonds National Suisse<\/a>\u00a0(FNS) est la principale institution d\u2019encouragement de la recherche en Suisse et propose un large panel de programmes de recherche.<\/li><\/ul>\n\n\n\n<ul class=\"add-remove-above-space wp-block-list\" style=\"font-size:20px\"><li>Le&nbsp;<a rel=\"noreferrer noopener\" href=\"https:\/\/www.myscience.ch\/research\/funding\/fp\" target=\"_blank\">Programme-cadre de l\u2019UE<\/a>&nbsp;pour la recherche et le d\u00e9veloppement technologique est l\u2019instrument de recherche le plus important au niveau de l\u2019Union Europ\u00e9enne. Les chercheurs suisses peuvent participer \u00e0 diff\u00e9rents projets.<\/li><\/ul>\n\n\n\n<ul class=\"add-remove-above-space wp-block-list\" style=\"font-size:20px\"><li>Les <a rel=\"noreferrer noopener\" href=\"https:\/\/www.unil.ch\/researcher\/fr\/home\/menuinst\/funding.html\" target=\"_blank\">Financements \u2013 UNIL<\/a>, r\u00e9seau de soutien \u00e0 la recherche UNIL.<\/li><\/ul>\n\n\n\n<ul class=\"add-remove-above-space wp-block-list\" style=\"font-size:20px\"><li>Les fondations : beaucoup de fondations suisses soutiennent et financent des projets dans le domaine de la science et de la recherche dont la <a href=\"https:\/\/www.chuv.ch\/fr\/chuv-home\/en-bref\/fondation-chuv\/\" target=\"_blank\" rel=\"noreferrer noopener\">fondation CHUV<\/a>.<\/li><\/ul>\n<\/div>\n<\/div>\n<\/div>\n\n\n\n<div class=\"wp-block-column is-layout-flow wp-block-column-is-layout-flow\"><\/div>\n<\/div>\n\n\n\n<div style=\"height:17px\" aria-hidden=\"true\" class=\"wp-block-spacer\"><\/div>\n\n\n\n<p class=\"justifier\" style=\"font-size:20px\">Il est important de <strong>prendre le temps n\u00e9cessaire pour d\u00e9velopper un budget afin de s\u2019assurer que les fonds\/budgets sont suffisants pour la r\u00e9alisation du projet de recherche du d\u00e9but jusqu&rsquo;\u00e0 la fin.<\/strong> Le budget permet d\u2019identifier les proc\u00e9dures qui sont li\u00e9es \u00e0 la recherche et qui doivent \u00eatre factur\u00e9es sur le compte du service\/du fond de recherche\/ contrat d&rsquo;entreprise versus la prise en charge standard factur\u00e9e \u00e0 l\u2019assurance du patient.<\/p>\n\n\n\n<div class=\"wp-block-columns is-layout-flex wp-container-core-columns-is-layout-9d6595d7 wp-block-columns-is-layout-flex\">\n<div class=\"wp-block-column is-layout-flow wp-block-column-is-layout-flow\"><\/div>\n\n\n\n<div class=\"wp-block-column is-layout-flow wp-block-column-is-layout-flow\" style=\"flex-basis:85%\">\n<div class=\"wp-block-group justifier is-vertical is-content-justification-left is-layout-flex wp-container-core-group-is-layout-c0ca7d81 wp-block-group-is-layout-flex\">\n<p class=\"has-primary-color has-text-color\" style=\"font-size:20px\">Quoi \u00e9valuer pour d\u00e9velopper un budget de recherche :<\/p>\n\n\n\n<ul class=\"wp-block-list\" style=\"font-size:20px\"><li>S\u2019assurer que l\u2019\u00e9quipe de recherche a bien \u00e9valu\u00e9 <strong>effort\/activit\u00e9 en heure par corps de m\u00e9tier<\/strong>.<\/li><\/ul>\n\n\n\n<ul class=\"wp-block-list\" style=\"font-size:20px\"><li>S\u2019assurer qu\u2019il y a des <strong>frais pour les \u00abstart-up, close-out &amp; archiving fees\u00bb<\/strong>, si applicable.<\/li><\/ul>\n\n\n\n<ul class=\"wp-block-list\" style=\"font-size:20px\"><li>Pensez \u00e0 ajouter une <strong>section co\u00fbts divers<\/strong> : remboursement de d\u00e9placement des patients\/volontaires, co\u00fbt de soumission aux autorit\u00e9s, (CER et Swissmedic), amendement du protocole, etc.<\/li><\/ul>\n\n\n\n<ul class=\"wp-block-list\" style=\"font-size:20px\"><li>Bien connaitre les <strong>exigences au niveau financier du CHUV ou de votre institution<\/strong> : overheads, contrat, etc. &nbsp;<\/li><\/ul>\n\n\n\n<p><\/p>\n\n\n\n<p><\/p>\n<\/div>\n<\/div>\n\n\n\n<div class=\"wp-block-column is-layout-flow wp-block-column-is-layout-flow\"><\/div>\n<\/div>\n<\/div>\n\n\n\n<div class=\"wp-block-column is-layout-flow wp-block-column-is-layout-flow\"><\/div>\n<\/div>\n\n\n\n<div class=\"wp-block-columns is-layout-flex wp-container-core-columns-is-layout-9d6595d7 wp-block-columns-is-layout-flex\">\n<div class=\"wp-block-column is-layout-flow wp-block-column-is-layout-flow\"><\/div>\n\n\n\n<div class=\"wp-block-column is-layout-flow wp-block-column-is-layout-flow\" style=\"flex-basis:85%\">\n<p style=\"font-size:20px\">Vous avez des questions ou besoin d&rsquo;aide, <a href=\"https:\/\/wp.unil.ch\/hrp\/nous-contacter\/\" data-type=\"page\" data-id=\"187\" target=\"_blank\" rel=\"noreferrer noopener\">contacter la plateforme<\/a><\/p>\n<\/div>\n\n\n\n<div class=\"wp-block-column is-layout-flow wp-block-column-is-layout-flow\"><\/div>\n<\/div>\n\n\n\n<div style=\"height:74px\" aria-hidden=\"true\" class=\"wp-block-spacer\"><\/div>\n\n\n\n<div style=\"height:85px\" aria-hidden=\"true\" id=\"metho\" class=\"wp-block-spacer\"><\/div>\n\n\n\n<p style=\"font-size:45px\">2. M\u00e9thodologie et statistique<\/p>\n\n\n\n<div class=\"wp-block-columns is-layout-flex wp-container-core-columns-is-layout-9d6595d7 wp-block-columns-is-layout-flex\">\n<div class=\"wp-block-column is-layout-flow wp-block-column-is-layout-flow\"><\/div>\n\n\n\n<div class=\"wp-block-column is-layout-flow wp-block-column-is-layout-flow\" style=\"flex-basis:85%\">\n<div class=\"wp-block-group is-vertical is-content-justification-center is-layout-flex wp-container-core-group-is-layout-4b2eccd6 wp-block-group-is-layout-flex\">\n<p class=\"justifier\" style=\"font-size:20px\">La plateforme de recherche en soins vous aide \u00e0 <strong>d\u00e9finir et \u00e0 r\u00e9aliser les analyses statistiques les plus pertinentes<\/strong>&nbsp;pour r\u00e9pondre \u00e0 vos questions de recherche.<\/p>\n\n\n\n<p class=\"justifier\" style=\"font-size:20px\">Le design d\u2019\u00e9tude et les analyses statistiques sont \u00e9troitement li\u00e9s, c\u2019est pourquoi il est important d\u2019<strong>impliquer les statisticiens d\u00e8s la phase de conception <\/strong>de votre projet. N\u2019h\u00e9sitez donc pas \u00e0 contacter la plateforme d\u00e8s que vous avez une question de recherche.<\/p>\n\n\n\n<p class=\"justifier\" style=\"font-size:20px\">La plateforme de recherche vous aide \u00e0 calculer le nombre de participants que vous devez inclure (\u00absample size calculation\u00bb), vous aide \u00e0 r\u00e9diger la partie statistique du protocole ainsi qu\u2019\u00e0 \u00e9tablir le plan d\u2019analyse statistique. Elle vous aide \u00e9galement pour les analyses interm\u00e9diaires (contr\u00f4le qualit\u00e9), le nettoyage des donn\u00e9es, l\u2019analyse finale et la production des tableaux et graphiques pr\u00eat \u00e0 publier.<\/p>\n<\/div>\n<\/div>\n\n\n\n<div class=\"wp-block-column is-layout-flow wp-block-column-is-layout-flow\"><\/div>\n<\/div>\n\n\n\n<div style=\"height:96px\" aria-hidden=\"true\" id=\"gestion\" class=\"wp-block-spacer\"><\/div>\n\n\n\n<p style=\"font-size:45px\">3. Gestion des donn\u00e9es de recherche<\/p>\n\n\n\n<div class=\"wp-block-columns is-layout-flex wp-container-core-columns-is-layout-9d6595d7 wp-block-columns-is-layout-flex\">\n<div class=\"wp-block-column is-layout-flow wp-block-column-is-layout-flow\"><\/div>\n\n\n\n<div class=\"wp-block-column is-layout-flow wp-block-column-is-layout-flow\" style=\"flex-basis:75%\"><div class=\"wp-block-image\">\n<figure class=\"aligncenter size-full is-resized\"><img alt=\"\" loading=\"lazy\" decoding=\"async\" src=\"https:\/\/wp.unil.ch\/hrp\/files\/2022\/09\/flux_gestion_donnees_recherche_clinique.png\" alt=\"\" class=\"wp-image-2871\" width=\"526\" height=\"600\" srcset=\"https:\/\/wp.unil.ch\/hrp\/files\/2022\/09\/flux_gestion_donnees_recherche_clinique.png 1052w, https:\/\/wp.unil.ch\/hrp\/files\/2022\/09\/flux_gestion_donnees_recherche_clinique-263x300.png 263w, https:\/\/wp.unil.ch\/hrp\/files\/2022\/09\/flux_gestion_donnees_recherche_clinique-898x1024.png 898w, https:\/\/wp.unil.ch\/hrp\/files\/2022\/09\/flux_gestion_donnees_recherche_clinique-768x876.png 768w, https:\/\/wp.unil.ch\/hrp\/files\/2022\/09\/flux_gestion_donnees_recherche_clinique-11x12.png 11w, https:\/\/wp.unil.ch\/hrp\/files\/2022\/09\/flux_gestion_donnees_recherche_clinique-540x616.png 540w\" sizes=\"auto, (max-width: 526px) 100vw, 526px\" \/><\/figure>\n<\/div><\/div>\n\n\n\n<div class=\"wp-block-column is-layout-flow wp-block-column-is-layout-flow\"><\/div>\n<\/div>\n\n\n\n<div class=\"wp-block-columns is-layout-flex wp-container-core-columns-is-layout-9d6595d7 wp-block-columns-is-layout-flex\">\n<div class=\"wp-block-column is-layout-flow wp-block-column-is-layout-flow\"><\/div>\n\n\n\n<div class=\"wp-block-column is-layout-flow wp-block-column-is-layout-flow\" style=\"flex-basis:85%\">\n<p class=\"justifier\" style=\"font-size:20px\">L\u2019\u00e9quipe de la plateforme vous aide \u00e0 <strong>d\u00e9finir le syst\u00e8me de gestion des donn\u00e9es le plus adapt\u00e9 <\/strong>\u00e0 vos besoins ainsi qu\u2019\u00e0 la d\u00e9finition des sp\u00e9cifications (REDCap, Lime Survey, SPHINX etc.).<\/p>\n\n\n\n<p class=\"justifier\" style=\"font-size:20px\">La plateforme peut <strong>cr\u00e9er votre projet <\/strong>et <strong>vous<\/strong> <strong>fournir les acc\u00e8s<\/strong> avant de vous <strong>conseiller dans le d\u00e9veloppement <\/strong>de votre base de donn\u00e9es et d\u2019effectuer des contr\u00f4les qualit\u00e9. Elle a \u00e9galement la capacit\u00e9 de <strong>d\u00e9velopper enti\u00e8rement votre base de donn\u00e9es <\/strong>apr\u00e8s d\u00e9finition des sp\u00e9cifications.<\/p>\n\n\n\n<p class=\"justifier\" style=\"font-size:20px\">Si vous souhaiter d\u00e9velopper une base de donn\u00e9es avec le logiciel REDCap avec des formulaires de saisie de donn\u00e9es structur\u00e9es (eCRF: Electronic Case Report Form), la plateforme peut mettre \u00e0 disposition <strong>une dizaine de mod\u00e8les de formulaire REDCap facilement adaptable \u00e0 votre projet<\/strong>. De plus, elle peut vous apporter un support aux diff\u00e9rentes \u00e9tapes de la gestion des donn\u00e9es de recherche clinique (sch\u00e9ma ci-dessus).<\/p>\n<\/div>\n\n\n\n<div class=\"wp-block-column is-layout-flow wp-block-column-is-layout-flow\"><\/div>\n<\/div>\n\n\n\n<div style=\"height:100px\" aria-hidden=\"true\" class=\"wp-block-spacer\"><\/div>\n\n\n<div class=\"wp-block-image\">\n<figure class=\"aligncenter size-full is-resized\"><a href=\"https:\/\/wp.unil.ch\/hrp\/prestations\/\"><img alt=\"\" loading=\"lazy\" decoding=\"async\" src=\"https:\/\/wp.unil.ch\/hrp\/files\/2022\/07\/Monitor_text.png\" alt=\"\" class=\"wp-image-1667\" width=\"234\" height=\"267\" srcset=\"https:\/\/wp.unil.ch\/hrp\/files\/2022\/07\/Monitor_text.png 467w, https:\/\/wp.unil.ch\/hrp\/files\/2022\/07\/Monitor_text-262x300.png 262w, https:\/\/wp.unil.ch\/hrp\/files\/2022\/07\/Monitor_text-10x12.png 10w\" sizes=\"auto, (max-width: 234px) 100vw, 234px\" \/><\/a><\/figure>\n<\/div>","protected":false},"excerpt":{"rendered":"<p>1. Contrats, financement et budget Tout accord en relation avec le projet de recherche pr\u00e9vu ou conclu entre le promoteur\/repr\u00e9sentant du promoteur\/investigateur du CHUV, et une institution mandataire&hellip;<\/p>\n","protected":false},"author":1002441,"featured_media":2260,"parent":0,"menu_order":0,"comment_status":"closed","ping_status":"closed","template":"template-full-width-cover.php","meta":{"_seopress_robots_primary_cat":"","_seopress_titles_title":"","_seopress_titles_desc":"","_seopress_robots_index":"","footnotes":""},"class_list":["post-1883","page","type-page","status-publish","has-post-thumbnail"],"_links":{"self":[{"href":"https:\/\/wp.unil.ch\/hrp\/wp-json\/wp\/v2\/pages\/1883","targetHints":{"allow":["GET"]}}],"collection":[{"href":"https:\/\/wp.unil.ch\/hrp\/wp-json\/wp\/v2\/pages"}],"about":[{"href":"https:\/\/wp.unil.ch\/hrp\/wp-json\/wp\/v2\/types\/page"}],"author":[{"embeddable":true,"href":"https:\/\/wp.unil.ch\/hrp\/wp-json\/wp\/v2\/users\/1002441"}],"replies":[{"embeddable":true,"href":"https:\/\/wp.unil.ch\/hrp\/wp-json\/wp\/v2\/comments?post=1883"}],"version-history":[{"count":0,"href":"https:\/\/wp.unil.ch\/hrp\/wp-json\/wp\/v2\/pages\/1883\/revisions"}],"wp:featuredmedia":[{"embeddable":true,"href":"https:\/\/wp.unil.ch\/hrp\/wp-json\/wp\/v2\/media\/2260"}],"wp:attachment":[{"href":"https:\/\/wp.unil.ch\/hrp\/wp-json\/wp\/v2\/media?parent=1883"}],"curies":[{"name":"wp","href":"https:\/\/api.w.org\/{rel}","templated":true}]}}