{"id":87,"date":"2017-02-27T12:50:24","date_gmt":"2017-02-27T11:50:24","guid":{"rendered":"http:\/\/wp.unil.ch\/histoireparlesdonnees\/?page_id=87"},"modified":"2017-05-31T17:27:34","modified_gmt":"2017-05-31T15:27:34","slug":"bibliographie","status":"publish","type":"page","link":"https:\/\/wp.unil.ch\/histoireparlesdonnees\/les-travaux\/perceptions-du-conflit-israelo-palestinien-dans-la-gazette-de-lausanne-et-le-journal-de-geneve\/bibliographie\/","title":{"rendered":"Bibliographie"},"content":{"rendered":"<div style=\"background-color: #ffd9f2;padding: 20px 20px\">\n<h2>Table des mati\u00e8res<\/h2>\n<ul style=\"margin-bottom: 0;padding-bottom: 0\">\n<li><a href=\"https:\/\/wp.unil.ch\/histoireparlesdonnees\/les-travaux\/perceptions-du-conflit-israelo-palestinien-dans-la-gazette-de-lausanne-et-le-journal-de-geneve\">Pr\u00e9sentation du projet<\/a><\/li>\n<li><a href=\"https:\/\/wp.unil.ch\/histoireparlesdonnees\/les-travaux\/perceptions-du-conflit-israelo-palestinien-dans-la-gazette-de-lausanne-et-le-journal-de-geneve\/analyse-et-interpretations\/\">Analyse et interpr\u00e9tation<\/a><\/li>\n<li><a href=\"https:\/\/wp.unil.ch\/histoireparlesdonnees\/les-travaux\/perceptions-du-conflit-israelo-palestinien-dans-la-gazette-de-lausanne-et-le-journal-de-geneve\/critique-des-methodes-utilisees\/\">Critiques des m\u00e9thodes utilis\u00e9es<\/a><\/li>\n<li><a href=\"https:\/\/wp.unil.ch\/histoireparlesdonnees\/les-travaux\/perceptions-du-conflit-israelo-palestinien-dans-la-gazette-de-lausanne-et-le-journal-de-geneve\/bibliographie\/\">Bibliographie<\/a><\/li>\n<\/ul>\n<\/div>\n<p>Afin de soutenir nos recherches, nous avons s\u00e9lectionn\u00e9 les ouvrages suivants, class\u00e9s par th\u00e8me.<\/p>\n<ol type=\"a\">\n<li>Suisse-Isra\u00ebl\u00a0:\n<ul>\n<li>Kreutner, J. <em>Die Schweiz und Israel\u00a0: auf dem Weg zu einem differenzierten historischen Bewusstsein<\/em>, Chronos (2013)<\/li>\n<li>Hug, P. et Perrenoud, M. <em>Les avoirs d\u00e9pos\u00e9s en Suisse par des victimes du nazisme et les accords d\u2019indemnisation conclus avec les pays de l\u2019Est<\/em>, Archives f\u00e9d\u00e9rales suisses (1996), Dossier 4<\/li>\n<li>Pfenninger, U. et Schuler, B. <em>Die Schweiz \u2013 ein fr\u00fcher Freund Israels\u00a0? Ausbau und Festigung der bilateralen Beziehungen zwischen der Schweiz und Israel<\/em>, in\u00a0: Peter Hug, Martin Kloter, <em>Aufstieg und Niedergang des Bilateralismus<\/em>, Chronos (1999)<\/li>\n<\/ul>\n<\/li>\n<li>Presse\u00a0:\n<ul>\n<li>Chenaux, J-P. <em>La presse d\u2019opinion en Suisse Romande, ou la bataille des id\u00e9es<\/em>, Ed. Journal de Gen\u00e8ve et Gazette de Lausanne (1986)<\/li>\n<li><em>Le traitement par les m\u00e9dias fran\u00e7ais du conflit isra\u00e9lo-palestinien<\/em> : table ronde au S\u00e9nat, organis\u00e9e le 26 novembre 2005 par le Comit\u00e9 de vigilance pour une paix r\u00e9elle au Proche-Orient, Paris : L&#8217;Harmattan, 2007.<\/li>\n<\/ul>\n<\/li>\n<li>Politique \u00e9trang\u00e8re suisse\u00a0:\n<ul>\n<li>Hohengartner, R. <em>Schweizerische Neutralit\u00e4t und Vereinte Nationen 1945-1981\u00a0: Die Problematik des schweizerischen UNO-Beitrittes im Spannungsfeld, zwischen Bundesrat und Parlament<\/em>. VWG\u00d6 (1993)<\/li>\n<\/ul>\n<\/li>\n<li>Organisations non-gouvernementales\u00a0:\n<ul>\n<li>Junod, D-D. <em>La Croix-Rouge en p\u00e9ril, 1945-1952\u00a0: La strat\u00e9gie du CICR, de la Seconde Guerre mondiale au conflit de Palestine \u2013 Eretz-Isra\u00ebl<\/em>, Payot, traduction de 1997 de l\u2019anglais publi\u00e9 en 1996<\/li>\n<li>de Reynier, J. <em>1948 \u00c0 J\u00e9rusalem<\/em>, Georg, seconde \u00e9dition (2002)<\/li>\n<\/ul>\n<\/li>\n<\/ol>\n<p>Nous avons aussi compl\u00e9t\u00e9 notre recherche en nous aidant de deux bases de donn\u00e9es diplomatiques\u00a0: le Projet Avalon de Yale qui r\u00e9pertorie des mandats et trait\u00e9s dont <a href=\"https:\/\/avalon.law.yale.edu\/20th_century\/palmanda.asp\"><em>The Palestine Mandate<\/em><\/a> ainsi qu\u2019un pacte de la Soci\u00e9t\u00e9 des Nations\u00a0: <a href=\"https:\/\/avalon.law.yale.edu\/20th_century\/palmanda.asp\"><em>The Covenant of The League of Nations<\/em><\/a>; et la base de donn\u00e9es <a href=\"https:\/\/www.dodis.ch\">Dodis<\/a> pour les documents diplomatiques Suisses.<\/p>\n<p><img vspace=\"10\" \/><\/p>\n<ul>\n<li><a href=\"https:\/\/wp.unil.ch\/histoireparlesdonnees\/les-travaux\/perceptions-du-conflit-israelo-palestinien-dans-la-gazette-de-lausanne-et-le-journal-de-geneve\/critique-des-methodes-utilisees\/\">Page pr\u00e9c\u00e9dente<\/a><\/li>\n<\/ul>\n","protected":false},"excerpt":{"rendered":"<p>Table des mati\u00e8res Pr\u00e9sentation du projet Analyse et interpr\u00e9tation Critiques des m\u00e9thodes utilis\u00e9es Bibliographie Afin de soutenir nos recherches, nous avons s\u00e9lectionn\u00e9 les ouvrages suivants, class\u00e9s par th\u00e8me. Suisse-Isra\u00ebl\u00a0: Kreutner, J. Die Schweiz und Israel\u00a0: auf dem Weg zu einem<\/p>\n","protected":false},"author":1001264,"featured_media":0,"parent":81,"menu_order":1,"comment_status":"closed","ping_status":"closed","template":"","meta":{"_seopress_robots_primary_cat":"","_seopress_titles_title":"","_seopress_titles_desc":"","_seopress_robots_index":"","footnotes":""},"class_list":["post-87","page","type-page","status-publish"],"_links":{"self":[{"href":"https:\/\/wp.unil.ch\/histoireparlesdonnees\/wp-json\/wp\/v2\/pages\/87","targetHints":{"allow":["GET"]}}],"collection":[{"href":"https:\/\/wp.unil.ch\/histoireparlesdonnees\/wp-json\/wp\/v2\/pages"}],"about":[{"href":"https:\/\/wp.unil.ch\/histoireparlesdonnees\/wp-json\/wp\/v2\/types\/page"}],"author":[{"embeddable":true,"href":"https:\/\/wp.unil.ch\/histoireparlesdonnees\/wp-json\/wp\/v2\/users\/1001264"}],"replies":[{"embeddable":true,"href":"https:\/\/wp.unil.ch\/histoireparlesdonnees\/wp-json\/wp\/v2\/comments?post=87"}],"version-history":[{"count":0,"href":"https:\/\/wp.unil.ch\/histoireparlesdonnees\/wp-json\/wp\/v2\/pages\/87\/revisions"}],"up":[{"embeddable":true,"href":"https:\/\/wp.unil.ch\/histoireparlesdonnees\/wp-json\/wp\/v2\/pages\/81"}],"wp:attachment":[{"href":"https:\/\/wp.unil.ch\/histoireparlesdonnees\/wp-json\/wp\/v2\/media?parent=87"}],"curies":[{"name":"wp","href":"https:\/\/api.w.org\/{rel}","templated":true}]}}