{"id":638,"date":"2017-05-31T17:19:40","date_gmt":"2017-05-31T15:19:40","guid":{"rendered":"http:\/\/wp.unil.ch\/histoireparlesdonnees\/?page_id=638"},"modified":"2017-05-31T18:18:14","modified_gmt":"2017-05-31T16:18:14","slug":"zoom-sur-les-classes","status":"publish","type":"page","link":"https:\/\/wp.unil.ch\/histoireparlesdonnees\/les-travaux\/les-relations-internationales-de-la-suisse-dans-la-une-de-deux-journaux-liberaux-romands\/interpretation\/zoom-sur-les-classes\/","title":{"rendered":"Zoom sur les classes"},"content":{"rendered":"<h3>Table des mati\u00e8res<\/h3>\n<ul>\n<li><a href=\"https:\/\/wp.unil.ch\/histoireparlesdonnees\/les-travaux\/les-relations-internationales-de-la-suisse-dans-la-une-de-deux-journaux-liberaux-romands\/historique-de-la-presse-romande\/\">Introduction<\/a><\/li>\n<li><a href=\"https:\/\/wp.unil.ch\/histoireparlesdonnees\/les-travaux\/les-relations-internationales-de-la-suisse-dans-la-une-de-deux-journaux-liberaux-romands\/methodologie\/\">M\u00e9thodologie<\/a><\/li>\n<li><a href=\"https:\/\/wp.unil.ch\/histoireparlesdonnees\/les-travaux\/les-relations-internationales-de-la-suisse-dans-la-une-de-deux-journaux-liberaux-romands\/interpretation\/\">Interpr\u00e9tation<\/a>\n<ul>\n<li><a href=\"https:\/\/wp.unil.ch\/histoireparlesdonnees\/les-travaux\/les-relations-internationales-de-la-suisse-dans-la-une-de-deux-journaux-liberaux-romands\/interpretation\/comparaison-entre-les-deux-journaux\/\">Comparaison entre les deux journaux<\/a><\/li>\n<li><a href=\"https:\/\/wp.unil.ch\/histoireparlesdonnees\/les-travaux\/les-relations-internationales-de-la-suisse-dans-la-une-de-deux-journaux-liberaux-romands\/interpretation\/zoom-sur-les-classes\/\">Zoom sur les classes<\/a><\/li>\n<li><a href=\"https:\/\/wp.unil.ch\/histoireparlesdonnees\/les-travaux\/les-relations-internationales-de-la-suisse-dans-la-une-de-deux-journaux-liberaux-romands\/interpretation\/comparaison-avec-le-reste-du-journal\/\">Comparaison avec le reste du journal<\/a><\/li>\n<li><a href=\"https:\/\/wp.unil.ch\/histoireparlesdonnees\/les-travaux\/les-relations-internationales-de-la-suisse-dans-la-une-de-deux-journaux-liberaux-romands\/interpretation\/comparaison-avec-un-journal-socialiste\/\">Comparaison avec un journal socialiste<\/a><\/li>\n<li><a href=\"https:\/\/wp.unil.ch\/histoireparlesdonnees\/les-travaux\/les-relations-internationales-de-la-suisse-dans-la-une-de-deux-journaux-liberaux-romands\/interpretation\/difficultes\/\">Difficult\u00e9s<\/a><\/li>\n<li><a href=\"https:\/\/wp.unil.ch\/histoireparlesdonnees\/les-travaux\/les-relations-internationales-de-la-suisse-dans-la-une-de-deux-journaux-liberaux-romands\/interpretation\/conclusion\/\">Conclusion<\/a><\/li>\n<\/ul>\n<\/li>\n<li><a href=\"https:\/\/wp.unil.ch\/histoireparlesdonnees\/les-travaux\/les-relations-internationales-de-la-suisse-dans-la-une-de-deux-journaux-liberaux-romands\/bibliographie\/\">Bibliographie<\/a><\/li>\n<\/ul>\n<p>Notre but \u00e9tant de d\u00e9terminer l\u2019importance et le traitement de l\u2019information dans nos deux journaux, nous avons donc effectu\u00e9 une analyse plus pr\u00e9cise du traitement de chacune des classes nous int\u00e9ressant, soit celles se rapportant aux conflits, \u00a0\u00e0 la politique \u00a0et aux relations internationales.<\/p>\n<h3>La couverture des conflits et les relations internationales<\/h3>\n<p>Nous avons regroup\u00e9 les classes 13 et 14 dans un seul graphique car elles sont tr\u00e8s similaires (cf. fig. 4). La premi\u00e8re chose \u00e0 remarquer est que la pr\u00e9sence de ces deux classes diminue constamment durant notre p\u00e9riode. De plus, elles \u00e9voluent parall\u00e8lement durant la majorit\u00e9 du temps.<\/p>\n<figure id=\"attachment_583\" aria-describedby=\"caption-attachment-583\" style=\"width: 754px\" class=\"wp-caption aligncenter\"><a href=\"https:\/\/wp.unil.ch\/histoireparlesdonnees\/les-travaux\/les-relations-internationales-de-la-suisse-dans-la-une-de-deux-journaux-liberaux-romands\/methodologie\/9_classes13-14\/\" rel=\"attachment wp-att-583\"><img alt=\"\" loading=\"lazy\" decoding=\"async\" class=\"size-full wp-image-583\" src=\"https:\/\/wp.unil.ch\/histoireparlesdonnees\/files\/2017\/05\/9_classes13-14.png\" alt=\"\" width=\"754\" height=\"450\" srcset=\"https:\/\/wp.unil.ch\/histoireparlesdonnees\/files\/2017\/05\/9_classes13-14.png 754w, https:\/\/wp.unil.ch\/histoireparlesdonnees\/files\/2017\/05\/9_classes13-14-300x179.png 300w\" sizes=\"auto, (max-width: 754px) 100vw, 754px\" \/><\/a><figcaption id=\"caption-attachment-583\" class=\"wp-caption-text\">Fig. 4 Les classes se rapportant aux conflits<\/figcaption><\/figure>\n<p>Nous pouvons clairement remarquer la Seconde Guerre mondiale gr\u00e2ce aux pics entre 1939 et 1945.<\/p>\n<p>Nous remarquons aussi une forte pr\u00e9sence de la classe 14 entre les ann\u00e9es 1960 et 1962. En \u00e9tudiant le contexte des mots caract\u00e9ristiques de cette classe entre ces dates, on constate que ce pic correspond \u00e0 la guerre d\u2019Alg\u00e9rie et du Laos, mais pas uniquement. On rel\u00e8ve aussi que des articles ne parlent pas des ces conflits, mais d\u2019autres sujets tels que l\u2019\u00e9tat des arm\u00e9es allemandes et fran\u00e7aises ou la politique militaire belge au Congo.<\/p>\n<p>On peut aussi noter certains changements mineurs, notamment entre 1951 et 1953, o\u00f9 l\u2019on remarque une pr\u00e9sence \u00e0 peine plus prononc\u00e9e des deux classes et la m\u00eame chose se produit entre 1985 et 1989. Une fois encore, en \u00e9tudiant les segments caract\u00e9ristiques de ces classes durant ces p\u00e9riodes on constate la pr\u00e9sence d\u2019articles centr\u00e9s sur l\u2019actualit\u00e9 ainsi que quelques articles r\u00e9trospectifs.<\/p>\n<p>Apr\u00e8s avoir parcouru les segments caract\u00e9ristiques de ces classes plus en d\u00e9tails et avoir consult\u00e9 les articles si n\u00e9cessaire, nous pouvons classer les articles en plusieurs cat\u00e9gories:<\/p>\n<ul>\n<li>Br\u00e8ves\/D\u00e9p\u00eaches : Une bonne partie des articles de ces classes sont uniquement un descriptif factuel des \u00e9v\u00e9nements de l\u2019actualit\u00e9 sans analyse ou interpr\u00e9tation. Ces articles sont centr\u00e9s sur des \u00e9v\u00e9nements pr\u00e9cis. On peut citer comme exemple la retranscription de d\u00e9clarations de personnages politiques ou l&#8217;\u00e9num\u00e9ration des man\u0153uvres de troupes lors des conflits.<\/li>\n<li>Comptes rendus globaux : Plusieurs articles que nous avons rencontr\u00e9s sont des comptes rendus d\u2019une multitude d&#8217;\u00e9v\u00e9nements li\u00e9s ou se passant en m\u00eame temps. En g\u00e9n\u00e9ral la partie analyse de ces articles est relativement r\u00e9duite et l\u2019article est une succession d\u2019informations factuelles. Un bon exemple a \u00e9t\u00e9 publi\u00e9 le 12 septembre 1983 par le <i>Journal de Gen\u00e8ve<\/i> qui comprend une \u00e9num\u00e9ration des forces militaires fran\u00e7aises stationn\u00e9es \u00e0 travers la plan\u00e8te, ainsi que des actions politiques du gouvernement fran\u00e7ais pour essayer d&#8217;emp\u00eacher que ces troupes soient engag\u00e9es dans des conflits. Ces articles sont en g\u00e9n\u00e9ral neutres et objectifs.<\/li>\n<li>Analyses : Ces articles commencent par pr\u00e9senter un sujet et des faits, puis le journaliste construit une analyse et une interpr\u00e9tation autour des \u00e9v\u00e9nements de d\u00e9part. Ce genre d\u2019articles montre tr\u00e8s clairement le point de vue du journal et du journaliste ainsi que son orientation politique suivant le sujet. On peut citer comme exemple un article paru le 20 juillet 1964 dans le <i>Journal de Gen\u00e8ve<\/i> analysant l\u2019\u00e9tat de l\u2019URSS et le d\u00e9sir d\u2019ind\u00e9pendance des nations satellites par rapport \u00e0 Moscou, et donnant un avis tr\u00e8s marqu\u00e9 sur le comportement d\u2019ouverture \u00e9conomique que devrait suivre les nations europ\u00e9ennes envers elles. Dans cet article, le bord politique lib\u00e9ral du journaliste et du journal est tr\u00e8s visible ainsi que son esprit d\u2019ouverture \u00e9conomique envers les nations qui veulent se d\u00e9marquer du bloc communiste.<\/li>\n<li>R\u00e9trospectives : Quelques articles ne sont pas centr\u00e9s sur l\u2019actualit\u00e9 mais rappellent des \u00e9v\u00e9nements datant de plusieurs mois ou ann\u00e9es. On retrouve des th\u00e8mes comme l\u2019anniversaire ou la comm\u00e9moration d\u2019un \u00e9v\u00e9nement important, ainsi que des analyses de certains sujets lors de guerres pass\u00e9es. Ces articles sont assez rares en Une et plut\u00f4t pr\u00e9sents en deuxi\u00e8me page ou plus loin dans les sections historiques.<\/li>\n<\/ul>\n<figure id=\"attachment_582\" aria-describedby=\"caption-attachment-582\" style=\"width: 751px\" class=\"wp-caption aligncenter\"><a href=\"https:\/\/wp.unil.ch\/histoireparlesdonnees\/les-travaux\/les-relations-internationales-de-la-suisse-dans-la-une-de-deux-journaux-liberaux-romands\/methodologie\/9_classe21\/\" rel=\"attachment wp-att-582\"><img alt=\"\" loading=\"lazy\" decoding=\"async\" class=\"size-full wp-image-582\" src=\"https:\/\/wp.unil.ch\/histoireparlesdonnees\/files\/2017\/05\/9_classe21.png\" alt=\"\" width=\"751\" height=\"382\" srcset=\"https:\/\/wp.unil.ch\/histoireparlesdonnees\/files\/2017\/05\/9_classe21.png 751w, https:\/\/wp.unil.ch\/histoireparlesdonnees\/files\/2017\/05\/9_classe21-300x153.png 300w\" sizes=\"auto, (max-width: 751px) 100vw, 751px\" \/><\/a><figcaption id=\"caption-attachment-582\" class=\"wp-caption-text\">Fig. 5 Les relations internationales en Occident.<\/figcaption><\/figure>\n<p>Durant la Deuxi\u00e8me Guerre mondiale, la classe des Relations Internationales (cf. fig. 5) est quasiment absente de notre corpus, les nouvelles du conflits prenant leur place en Une. Par contre, la pr\u00e9sence de la classe 21 augmente durant la guerre froide et atteint son maximum en 1966 puis diminue ensuite. L\u2019augmentation de la pr\u00e9sence des relations internationales dans notre corpus fait \u00e9cho \u00e0 la couverture par la presse de la guerre froide, notamment \u00e0 l\u2019actualit\u00e9 concernant le contr\u00f4le de la ville de Berlin \u00e0 cette \u00e9poque. La pr\u00e9sence de cette classe est la plus forte entre 1960 et 1964. Durant cette p\u00e9riode, pr\u00e9c\u00e9dant la d\u00e9tente, on trouve principalement le compte rendu des relations difficiles entre les \u00c9tats-Unis, l\u2019URSS de N. Khrouchtchev, qui, devant la menace de la destruction mutuelle, commence a \u0153uvr\u00e9 pour limiter la prolif\u00e9ration des armes atomiques, ainsi que la d\u00e9gradation des relations entre le bloc de l\u2019Est et la Chine voulant se procurer la bombe. Ces difficult\u00e9s poussent certains pays satellites de l\u2019Union sovi\u00e9tique \u00e0 chercher \u00e0 se rapprocher de leurs voisins europ\u00e9ens et de l\u2019UE, il en r\u00e9sulte de nombreuses discussions autour d\u2019accords \u00e9conomiques et politiques afin de faciliter les \u00e9changes \u00e0 travers le Mur et d&#8217;apaiser les tensions.<\/p>\n<p>Comme pour les classes 13 et 14 sur les conflits, on remarque que tous les articles associ\u00e9s aux relations internationales pr\u00e9sents en Unes ne sont pas uniquement centr\u00e9s sur l\u2019actualit\u00e9, mais parlent parfois de sujets datant de plusieurs ann\u00e9es en arri\u00e8re, m\u00eame si ceux-ci sont moins pr\u00e9sents en Une.<\/p>\n<h3>La classe relative \u00e0 la politique europ\u00e9enne<\/h3>\n<figure id=\"attachment_578\" aria-describedby=\"caption-attachment-578\" style=\"width: 737px\" class=\"wp-caption aligncenter\"><a href=\"https:\/\/wp.unil.ch\/histoireparlesdonnees\/les-travaux\/les-relations-internationales-de-la-suisse-dans-la-une-de-deux-journaux-liberaux-romands\/methodologie\/9_classe1\/\" rel=\"attachment wp-att-578\"><img alt=\"\" loading=\"lazy\" decoding=\"async\" class=\"size-full wp-image-578\" src=\"https:\/\/wp.unil.ch\/histoireparlesdonnees\/files\/2017\/05\/9_classe1.png\" alt=\"\" width=\"737\" height=\"449\" srcset=\"https:\/\/wp.unil.ch\/histoireparlesdonnees\/files\/2017\/05\/9_classe1.png 737w, https:\/\/wp.unil.ch\/histoireparlesdonnees\/files\/2017\/05\/9_classe1-300x183.png 300w\" sizes=\"auto, (max-width: 737px) 100vw, 737px\" \/><\/a><figcaption id=\"caption-attachment-578\" class=\"wp-caption-text\">Fig. 6 Relations politiques en Europe<\/figcaption><\/figure>\n<p>&nbsp;<\/p>\n<p>En comparant avec la figure 7 sur les relations internationales avec l\u2019URSS, on remarque que ces deux classes ont une \u00e9volution dans le temps fortement similaire. Elles sont extr\u00eamement pr\u00e9sentes au d\u00e9but de notre p\u00e9riode, puis d\u00e9crivent un premier pic au d\u00e9but de la guerre froide en 1950, puis un second correspondant \u00e0 la crise des missiles de Cuba en 1962 avant de s&#8217;estomper durant la d\u00e9tente.<\/p>\n<p>La forte corr\u00e9lation entre ces deux classes (1 et 4) ainsi que leur grande importance (11% des segments en Une) dans la classification hi\u00e9rarchique descendante nous montrent que les relations avec le bloc de l\u2019Est dominent les sujets internationaux en Une sur la premi\u00e8re moiti\u00e9 de notre p\u00e9riode, puis continuent \u00e0 \u00e9voluer en parall\u00e8le jusqu\u2019\u00e0 la fin de notre p\u00e9riode. On remarque dans la figure 7 ainsi qu\u2019en \u00e9tudiant les segments caract\u00e9ristiques de ces classes, des \u00e9changes qui recommencent \u00e0 devenir plus pr\u00e9sent de 1970 \u00e0 1976 apr\u00e8s une br\u00e8ve accalmie, qui correspond \u00e0 la reprise des relations internationales. En effet, durant cette p\u00e9riode, de nombreux accords sont conclus.<\/p>\n<figure id=\"attachment_580\" aria-describedby=\"caption-attachment-580\" style=\"width: 879px\" class=\"wp-caption aligncenter\"><a href=\"https:\/\/wp.unil.ch\/histoireparlesdonnees\/les-travaux\/les-relations-internationales-de-la-suisse-dans-la-une-de-deux-journaux-liberaux-romands\/methodologie\/9_classe4\/\" rel=\"attachment wp-att-580\"><img alt=\"\" loading=\"lazy\" decoding=\"async\" class=\"size-full wp-image-580\" src=\"https:\/\/wp.unil.ch\/histoireparlesdonnees\/files\/2017\/05\/9_classe4.png\" alt=\"\" width=\"879\" height=\"440\" srcset=\"https:\/\/wp.unil.ch\/histoireparlesdonnees\/files\/2017\/05\/9_classe4.png 879w, https:\/\/wp.unil.ch\/histoireparlesdonnees\/files\/2017\/05\/9_classe4-300x150.png 300w, https:\/\/wp.unil.ch\/histoireparlesdonnees\/files\/2017\/05\/9_classe4-768x384.png 768w\" sizes=\"auto, (max-width: 879px) 100vw, 879px\" \/><\/a><figcaption id=\"caption-attachment-580\" class=\"wp-caption-text\">Fig. 7 Les relations internationales centr\u00e9es sur l\u2019Union sovi\u00e9tique.<\/figcaption><\/figure>\n<p style=\"text-align: right\"><a href=\"https:\/\/wp.unil.ch\/histoireparlesdonnees\/les-travaux\/les-relations-internationales-de-la-suisse-dans-la-une-de-deux-journaux-liberaux-romands\/interpretation\/comparaison-avec-le-reste-du-journal\/\">-&gt;<\/a><\/p>\n<p>&nbsp;<\/p>\n","protected":false},"excerpt":{"rendered":"<p>Table des mati\u00e8res Introduction M\u00e9thodologie Interpr\u00e9tation Comparaison entre les deux journaux Zoom sur les classes Comparaison avec le reste du journal Comparaison avec un journal socialiste Difficult\u00e9s Conclusion Bibliographie Notre but \u00e9tant de d\u00e9terminer l\u2019importance et le traitement de l\u2019information<\/p>\n","protected":false},"author":1001264,"featured_media":0,"parent":601,"menu_order":1,"comment_status":"closed","ping_status":"closed","template":"","meta":{"_seopress_robots_primary_cat":"","_seopress_titles_title":"","_seopress_titles_desc":"","_seopress_robots_index":"","footnotes":""},"class_list":["post-638","page","type-page","status-publish"],"_links":{"self":[{"href":"https:\/\/wp.unil.ch\/histoireparlesdonnees\/wp-json\/wp\/v2\/pages\/638","targetHints":{"allow":["GET"]}}],"collection":[{"href":"https:\/\/wp.unil.ch\/histoireparlesdonnees\/wp-json\/wp\/v2\/pages"}],"about":[{"href":"https:\/\/wp.unil.ch\/histoireparlesdonnees\/wp-json\/wp\/v2\/types\/page"}],"author":[{"embeddable":true,"href":"https:\/\/wp.unil.ch\/histoireparlesdonnees\/wp-json\/wp\/v2\/users\/1001264"}],"replies":[{"embeddable":true,"href":"https:\/\/wp.unil.ch\/histoireparlesdonnees\/wp-json\/wp\/v2\/comments?post=638"}],"version-history":[{"count":0,"href":"https:\/\/wp.unil.ch\/histoireparlesdonnees\/wp-json\/wp\/v2\/pages\/638\/revisions"}],"up":[{"embeddable":true,"href":"https:\/\/wp.unil.ch\/histoireparlesdonnees\/wp-json\/wp\/v2\/pages\/601"}],"wp:attachment":[{"href":"https:\/\/wp.unil.ch\/histoireparlesdonnees\/wp-json\/wp\/v2\/media?parent=638"}],"curies":[{"name":"wp","href":"https:\/\/api.w.org\/{rel}","templated":true}]}}