{"id":601,"date":"2017-05-31T17:11:41","date_gmt":"2017-05-31T15:11:41","guid":{"rendered":"http:\/\/wp.unil.ch\/histoireparlesdonnees\/?page_id=601"},"modified":"2017-05-31T18:16:46","modified_gmt":"2017-05-31T16:16:46","slug":"interpretation","status":"publish","type":"page","link":"https:\/\/wp.unil.ch\/histoireparlesdonnees\/les-travaux\/les-relations-internationales-de-la-suisse-dans-la-une-de-deux-journaux-liberaux-romands\/interpretation\/","title":{"rendered":"Interpr\u00e9tation"},"content":{"rendered":"<h3>Table des mati\u00e8res<\/h3>\n<ul>\n<li><a href=\"https:\/\/wp.unil.ch\/histoireparlesdonnees\/les-travaux\/les-relations-internationales-de-la-suisse-dans-la-une-de-deux-journaux-liberaux-romands\/historique-de-la-presse-romande\/\">Introduction<\/a><\/li>\n<li><a href=\"https:\/\/wp.unil.ch\/histoireparlesdonnees\/les-travaux\/les-relations-internationales-de-la-suisse-dans-la-une-de-deux-journaux-liberaux-romands\/methodologie\/\">M\u00e9thodologie<\/a><\/li>\n<li><a href=\"https:\/\/wp.unil.ch\/histoireparlesdonnees\/les-travaux\/les-relations-internationales-de-la-suisse-dans-la-une-de-deux-journaux-liberaux-romands\/interpretation\/\">Interpr\u00e9tation<\/a>\n<ul>\n<li><a href=\"https:\/\/wp.unil.ch\/histoireparlesdonnees\/les-travaux\/les-relations-internationales-de-la-suisse-dans-la-une-de-deux-journaux-liberaux-romands\/interpretation\/comparaison-entre-les-deux-journaux\/\">Comparaison entre les deux journaux<\/a><\/li>\n<li><a href=\"https:\/\/wp.unil.ch\/histoireparlesdonnees\/les-travaux\/les-relations-internationales-de-la-suisse-dans-la-une-de-deux-journaux-liberaux-romands\/interpretation\/zoom-sur-les-classes\/\">Zoom sur les classes<\/a><\/li>\n<li><a href=\"https:\/\/wp.unil.ch\/histoireparlesdonnees\/les-travaux\/les-relations-internationales-de-la-suisse-dans-la-une-de-deux-journaux-liberaux-romands\/interpretation\/comparaison-avec-le-reste-du-journal\/\">Comparaison avec le reste du journal<\/a><\/li>\n<li><a href=\"https:\/\/wp.unil.ch\/histoireparlesdonnees\/les-travaux\/les-relations-internationales-de-la-suisse-dans-la-une-de-deux-journaux-liberaux-romands\/interpretation\/comparaison-avec-un-journal-socialiste\/\">Comparaison avec un journal socialiste<\/a><\/li>\n<li><a href=\"https:\/\/wp.unil.ch\/histoireparlesdonnees\/les-travaux\/les-relations-internationales-de-la-suisse-dans-la-une-de-deux-journaux-liberaux-romands\/interpretation\/difficultes\/\">Difficult\u00e9s<\/a><\/li>\n<li><a href=\"https:\/\/wp.unil.ch\/histoireparlesdonnees\/les-travaux\/les-relations-internationales-de-la-suisse-dans-la-une-de-deux-journaux-liberaux-romands\/interpretation\/conclusion\/\">Conclusion<\/a><\/li>\n<\/ul>\n<\/li>\n<li><a href=\"https:\/\/wp.unil.ch\/histoireparlesdonnees\/les-travaux\/les-relations-internationales-de-la-suisse-dans-la-une-de-deux-journaux-liberaux-romands\/bibliographie\/\">Bibliographie<\/a><\/li>\n<\/ul>\n<p>&nbsp;<\/p>\n<p>La classification hi\u00e9rarchique descendante sur l\u2019enti\u00e8ret\u00e9 des Unes en prenant un jour par semaine al\u00e9atoirement et en consid\u00e9rant uniquement les articles ayant plus de 300 mots nous donne le dendrogramme suivant:<\/p>\n<figure id=\"attachment_671\" aria-describedby=\"caption-attachment-671\" style=\"width: 1279px\" class=\"wp-caption aligncenter\"><a href=\"https:\/\/wp.unil.ch\/histoireparlesdonnees\/les-travaux\/les-relations-internationales-de-la-suisse-dans-la-une-de-deux-journaux-liberaux-romands\/interpretation\/comparaison-avec-le-reste-du-journal\/9_dendrogramme_unes\/\" rel=\"attachment wp-att-671\"><img alt=\"\" loading=\"lazy\" decoding=\"async\" class=\"size-full wp-image-671\" src=\"https:\/\/wp.unil.ch\/histoireparlesdonnees\/files\/2017\/05\/9_dendrogramme_unes.png\" alt=\"\" width=\"1279\" height=\"589\" srcset=\"https:\/\/wp.unil.ch\/histoireparlesdonnees\/files\/2017\/05\/9_dendrogramme_unes.png 1279w, https:\/\/wp.unil.ch\/histoireparlesdonnees\/files\/2017\/05\/9_dendrogramme_unes-300x138.png 300w, https:\/\/wp.unil.ch\/histoireparlesdonnees\/files\/2017\/05\/9_dendrogramme_unes-768x354.png 768w, https:\/\/wp.unil.ch\/histoireparlesdonnees\/files\/2017\/05\/9_dendrogramme_unes-1024x472.png 1024w\" sizes=\"auto, (max-width: 1279px) 100vw, 1279px\" \/><\/a><figcaption id=\"caption-attachment-671\" class=\"wp-caption-text\">Fig. 3 Classes pour l\u2019int\u00e9gralit\u00e9 des Unes entre 1939 et 1997.<\/figcaption><\/figure>\n<p>&nbsp;<\/p>\n<p>La grande taille de notre corpus nous permet d\u2019extraire un grand nombre de classes ais\u00e9ment identifiables.<\/p>\n<p>On peut ici grouper nos 22 classes en 4 cat\u00e9gories.<\/p>\n<ul>\n<li>Le premier bloc, regroupant 30.1% des segments et compos\u00e9 des classes 20, 10, 9, 19, 8, 12 et 11, repr\u00e9sente la culture. On y retrouve notamment la religion (en particulier la chr\u00e9tient\u00e9) (classe 20) ainsi que l\u2019art et la litt\u00e9rature (classe 19).<\/li>\n<li>Le groupe compos\u00e9 des classes 21, 14, 13, 4, 1 et 22, comprenant 29.8% des segments, englobe les guerres de la deuxi\u00e8me moiti\u00e9 du 20e si\u00e8cle.<\/li>\n<li>La politique est constitu\u00e9e des classes 5, 6, 7, 15 et 16. Elle est moins repr\u00e9sent\u00e9e, avec 22.6% des segments.<\/li>\n<li>Le dernier groupe, r\u00e9unissant les classes 18, 17, 3 et 2, couvre l&#8217;industrie (classe 17) et la finance. C\u2019est le plus petit groupe, avec 17.5% des segments.<\/li>\n<\/ul>\n<p>&nbsp;<\/p>\n<p style=\"text-align: right\"><a href=\"https:\/\/wp.unil.ch\/histoireparlesdonnees\/les-travaux\/les-relations-internationales-de-la-suisse-dans-la-une-de-deux-journaux-liberaux-romands\/interpretation\/comparaison-entre-les-deux-journaux\/\">-&gt;<\/a><\/p>\n","protected":false},"excerpt":{"rendered":"<p>Table des mati\u00e8res Introduction M\u00e9thodologie Interpr\u00e9tation Comparaison entre les deux journaux Zoom sur les classes Comparaison avec le reste du journal Comparaison avec un journal socialiste Difficult\u00e9s Conclusion Bibliographie &nbsp; La classification hi\u00e9rarchique descendante sur l\u2019enti\u00e8ret\u00e9 des Unes en prenant<\/p>\n","protected":false},"author":1001264,"featured_media":0,"parent":40,"menu_order":3,"comment_status":"closed","ping_status":"closed","template":"","meta":{"_seopress_robots_primary_cat":"","_seopress_titles_title":"","_seopress_titles_desc":"","_seopress_robots_index":"","footnotes":""},"class_list":["post-601","page","type-page","status-publish"],"_links":{"self":[{"href":"https:\/\/wp.unil.ch\/histoireparlesdonnees\/wp-json\/wp\/v2\/pages\/601","targetHints":{"allow":["GET"]}}],"collection":[{"href":"https:\/\/wp.unil.ch\/histoireparlesdonnees\/wp-json\/wp\/v2\/pages"}],"about":[{"href":"https:\/\/wp.unil.ch\/histoireparlesdonnees\/wp-json\/wp\/v2\/types\/page"}],"author":[{"embeddable":true,"href":"https:\/\/wp.unil.ch\/histoireparlesdonnees\/wp-json\/wp\/v2\/users\/1001264"}],"replies":[{"embeddable":true,"href":"https:\/\/wp.unil.ch\/histoireparlesdonnees\/wp-json\/wp\/v2\/comments?post=601"}],"version-history":[{"count":0,"href":"https:\/\/wp.unil.ch\/histoireparlesdonnees\/wp-json\/wp\/v2\/pages\/601\/revisions"}],"up":[{"embeddable":true,"href":"https:\/\/wp.unil.ch\/histoireparlesdonnees\/wp-json\/wp\/v2\/pages\/40"}],"wp:attachment":[{"href":"https:\/\/wp.unil.ch\/histoireparlesdonnees\/wp-json\/wp\/v2\/media?parent=601"}],"curies":[{"name":"wp","href":"https:\/\/api.w.org\/{rel}","templated":true}]}}