{"id":397,"date":"2017-05-24T18:18:54","date_gmt":"2017-05-24T16:18:54","guid":{"rendered":"http:\/\/wp.unil.ch\/histoireparlesdonnees\/?page_id=397"},"modified":"2017-06-06T18:25:43","modified_gmt":"2017-06-06T16:25:43","slug":"annexes","status":"publish","type":"page","link":"https:\/\/wp.unil.ch\/histoireparlesdonnees\/les-travaux\/perception-de-la-decolonisation-et-des-nouvelles-independances-dans-la-gazette-de-lausanne-et-le-journal-de-geneve-durant-la-guerre-froide\/annexes\/","title":{"rendered":"Annexes"},"content":{"rendered":"<p><a href=\"https:\/\/wp.unil.ch\/histoireparlesdonnees\/les-travaux\/perception-de-la-decolonisation-et-des-nouvelles-independances-dans-la-gazette-de-lausanne-et-le-journal-de-geneve-durant-la-guerre-froide\/\">Accueil<\/a> | <a href=\"https:\/\/wp.unil.ch\/histoireparlesdonnees\/les-travaux\/perception-de-la-decolonisation-et-des-nouvelles-independances-dans-la-gazette-de-lausanne-et-le-journal-de-geneve-durant-la-guerre-froide\/contexte-historique-et-problematique-du-travail\/\">Contexte historique et probl\u00e9matique du travail<\/a> | <a href=\"https:\/\/wp.unil.ch\/histoireparlesdonnees\/les-travaux\/perception-de-la-decolonisation-et-des-nouvelles-independances-dans-la-gazette-de-lausanne-et-le-journal-de-geneve-durant-la-guerre-froide\/methodologie\/\">M\u00e9thodologie<\/a> | <a href=\"https:\/\/wp.unil.ch\/histoireparlesdonnees\/les-travaux\/perception-de-la-decolonisation-et-des-nouvelles-independances-dans-la-gazette-de-lausanne-et-le-journal-de-geneve-durant-la-guerre-froide\/interpretation-des-resultats\/\">Interpr\u00e9tation des r\u00e9sultats<\/a> | <a href=\"https:\/\/wp.unil.ch\/histoireparlesdonnees\/les-travaux\/perception-de-la-decolonisation-et-des-nouvelles-independances-dans-la-gazette-de-lausanne-et-le-journal-de-geneve-durant-la-guerre-froide\/bibiographie\/\">Bibliographie<\/a> | <a href=\"https:\/\/wp.unil.ch\/histoireparlesdonnees\/les-travaux\/perception-de-la-decolonisation-et-des-nouvelles-independances-dans-la-gazette-de-lausanne-et-le-journal-de-geneve-durant-la-guerre-froide\/annexes\/\">Annexes<\/a><\/p>\n<p>&nbsp;<\/p>\n<p><strong>Graphique A.1: <\/strong>Classes lexicales du sous-corpus 1 pour la <em>Gazette de Lausanne<\/em><\/p>\n<p><strong><img alt=\"\" loading=\"lazy\" decoding=\"async\" class=\"aligncenter size-full wp-image-424\" src=\"https:\/\/wp.unil.ch\/histoireparlesdonnees\/files\/2017\/05\/6_classes_Corpus-1-GDL.png\" alt=\"\" width=\"1253\" height=\"885\" srcset=\"https:\/\/wp.unil.ch\/histoireparlesdonnees\/files\/2017\/05\/6_classes_Corpus-1-GDL.png 1253w, https:\/\/wp.unil.ch\/histoireparlesdonnees\/files\/2017\/05\/6_classes_Corpus-1-GDL-300x212.png 300w, https:\/\/wp.unil.ch\/histoireparlesdonnees\/files\/2017\/05\/6_classes_Corpus-1-GDL-768x542.png 768w, https:\/\/wp.unil.ch\/histoireparlesdonnees\/files\/2017\/05\/6_classes_Corpus-1-GDL-1024x723.png 1024w\" sizes=\"auto, (max-width: 1253px) 100vw, 1253px\" \/><\/strong><\/p>\n<p>&nbsp;<\/p>\n<p><strong>Graphique A.2: <\/strong>Classes lexicales du sous-corpus 1 pour le <em>Journal de Gen\u00e8ve<\/em><strong><br \/>\n<\/strong><\/p>\n<p><strong><img alt=\"\" loading=\"lazy\" decoding=\"async\" class=\"aligncenter size-full wp-image-426\" src=\"https:\/\/wp.unil.ch\/histoireparlesdonnees\/files\/2017\/05\/6_classes_Corpus-1-JDG.png\" alt=\"\" width=\"1253\" height=\"885\" srcset=\"https:\/\/wp.unil.ch\/histoireparlesdonnees\/files\/2017\/05\/6_classes_Corpus-1-JDG.png 1253w, https:\/\/wp.unil.ch\/histoireparlesdonnees\/files\/2017\/05\/6_classes_Corpus-1-JDG-300x212.png 300w, https:\/\/wp.unil.ch\/histoireparlesdonnees\/files\/2017\/05\/6_classes_Corpus-1-JDG-768x542.png 768w, https:\/\/wp.unil.ch\/histoireparlesdonnees\/files\/2017\/05\/6_classes_Corpus-1-JDG-1024x723.png 1024w\" sizes=\"auto, (max-width: 1253px) 100vw, 1253px\" \/><\/strong><\/p>\n<p>&nbsp;<\/p>\n<p><strong>Graphique A.3: <\/strong>Classes lexicales du sous-corpus 2 pour la <em>Gazette de Lausanne<\/em><\/p>\n<p><img alt=\"\" loading=\"lazy\" decoding=\"async\" class=\"aligncenter size-full wp-image-429\" src=\"https:\/\/wp.unil.ch\/histoireparlesdonnees\/files\/2017\/05\/6_classes_Corpus-2-GDL-1.png\" alt=\"\" width=\"1253\" height=\"885\" srcset=\"https:\/\/wp.unil.ch\/histoireparlesdonnees\/files\/2017\/05\/6_classes_Corpus-2-GDL-1.png 1253w, https:\/\/wp.unil.ch\/histoireparlesdonnees\/files\/2017\/05\/6_classes_Corpus-2-GDL-1-300x212.png 300w, https:\/\/wp.unil.ch\/histoireparlesdonnees\/files\/2017\/05\/6_classes_Corpus-2-GDL-1-768x542.png 768w, https:\/\/wp.unil.ch\/histoireparlesdonnees\/files\/2017\/05\/6_classes_Corpus-2-GDL-1-1024x723.png 1024w\" sizes=\"auto, (max-width: 1253px) 100vw, 1253px\" \/><\/p>\n<p>&nbsp;<\/p>\n<p><strong>Graphique A.4: <\/strong>Classes lexicales du sous-corpus 2 pour le <em>Journal de Gen\u00e8ve<\/em><\/p>\n<p><img alt=\"\" loading=\"lazy\" decoding=\"async\" class=\"aligncenter size-full wp-image-432\" src=\"https:\/\/wp.unil.ch\/histoireparlesdonnees\/files\/2017\/05\/6_classes_Corpus-2-JDG.png\" alt=\"\" width=\"1253\" height=\"885\" srcset=\"https:\/\/wp.unil.ch\/histoireparlesdonnees\/files\/2017\/05\/6_classes_Corpus-2-JDG.png 1253w, https:\/\/wp.unil.ch\/histoireparlesdonnees\/files\/2017\/05\/6_classes_Corpus-2-JDG-300x212.png 300w, https:\/\/wp.unil.ch\/histoireparlesdonnees\/files\/2017\/05\/6_classes_Corpus-2-JDG-768x542.png 768w, https:\/\/wp.unil.ch\/histoireparlesdonnees\/files\/2017\/05\/6_classes_Corpus-2-JDG-1024x723.png 1024w\" sizes=\"auto, (max-width: 1253px) 100vw, 1253px\" \/><\/p>\n<p>&nbsp;<\/p>\n<p><strong>Graphique A.5: <\/strong>Couverture par pays, sous-corpus 1<\/p>\n<p><img alt=\"\" loading=\"lazy\" decoding=\"async\" class=\"aligncenter size-full wp-image-434\" src=\"https:\/\/wp.unil.ch\/histoireparlesdonnees\/files\/2017\/05\/6_couverture_c1.png\" alt=\"\" width=\"1302\" height=\"931\" srcset=\"https:\/\/wp.unil.ch\/histoireparlesdonnees\/files\/2017\/05\/6_couverture_c1.png 1302w, https:\/\/wp.unil.ch\/histoireparlesdonnees\/files\/2017\/05\/6_couverture_c1-300x215.png 300w, https:\/\/wp.unil.ch\/histoireparlesdonnees\/files\/2017\/05\/6_couverture_c1-768x549.png 768w, https:\/\/wp.unil.ch\/histoireparlesdonnees\/files\/2017\/05\/6_couverture_c1-1024x732.png 1024w\" sizes=\"auto, (max-width: 1302px) 100vw, 1302px\" \/><\/p>\n<p>&nbsp;<\/p>\n<p><strong>Graphique A.6: <\/strong>Couverture par pays, sous-corpus 2<\/p>\n<p><img alt=\"\" loading=\"lazy\" decoding=\"async\" class=\"aligncenter size-full wp-image-437\" src=\"https:\/\/wp.unil.ch\/histoireparlesdonnees\/files\/2017\/05\/6_couverture_c2.png\" alt=\"\" width=\"1290\" height=\"931\" srcset=\"https:\/\/wp.unil.ch\/histoireparlesdonnees\/files\/2017\/05\/6_couverture_c2.png 1290w, https:\/\/wp.unil.ch\/histoireparlesdonnees\/files\/2017\/05\/6_couverture_c2-300x217.png 300w, https:\/\/wp.unil.ch\/histoireparlesdonnees\/files\/2017\/05\/6_couverture_c2-768x554.png 768w, https:\/\/wp.unil.ch\/histoireparlesdonnees\/files\/2017\/05\/6_couverture_c2-1024x739.png 1024w\" sizes=\"auto, (max-width: 1290px) 100vw, 1290px\" \/><\/p>\n<p>&nbsp;<\/p>\n<p><strong>Graphique A.7<\/strong>: Diff\u00e9rence de longueur moyenne des articles par pays entre les sous-corpus 1 et 2<\/p>\n<p><img alt=\"\" loading=\"lazy\" decoding=\"async\" class=\"aligncenter size-full wp-image-440\" src=\"https:\/\/wp.unil.ch\/histoireparlesdonnees\/files\/2017\/05\/6_diff_interet_c1vsc5.png\" alt=\"\" width=\"1282\" height=\"931\" srcset=\"https:\/\/wp.unil.ch\/histoireparlesdonnees\/files\/2017\/05\/6_diff_interet_c1vsc5.png 1282w, https:\/\/wp.unil.ch\/histoireparlesdonnees\/files\/2017\/05\/6_diff_interet_c1vsc5-300x218.png 300w, https:\/\/wp.unil.ch\/histoireparlesdonnees\/files\/2017\/05\/6_diff_interet_c1vsc5-768x558.png 768w, https:\/\/wp.unil.ch\/histoireparlesdonnees\/files\/2017\/05\/6_diff_interet_c1vsc5-1024x744.png 1024w\" sizes=\"auto, (max-width: 1282px) 100vw, 1282px\" \/><\/p>\n<p><strong>Liste des pays avec leur dates d&#8217;ind\u00e9pendance<\/strong><\/p>\n<table cellspacing=\"0\" border=\"0\">\n<colgroup width=\"346\"><\/colgroup>\n<colgroup width=\"530\"><\/colgroup>\n<colgroup width=\"298\"><\/colgroup>\n<colgroup span=\"2\" width=\"349\"><\/colgroup>\n<colgroup width=\"221\"><\/colgroup>\n<colgroup width=\"288\"><\/colgroup>\n<tr>\n<td><b>name<\/b><\/td>\n<td><b>RegEx<\/b><\/td>\n<td><b>colonist<\/b><\/td>\n<td><b>continent<\/b><\/td>\n<td><b>ind_date<\/b><\/td>\n<td><b>ind_year<\/b><\/td>\n<td><b>president<\/b><\/td>\n<\/tr>\n<tr>\n<td>Libye<\/td>\n<td>Libye<\/td>\n<td>Italie<\/td>\n<td>Afrique<\/td>\n<td align=\"right\">24\/12\/51<\/td>\n<td align=\"right\">1951<\/td>\n<td>Idris al-Mahdi<\/td>\n<\/tr>\n<tr>\n<td>Soudan<\/td>\n<td>Soudan<\/td>\n<td>Grande-Bretagne<\/td>\n<td>Afrique<\/td>\n<td align=\"right\">01\/01\/56<\/td>\n<td align=\"right\">1956<\/td>\n<td>Ismail al-Azhari<\/td>\n<\/tr>\n<tr>\n<td>Tunisie<\/td>\n<td>Tunisie<\/td>\n<td>France<\/td>\n<td>Afrique<\/td>\n<td align=\"right\">20\/03\/56<\/td>\n<td align=\"right\">1956<\/td>\n<td>Muhammad al-Amin Bey<\/td>\n<\/tr>\n<tr>\n<td>Maroc<\/td>\n<td>Maroc<\/td>\n<td>France<\/td>\n<td>Afrique<\/td>\n<td align=\"right\">07\/04\/56<\/td>\n<td align=\"right\">1956<\/td>\n<td>Mohammed V<\/td>\n<\/tr>\n<tr>\n<td>Ghana<\/td>\n<td>C\u00f4te-de-l&#8217;Or|Ghana<\/td>\n<td>Grande-Bretagne<\/td>\n<td>Afrique<\/td>\n<td align=\"right\">06\/03\/57<\/td>\n<td align=\"right\">1957<\/td>\n<td>Kwame Nkrumah<\/td>\n<\/tr>\n<tr>\n<td>Guin\u00e9e<\/td>\n<td>Afrique Occidentale fran\u00e7aise|Guin\u00e9e<\/td>\n<td>France<\/td>\n<td>Afrique<\/td>\n<td align=\"right\">02\/10\/58<\/td>\n<td align=\"right\">1958<\/td>\n<td>S\u00e9kou Tour\u00e9<\/td>\n<\/tr>\n<tr>\n<td>Cameroun<\/td>\n<td>Cameroun<\/td>\n<td>France Grande-Bretagne<\/td>\n<td>Afrique<\/td>\n<td align=\"right\">01\/01\/60<\/td>\n<td align=\"right\">1960<\/td>\n<td>Ahmadou Ahidjo<\/td>\n<\/tr>\n<tr>\n<td>S\u00e9n\u00e9gal<\/td>\n<td>Afrique Occidentale fran\u00e7aise|S\u00e9n\u00e9gal<\/td>\n<td>France<\/td>\n<td>Afrique<\/td>\n<td align=\"right\">04\/04\/60<\/td>\n<td align=\"right\">1960<\/td>\n<td>L\u00e9opold S\u00e9dar Senghor<\/td>\n<\/tr>\n<tr>\n<td>Togo<\/td>\n<td>Togo<\/td>\n<td>France<\/td>\n<td>Afrique<\/td>\n<td align=\"right\">27\/04\/60<\/td>\n<td align=\"right\">1960<\/td>\n<td>Sylvanus Olympio<\/td>\n<\/tr>\n<tr>\n<td>Madagascar<\/td>\n<td>Protectorat malgache|Madagascar<\/td>\n<td>France<\/td>\n<td>Afrique<\/td>\n<td align=\"right\">26\/06\/60<\/td>\n<td align=\"right\">1960<\/td>\n<td>Philibert Tsiranana<\/td>\n<\/tr>\n<tr>\n<td>Somalie<\/td>\n<td>Somalie<\/td>\n<td>Italie Grande-Bretagne<\/td>\n<td>Afrique<\/td>\n<td align=\"right\">01\/07\/60<\/td>\n<td align=\"right\">1960<\/td>\n<td>Aden Abdullah Osman Daar<\/td>\n<\/tr>\n<tr>\n<td>B\u00e9nin<\/td>\n<td>Afrique Occidentale fran\u00e7aise|Dahomey|B\u00e9nin<\/td>\n<td>France<\/td>\n<td>Afrique<\/td>\n<td align=\"right\">01\/08\/60<\/td>\n<td align=\"right\">1960<\/td>\n<td>Hubert Maga<\/td>\n<\/tr>\n<tr>\n<td>Niger<\/td>\n<td>Afrique Occidentale fran\u00e7aise|Niger<\/td>\n<td>France<\/td>\n<td>Afrique<\/td>\n<td align=\"right\">03\/08\/60<\/td>\n<td align=\"right\">1960<\/td>\n<td>Hamani Diori<\/td>\n<\/tr>\n<tr>\n<td>Burkina Faso<\/td>\n<td>Afrique Occidentale fran\u00e7aise|Burkina Faso<\/td>\n<td>France<\/td>\n<td>Afrique<\/td>\n<td align=\"right\">05\/08\/60<\/td>\n<td align=\"right\">1960<\/td>\n<td>Maurice Yam\u00e9ogo<\/td>\n<\/tr>\n<tr>\n<td>C\u00f4te d&#8217;Ivoire<\/td>\n<td>C\u00f4te d&#8217;Ivoire<\/td>\n<td>France<\/td>\n<td>Afrique<\/td>\n<td align=\"right\">07\/08\/60<\/td>\n<td align=\"right\">1960<\/td>\n<td>F\u00e9lix Houphou\u00ebt-Boigny<\/td>\n<\/tr>\n<tr>\n<td>Tchad<\/td>\n<td>Afrique [\u00c9|E]quatoriale fran\u00e7aise|Tchad<\/td>\n<td>France<\/td>\n<td>Afrique<\/td>\n<td align=\"right\">11\/08\/60<\/td>\n<td align=\"right\">1960<\/td>\n<td>Fran\u00e7ois Tombalbaye<\/td>\n<\/tr>\n<tr>\n<td>R\u00e9publique centrafricaine<\/td>\n<td>Afrique [\u00c9|E]quatoriale fran\u00e7aise|R\u00e9publique centrafricaine<\/td>\n<td>France<\/td>\n<td>Afrique<\/td>\n<td align=\"right\">13\/08\/60<\/td>\n<td align=\"right\">1960<\/td>\n<td>David Dacko<\/td>\n<\/tr>\n<tr>\n<td>Gabon<\/td>\n<td>Afrique [\u00c9|E]quatoriale fran\u00e7aise|Gabon<\/td>\n<td>France<\/td>\n<td>Afrique<\/td>\n<td align=\"right\">17\/08\/60<\/td>\n<td align=\"right\">1960<\/td>\n<td>L\u00e9on Mba<\/td>\n<\/tr>\n<tr>\n<td>Mali<\/td>\n<td>Afrique Occidentale fran\u00e7aise|Mali([\\s.,;]|en)<\/td>\n<td>France<\/td>\n<td>Afrique<\/td>\n<td align=\"right\">22\/09\/60<\/td>\n<td align=\"right\">1960<\/td>\n<td>Modibo Ke\u00efta<\/td>\n<\/tr>\n<tr>\n<td>Nig\u00e9ria<\/td>\n<td>Nig[\u00e9|e]ria<\/td>\n<td>Grande-Bretagne<\/td>\n<td>Afrique<\/td>\n<td align=\"right\">01\/10\/60<\/td>\n<td align=\"right\">1960<\/td>\n<td>Abubakar Tafawa Balewa<\/td>\n<\/tr>\n<tr>\n<td>Mauritanie<\/td>\n<td>Afrique Occidentale fran\u00e7aise|Mauritanie<\/td>\n<td>France<\/td>\n<td>Afrique<\/td>\n<td align=\"right\">28\/11\/60<\/td>\n<td align=\"right\">1960<\/td>\n<td>Moktar Ould Daddah<\/td>\n<\/tr>\n<tr>\n<td>Sierra Leone<\/td>\n<td>Sierra Leone<\/td>\n<td>Grande-Bretagne<\/td>\n<td>Afrique<\/td>\n<td align=\"right\">27\/04\/61<\/td>\n<td align=\"right\">1961<\/td>\n<td>Milton Margai<\/td>\n<\/tr>\n<tr>\n<td>Tanzanie<\/td>\n<td>Tanganyika|Tanzanie<\/td>\n<td>Grande-Bretagne<\/td>\n<td>Afrique<\/td>\n<td align=\"right\">09\/12\/61<\/td>\n<td align=\"right\">1961<\/td>\n<td>Julius Nyerere<\/td>\n<\/tr>\n<tr>\n<td>Rwanda<\/td>\n<td>Ruanda-Urundi|Rwanda<\/td>\n<td>Belgique<\/td>\n<td>Afrique<\/td>\n<td align=\"right\">01\/07\/62<\/td>\n<td align=\"right\">1962<\/td>\n<td>Gr\u00e9goire Kayibanda<\/td>\n<\/tr>\n<tr>\n<td>Burundi<\/td>\n<td>Ruanda-Urundi|Burundi<\/td>\n<td>Belgique<\/td>\n<td>Afrique<\/td>\n<td align=\"right\">01\/07\/62<\/td>\n<td align=\"right\">1962<\/td>\n<td>Mwambutsa IV<\/td>\n<\/tr>\n<tr>\n<td>Alg\u00e9rie<\/td>\n<td>Alg\u00e9rie<\/td>\n<td>France<\/td>\n<td>Afrique<\/td>\n<td align=\"right\">05\/07\/62<\/td>\n<td align=\"right\">1962<\/td>\n<td>Ahmed Ben Bella<\/td>\n<\/tr>\n<tr>\n<td>Ouganda<\/td>\n<td>Afrique de l&#8217;Est Britannique|Ouganda<\/td>\n<td>Grande-Bretagne<\/td>\n<td>Afrique<\/td>\n<td align=\"right\">09\/10\/62<\/td>\n<td align=\"right\">1962<\/td>\n<td>Milton Obote<\/td>\n<\/tr>\n<tr>\n<td>Kenya<\/td>\n<td>Afrique de l&#8217;Est Britannique|Kenya<\/td>\n<td>Grande-Bretagne<\/td>\n<td>Afrique<\/td>\n<td align=\"right\">12\/12\/63<\/td>\n<td align=\"right\">1963<\/td>\n<td>Jomo Kenyatta<\/td>\n<\/tr>\n<tr>\n<td>Malawi<\/td>\n<td>Nyasaland|Malawi<\/td>\n<td>Grande-Bretagne<\/td>\n<td>Afrique<\/td>\n<td align=\"right\">06\/07\/64<\/td>\n<td align=\"right\">1964<\/td>\n<td>Hastings Kamuzu Banda<\/td>\n<\/tr>\n<tr>\n<td>Zambie<\/td>\n<td>Rhod\u00e9sie du nord|Zambie<\/td>\n<td>Grande-Bretagne<\/td>\n<td>Afrique<\/td>\n<td align=\"right\">24\/10\/64<\/td>\n<td align=\"right\">1964<\/td>\n<td>Kenneth Kaunda<\/td>\n<\/tr>\n<tr>\n<td>Gambie<\/td>\n<td>Gambie<\/td>\n<td>Grande-Bretagne<\/td>\n<td>Afrique<\/td>\n<td align=\"right\">18\/02\/65<\/td>\n<td align=\"right\">1965<\/td>\n<td>Dawda Kairaba Jawara<\/td>\n<\/tr>\n<tr>\n<td>Botswana<\/td>\n<td>Bechuanaland|Botswana<\/td>\n<td>Grande-Bretagne<\/td>\n<td>Afrique<\/td>\n<td align=\"right\">30\/09\/66<\/td>\n<td align=\"right\">1966<\/td>\n<td>Seretse Khama<\/td>\n<\/tr>\n<tr>\n<td>Lesotho<\/td>\n<td>Basutoland|Lesotho<\/td>\n<td>Grande-Bretagne<\/td>\n<td>Afrique<\/td>\n<td align=\"right\">04\/10\/66<\/td>\n<td align=\"right\">1966<\/td>\n<td>Leabua Jonathan<\/td>\n<\/tr>\n<tr>\n<td>Swaziland<\/td>\n<td>Swaziland<\/td>\n<td>Grande-Bretagne<\/td>\n<td>Afrique<\/td>\n<td align=\"right\">06\/09\/68<\/td>\n<td align=\"right\">1968<\/td>\n<td>Sobhuza II<\/td>\n<\/tr>\n<tr>\n<td>Guin\u00e9e \u00e9quatoriale<\/td>\n<td>Guin\u00e9e (espagnole|\u00e9quatoriale)<\/td>\n<td>Espagne<\/td>\n<td>Afrique<\/td>\n<td align=\"right\">12\/10\/68<\/td>\n<td align=\"right\">1968<\/td>\n<td>Francisco Mac\u00edas Nguema<\/td>\n<\/tr>\n<tr>\n<td>Guin\u00e9e-Bissau<\/td>\n<td>Guin\u00e9e (portugaise|-Bissau)<\/td>\n<td>Portugal<\/td>\n<td>Afrique<\/td>\n<td align=\"right\">24\/09\/73<\/td>\n<td align=\"right\">1973<\/td>\n<td>Lu\u00eds Cabral<\/td>\n<\/tr>\n<tr>\n<td>Mozambique<\/td>\n<td>Afrique orientale portugaise|Mozambique<\/td>\n<td>Portugal<\/td>\n<td>Afrique<\/td>\n<td align=\"right\">25\/06\/75<\/td>\n<td align=\"right\">1975<\/td>\n<td>Samora Machel<\/td>\n<\/tr>\n<tr>\n<td>Cap-Vert<\/td>\n<td>Cap-Vert<\/td>\n<td>Portugal<\/td>\n<td>Afrique<\/td>\n<td align=\"right\">05\/07\/75<\/td>\n<td align=\"right\">1975<\/td>\n<td>Aristides Pereira<\/td>\n<\/tr>\n<tr>\n<td>Angola<\/td>\n<td>Angola<\/td>\n<td>Portugal<\/td>\n<td>Afrique<\/td>\n<td align=\"right\">11\/11\/75<\/td>\n<td align=\"right\">1975<\/td>\n<td>Agostinho Neto<\/td>\n<\/tr>\n<tr>\n<td>Djibouti<\/td>\n<td>Territoire fran\u00e7ais des Afars et des Issas|Djibouti<\/td>\n<td>France<\/td>\n<td>Afrique<\/td>\n<td align=\"right\">27\/06\/77<\/td>\n<td align=\"right\">1977<\/td>\n<td>Hassan Gouled Aptidon<\/td>\n<\/tr>\n<tr>\n<td>Zimbabwe<\/td>\n<td>Rhod\u00e9sie du Sud|Zimbabwe<\/td>\n<td>Grande-Bretagne<\/td>\n<td>Afrique<\/td>\n<td align=\"right\">18\/04\/80<\/td>\n<td align=\"right\">1980<\/td>\n<td>Robert Mugabe<\/td>\n<\/tr>\n<tr>\n<td>Namibie<\/td>\n<td>Afrique du sud-ouest|Namibie<\/td>\n<td>Afrique du Sud<\/td>\n<td>Afrique<\/td>\n<td align=\"right\">21\/03\/90<\/td>\n<td align=\"right\">1990<\/td>\n<td>Sam Nujoma<\/td>\n<\/tr>\n<tr>\n<td>Sahara occidental<\/td>\n<td>Sahara (espagnol|occidental)<\/td>\n<td>Espagne<\/td>\n<td>Afrique<\/td>\n<td align=\"right\">27\/02\/76<\/td>\n<td align=\"right\">1976<\/td>\n<td>Hassan II du Maroc<\/td>\n<\/tr>\n<tr>\n<td>Bangladesh<\/td>\n<td>Bangladesh<\/td>\n<td>Pakistan<\/td>\n<td>Asie<\/td>\n<td align=\"right\">26\/03\/71<\/td>\n<td align=\"right\">1971<\/td>\n<td><\/td>\n<\/tr>\n<tr>\n<td>Cambodge<\/td>\n<td>Indochine|Cambodge<\/td>\n<td>France<\/td>\n<td>Asie<\/td>\n<td align=\"right\">09\/11\/53<\/td>\n<td align=\"right\">1953<\/td>\n<td><\/td>\n<\/tr>\n<tr>\n<td>Inde<\/td>\n<td>Inde[\\s.,;&#8217;]<\/td>\n<td>Grande-Bretagne<\/td>\n<td>Asie<\/td>\n<td align=\"right\">15\/08\/47<\/td>\n<td align=\"right\">1947<\/td>\n<td><\/td>\n<\/tr>\n<tr>\n<td>Indon\u00e9sie<\/td>\n<td>Indon\u00e9sie<\/td>\n<td>Pays-Bas (Japon)<\/td>\n<td>Asie<\/td>\n<td align=\"right\">27\/12\/49<\/td>\n<td align=\"right\">1949<\/td>\n<td><\/td>\n<\/tr>\n<tr>\n<td>Laos<\/td>\n<td>Indochine|Laos<\/td>\n<td>France<\/td>\n<td>Asie<\/td>\n<td align=\"right\">19\/07\/49<\/td>\n<td align=\"right\">1949<\/td>\n<td><\/td>\n<\/tr>\n<tr>\n<td>Malaisie<\/td>\n<td>Malaisie<\/td>\n<td>Grande-Bretagne<\/td>\n<td>Asie<\/td>\n<td align=\"right\">31\/08\/57<\/td>\n<td align=\"right\">1957<\/td>\n<td><\/td>\n<\/tr>\n<tr>\n<td>Birmanie<\/td>\n<td>Birmanie<\/td>\n<td>Grande-Bretagne<\/td>\n<td>Asie<\/td>\n<td align=\"right\">04\/01\/48<\/td>\n<td align=\"right\">1948<\/td>\n<td><\/td>\n<\/tr>\n<tr>\n<td>Pakistan<\/td>\n<td>Pakistan<\/td>\n<td>Grande-Bretagne<\/td>\n<td>Asie<\/td>\n<td align=\"right\">14\/08\/47<\/td>\n<td align=\"right\">1947<\/td>\n<td><\/td>\n<\/tr>\n<tr>\n<td>Philippines<\/td>\n<td>Philippines<\/td>\n<td>Etats-Unis<\/td>\n<td>Asie<\/td>\n<td align=\"right\">04\/07\/46<\/td>\n<td align=\"right\">1946<\/td>\n<td><\/td>\n<\/tr>\n<tr>\n<td>Sri Lanka<\/td>\n<td>Sri Lanka<\/td>\n<td>Grande-Bretagne<\/td>\n<td>Asie<\/td>\n<td align=\"right\">22\/05\/72<\/td>\n<td align=\"right\">1972<\/td>\n<td><\/td>\n<\/tr>\n<tr>\n<td>Vi\u00eat Nam<\/td>\n<td>Indochine|Vi\u00eat Nam<\/td>\n<td>France<\/td>\n<td>Asie<\/td>\n<td align=\"right\">20\/07\/54<\/td>\n<td align=\"right\">1954<\/td>\n<td><\/td>\n<\/tr>\n<tr>\n<td>Congo belge<\/td>\n<td>Congo(-Kinshasa|-L\u00e9opoldville| belge)<\/td>\n<td>Belgique<\/td>\n<td>Afrique<\/td>\n<td><\/td>\n<td align=\"right\">1960<\/td>\n<td><\/td>\n<\/tr>\n<tr>\n<td>Congo-Brazzaville<\/td>\n<td>Afrique [\u00c9|E]quatoriale fran\u00e7aise|Congo-Brazzaville<\/td>\n<td>France<\/td>\n<td>Afrique<\/td>\n<td><\/td>\n<td align=\"right\">1960<\/td>\n<td><\/td>\n<\/tr>\n<\/table>\n<p><strong>Liste des mots cl\u00e9s utilis\u00e9s pour constituer le corpus<\/strong><\/p>\n<p><a href=\"https:\/\/wp.unil.ch\/histoireparlesdonnees\/files\/2017\/05\/ListeMotsCles.csv\">La liste des mots cl\u00e9s est disponible au t\u00e9l\u00e9chargement (CSV)<\/a>.<\/p>\n","protected":false},"excerpt":{"rendered":"<p>Accueil | Contexte historique et probl\u00e9matique du travail | M\u00e9thodologie | Interpr\u00e9tation des r\u00e9sultats | Bibliographie | Annexes &nbsp; Graphique A.1: Classes lexicales du sous-corpus 1 pour la Gazette de Lausanne &nbsp; Graphique A.2: Classes lexicales du sous-corpus 1 pour<\/p>\n","protected":false},"author":1001264,"featured_media":0,"parent":68,"menu_order":4,"comment_status":"closed","ping_status":"closed","template":"","meta":{"_seopress_robots_primary_cat":"","_seopress_titles_title":"","_seopress_titles_desc":"","_seopress_robots_index":"","footnotes":""},"class_list":["post-397","page","type-page","status-publish"],"_links":{"self":[{"href":"https:\/\/wp.unil.ch\/histoireparlesdonnees\/wp-json\/wp\/v2\/pages\/397","targetHints":{"allow":["GET"]}}],"collection":[{"href":"https:\/\/wp.unil.ch\/histoireparlesdonnees\/wp-json\/wp\/v2\/pages"}],"about":[{"href":"https:\/\/wp.unil.ch\/histoireparlesdonnees\/wp-json\/wp\/v2\/types\/page"}],"author":[{"embeddable":true,"href":"https:\/\/wp.unil.ch\/histoireparlesdonnees\/wp-json\/wp\/v2\/users\/1001264"}],"replies":[{"embeddable":true,"href":"https:\/\/wp.unil.ch\/histoireparlesdonnees\/wp-json\/wp\/v2\/comments?post=397"}],"version-history":[{"count":0,"href":"https:\/\/wp.unil.ch\/histoireparlesdonnees\/wp-json\/wp\/v2\/pages\/397\/revisions"}],"up":[{"embeddable":true,"href":"https:\/\/wp.unil.ch\/histoireparlesdonnees\/wp-json\/wp\/v2\/pages\/68"}],"wp:attachment":[{"href":"https:\/\/wp.unil.ch\/histoireparlesdonnees\/wp-json\/wp\/v2\/media?parent=397"}],"curies":[{"name":"wp","href":"https:\/\/api.w.org\/{rel}","templated":true}]}}