{"id":155,"date":"2017-03-15T10:44:00","date_gmt":"2017-03-15T09:44:00","guid":{"rendered":"http:\/\/wp.unil.ch\/histoireparlesdonnees\/?page_id=155"},"modified":"2017-05-31T17:26:07","modified_gmt":"2017-05-31T15:26:07","slug":"bibliographie","status":"publish","type":"page","link":"https:\/\/wp.unil.ch\/histoireparlesdonnees\/les-travaux\/comparaison-du-traitement-mediatique-de-la-guerre-de-coree-et-de-la-guerre-du-vietnam\/bibliographie\/","title":{"rendered":"Bibliographie"},"content":{"rendered":"<ol>\n<li>&#8220;Choosing Sides in the Global Cold War: Switzerland, Neutrality, and the Divided States of Korea and Vietnam&#8221;, Janick Marina Schaufelbuehl, Marco Wyss, and Sandra Bott, The International History Review, 2015, Vol. 37 , Iss. 5, p. 1014-1036.<\/li>\n<li>&#8220;Autorit\u00e9s et Entreprises Suisses Face \u00c0 La Guerre Du Vi\u00eat Nam, 1960-1975&#8221;, David Gaffino, \u00c9ditions Alphil, Neuch\u00e2tel, 2006.<\/li>\n<li>&#8220;Protection des int\u00e9r\u00eats \u00e9trangers et bons offices dans l&#8217;espace sino-cor\u00e9en au d\u00e9but des ann\u00e9es 1950&#8221;,\u00a0Coduri Michele, Relations internationales,\u00a02010 (n\u00b0 144),\u00a0p.\u00a051-64<\/li>\n<li>&#8220;Guerre du Vietnam. La Suisse dans l\u2019ombre de Washington&#8221;, David Gaffino, Traverse, 2009\/2, p. 23<\/li>\n<li>\u00ab\u00a0La Suisse dans la Guerre froide\u00a0: la neutralit\u00e9 suisse face aux pressions am\u00e9ricaines \u00e0 l\u2019\u00e9poque de la guerre de Cor\u00e9e\u00a0\u00bb, Cerutti Mauro, in Porret Michel, Fayet Jean-Fran\u00e7ois, Fluckiger Carine (dir.), Guerres et paix : m\u00e9langes offerts \u00e0 Jean-Claude Favez, Gen\u00e8ve : Georg : Ed. M\u00e9decine et Hygi\u00e8ne, 2000, pp. 321-342.<\/li>\n<\/ol>\n","protected":false},"excerpt":{"rendered":"<p>&#8220;Choosing Sides in the Global Cold War: Switzerland, Neutrality, and the Divided States of Korea and Vietnam&#8221;, Janick Marina Schaufelbuehl, Marco Wyss, and Sandra Bott, The International History Review, 2015, Vol. 37 , Iss. 5, p. 1014-1036. &#8220;Autorit\u00e9s et Entreprises<\/p>\n","protected":false},"author":1001264,"featured_media":0,"parent":149,"menu_order":7,"comment_status":"closed","ping_status":"closed","template":"","meta":{"_seopress_robots_primary_cat":"","_seopress_titles_title":"","_seopress_titles_desc":"","_seopress_robots_index":"","footnotes":""},"class_list":["post-155","page","type-page","status-publish"],"_links":{"self":[{"href":"https:\/\/wp.unil.ch\/histoireparlesdonnees\/wp-json\/wp\/v2\/pages\/155","targetHints":{"allow":["GET"]}}],"collection":[{"href":"https:\/\/wp.unil.ch\/histoireparlesdonnees\/wp-json\/wp\/v2\/pages"}],"about":[{"href":"https:\/\/wp.unil.ch\/histoireparlesdonnees\/wp-json\/wp\/v2\/types\/page"}],"author":[{"embeddable":true,"href":"https:\/\/wp.unil.ch\/histoireparlesdonnees\/wp-json\/wp\/v2\/users\/1001264"}],"replies":[{"embeddable":true,"href":"https:\/\/wp.unil.ch\/histoireparlesdonnees\/wp-json\/wp\/v2\/comments?post=155"}],"version-history":[{"count":0,"href":"https:\/\/wp.unil.ch\/histoireparlesdonnees\/wp-json\/wp\/v2\/pages\/155\/revisions"}],"up":[{"embeddable":true,"href":"https:\/\/wp.unil.ch\/histoireparlesdonnees\/wp-json\/wp\/v2\/pages\/149"}],"wp:attachment":[{"href":"https:\/\/wp.unil.ch\/histoireparlesdonnees\/wp-json\/wp\/v2\/media?parent=155"}],"curies":[{"name":"wp","href":"https:\/\/api.w.org\/{rel}","templated":true}]}}