{"id":140,"date":"2017-03-09T15:20:12","date_gmt":"2017-03-09T14:20:12","guid":{"rendered":"http:\/\/wp.unil.ch\/histoireparlesdonnees\/?page_id=140"},"modified":"2017-05-24T17:56:08","modified_gmt":"2017-05-24T15:56:08","slug":"corpus-et-bibliographie","status":"publish","type":"page","link":"https:\/\/wp.unil.ch\/histoireparlesdonnees\/les-travaux\/traitement-mediatique-de-la-neutralite-suisse\/corpus-et-bibliographie\/","title":{"rendered":"Corpus et Bibliographie"},"content":{"rendered":"<p><a href=\"https:\/\/wp.unil.ch\/histoireparlesdonnees\/les-travaux\/traitement-mediatique-de-la-neutralite-suisse\/\">Introduction<\/a> <strong>\u00b7<\/strong> <a href=\"https:\/\/wp.unil.ch\/histoireparlesdonnees\/les-travaux\/traitement-mediatique-de-la-neutralite-suisse\/corpus-et-bibliographie\/\">Corpus<\/a> <strong>\u00b7<\/strong> <a href=\"https:\/\/wp.unil.ch\/histoireparlesdonnees\/les-travaux\/traitement-mediatique-de-la-neutralite-suisse\/methodologie\/\">M\u00e9thodologie<\/a> <strong>\u00b7<\/strong> <a href=\"https:\/\/wp.unil.ch\/histoireparlesdonnees\/les-travaux\/traitement-mediatique-de-la-neutralite-suisse\/resultats\/\">R\u00e9sultats<\/a> <strong>\u00b7<\/strong> <a href=\"https:\/\/wp.unil.ch\/histoireparlesdonnees\/les-travaux\/traitement-mediatique-de-la-neutralite-suisse\/interpretation\/\">Interpr\u00e9tation<\/a> <strong>\u00b7<\/strong> <a href=\"https:\/\/wp.unil.ch\/histoireparlesdonnees\/les-travaux\/traitement-mediatique-de-la-neutralite-suisse\/avantages-et-limites\/\">Avantages et limites<\/a> <strong>\u00b7<\/strong> <a href=\"https:\/\/wp.unil.ch\/histoireparlesdonnees\/les-travaux\/traitement-mediatique-de-la-neutralite-suisse\/conclusion\/\">Conclusion<\/a><\/p>\n<h3>Corpus<\/h3>\n<p>Notre corpus est compos\u00e9 de deux journaux suisses : le <em>Journal de Gen\u00e8ve<\/em> et la <em>Gazette de Lausanne<\/em>. Nous limitons notre analyse \u00e0 la p\u00e9riode de la Guerre froide avec une marge de quelques ann\u00e9es, de 1947 \u00e0 1996, afin de mettre en \u00e9vidence l\u2019\u00e9volution du regard sur la neutralit\u00e9 pendant cette p\u00e9riode. Etant donn\u00e9 un nombre gigantesque des donn\u00e9es, nous nous contentons d\u2019\u00e9tudier 3 sous-ensembles.<\/p>\n<p>Le premier sous-ensemble (corpus \u00ab?neutralit\u00e9?\/ Une \u00bb) contient les articles de la Une dans lesquels figure le mot \u00ab neutralit\u00e9 \u00bb: un total de 2394 articles. Pour les articles partag\u00e9s entre plusieurs pages, seule la partie sur la Une est prise en consid\u00e9ration. A noter que ce manque de donn\u00e9es n\u2019a aucun impact sur notre conclusion qui est une analyse \u00e0 base de mots-cl\u00e9s. Une lecture d\u2019une dizaine d\u2019articles dont le?mot \u00ab?neutralit\u00e9?\u00bb est fr\u00e9quemment \u00e9voqu\u00e9 a d\u00e9j\u00e0 fait appara\u00eetre des organisations, des \u00e9v\u00e9nements et certains mots-cl\u00e9s \u00e9voquant la notion de neutralit\u00e9 tels que : l\u2019\u00ab?ONU?\u00bb, la \u00ab?CEE?\u00bb, \u00ab l\u2019obligation \u00bb et \u00ab la s\u00e9curit\u00e9 \u00bb.<\/p>\n<p>Le deuxi\u00e8me sous-ensemble (corpus \u00ab?neutralit\u00e9?\u00bb) s\u2019\u00e9largit \u00e0 tous les articles contenant le mot \u00ab neutralit\u00e9 \u00bb. Nous disposons sous cette condition de 12355 articles au total. L\u2019id\u00e9e n\u2019est plus de situer les \u00e9v\u00e9nements majeurs au fil du temps, mais de visualiser l\u2019\u00e9volution de la notion de neutralit\u00e9 et sa relation avec les autres mots-cl\u00e9s. Le regroupement des mots et la mesure de la distance seront utilis\u00e9s dans cette partie afin de visualiser cette \u00e9volution pendant la Guerre froide.<\/p>\n<p>Le troisi\u00e8me sous-ensemble (corpus \u00ab?neutralit\u00e9 suisse?\u00bb) se limite aux articles sur toutes les pages contenant l\u2019association \u00ab?neutralit\u00e9 suisse?\u00bb.?Ceci permet d\u2019\u00e9viter les articles traitant la politique de neutralit\u00e9 des autres pays. Ce troisi\u00e8me corpus contient 965 articles, soit une r\u00e9duction de 8% par rapport au cas pr\u00e9c\u00e9dent.<\/p>\n<h3>Ouvrages et articles scientifiques<\/h3>\n<p>En dehors des deux journaux, nous avons utilis\u00e9 les ouvrages et articles scientifiques suivants afin de faire des liens entre les analyses historiques et les outils informatiques.<\/p>\n<ol>\n<li>Jost, H (2009). <em>No money, no Switzerland: a realistic history of Swiss neutrality.<\/em> Berkeley Center for New Media. [<a href=\"https:\/\/home.citycable.ch\/josthistoire\/styled-4\/index.html\" target=\"_blank\" rel=\"noopener noreferrer\">Lien<\/a>]<\/li>\n<li>Prongu\u00e9, B., Ruffieux, R. (1991). <em>Pass\u00e9 pluriel : En hommage au professeur Roland Ruffieux (Etudes et recherches d&#8217;histoire contemporaine. S\u00e9rie historique 12).<\/em> Fribourg Suisse: Ed. universitaires.<\/li>\n<li>Riklin, A. (1992). <em>La neutralit\u00e9 suisse et son \u00e9volution (Beitr\u00e4ge und Berichte \/ Institut f\u00fcr Politikwissenschaft, Hochschule St. Gallen 179).<\/em> St.Gallen: Institut f\u00fcr Politikwissenschaft Hochschule St. Gallen.<\/li>\n<li>Riklin, A. (1993). <em>La neutralit\u00e9 suisse face au d\u00e9fi europ\u00e9en (Beitr\u00e4ge und Berichte \/ Institut f\u00fcr Politikwissenschaft, Hochschule St. Gallen 212).<\/em> St. Gallen: Hochschule St. Gallen &#8211; Institut f\u00fcr Politikwissenschaft.<\/li>\n<li>Schaufelbuehl, J., K\u00f6nig, M. (2009). <em>Schweiz-USA im kalten Krieg = Suisse-USA dans la guerre froide (Traverse : Zeitschrift f\u00fcr Geschichte = revue d&#8217;histoire 2009\/2)<\/em>. Z\u00fcrich: Chronos.<\/li>\n<\/ol>\n<p>Les livres 1, 2 et 3 traitent de la neutralit\u00e9 suisse d\u2019une mani\u00e8re g\u00e9n\u00e9rale, tandis que 4 et 5 se basent plus particuli\u00e8rement sur les relations entre la Suisse et les autres puissances mondiales.<\/p>\n<p style=\"text-align: right\"><a href=\"https:\/\/wp.unil.ch\/histoireparlesdonnees\/les-travaux\/traitement-mediatique-de-la-neutralite-suisse\/methodologie\/\">-&gt;<\/a><\/p>\n","protected":false},"excerpt":{"rendered":"<p>Introduction \u00b7 Corpus \u00b7 M\u00e9thodologie \u00b7 R\u00e9sultats \u00b7 Interpr\u00e9tation \u00b7 Avantages et limites \u00b7 Conclusion Corpus Notre corpus est compos\u00e9 de deux journaux suisses : le Journal de Gen\u00e8ve et la Gazette de Lausanne. Nous limitons notre analyse \u00e0 la<\/p>\n","protected":false},"author":1001264,"featured_media":0,"parent":138,"menu_order":0,"comment_status":"closed","ping_status":"closed","template":"","meta":{"_seopress_robots_primary_cat":"","_seopress_titles_title":"","_seopress_titles_desc":"","_seopress_robots_index":"","footnotes":""},"class_list":["post-140","page","type-page","status-publish"],"_links":{"self":[{"href":"https:\/\/wp.unil.ch\/histoireparlesdonnees\/wp-json\/wp\/v2\/pages\/140","targetHints":{"allow":["GET"]}}],"collection":[{"href":"https:\/\/wp.unil.ch\/histoireparlesdonnees\/wp-json\/wp\/v2\/pages"}],"about":[{"href":"https:\/\/wp.unil.ch\/histoireparlesdonnees\/wp-json\/wp\/v2\/types\/page"}],"author":[{"embeddable":true,"href":"https:\/\/wp.unil.ch\/histoireparlesdonnees\/wp-json\/wp\/v2\/users\/1001264"}],"replies":[{"embeddable":true,"href":"https:\/\/wp.unil.ch\/histoireparlesdonnees\/wp-json\/wp\/v2\/comments?post=140"}],"version-history":[{"count":0,"href":"https:\/\/wp.unil.ch\/histoireparlesdonnees\/wp-json\/wp\/v2\/pages\/140\/revisions"}],"up":[{"embeddable":true,"href":"https:\/\/wp.unil.ch\/histoireparlesdonnees\/wp-json\/wp\/v2\/pages\/138"}],"wp:attachment":[{"href":"https:\/\/wp.unil.ch\/histoireparlesdonnees\/wp-json\/wp\/v2\/media?parent=140"}],"curies":[{"name":"wp","href":"https:\/\/api.w.org\/{rel}","templated":true}]}}