{"id":138,"date":"2017-03-09T15:19:24","date_gmt":"2017-03-09T14:19:24","guid":{"rendered":"http:\/\/wp.unil.ch\/histoireparlesdonnees\/?page_id=138"},"modified":"2017-05-24T18:05:54","modified_gmt":"2017-05-24T16:05:54","slug":"traitement-mediatique-de-la-neutralite-suisse","status":"publish","type":"page","link":"https:\/\/wp.unil.ch\/histoireparlesdonnees\/les-travaux\/traitement-mediatique-de-la-neutralite-suisse\/","title":{"rendered":"Traitement m\u00e9diatique de la neutralit\u00e9 suisse"},"content":{"rendered":"<p><a href=\"https:\/\/wp.unil.ch\/histoireparlesdonnees\/les-travaux\/traitement-mediatique-de-la-neutralite-suisse\/\">Introduction<\/a> <strong>\u00b7<\/strong> <a href=\"https:\/\/wp.unil.ch\/histoireparlesdonnees\/les-travaux\/traitement-mediatique-de-la-neutralite-suisse\/corpus-et-bibliographie\/\">Corpus<\/a> <strong>\u00b7<\/strong> <a href=\"https:\/\/wp.unil.ch\/histoireparlesdonnees\/les-travaux\/traitement-mediatique-de-la-neutralite-suisse\/methodologie\/\">M\u00e9thodologie<\/a> <strong>\u00b7<\/strong> <a href=\"https:\/\/wp.unil.ch\/histoireparlesdonnees\/les-travaux\/traitement-mediatique-de-la-neutralite-suisse\/resultats\/\">R\u00e9sultats<\/a> <strong>\u00b7<\/strong> <a href=\"https:\/\/wp.unil.ch\/histoireparlesdonnees\/les-travaux\/traitement-mediatique-de-la-neutralite-suisse\/interpretation\/\">Interpr\u00e9tation<\/a> <strong>\u00b7<\/strong> <a href=\"https:\/\/wp.unil.ch\/histoireparlesdonnees\/les-travaux\/traitement-mediatique-de-la-neutralite-suisse\/avantages-et-limites\/\">Avantages et limites<\/a> <strong>\u00b7<\/strong> <a href=\"https:\/\/wp.unil.ch\/histoireparlesdonnees\/les-travaux\/traitement-mediatique-de-la-neutralite-suisse\/conclusion\/\">Conclusion<\/a><\/p>\n<p><img alt=\"\" loading=\"lazy\" decoding=\"async\" class=\"aligncenter size-full wp-image-375\" src=\"https:\/\/wp.unil.ch\/histoireparlesdonnees\/files\/2017\/03\/07_banniere.jpg\" alt=\"\" width=\"765\" height=\"250\" srcset=\"https:\/\/wp.unil.ch\/histoireparlesdonnees\/files\/2017\/03\/07_banniere.jpg 765w, https:\/\/wp.unil.ch\/histoireparlesdonnees\/files\/2017\/03\/07_banniere-300x98.jpg 300w\" sizes=\"auto, (max-width: 765px) 100vw, 765px\" \/><\/p>\n<p>Auteurs : Boris Fl\u00fcckiger, Faustine Ginoux, Yuxiang Li<\/p>\n<p>La Suisse est souvent per\u00e7ue comme l&#8217;\u00c9tat incarnant la neutralit\u00e9 par excellence, et ce depuis le Congr\u00e8s de Vienne en 1815 o\u00f9 est conclu sa neutralit\u00e9 perp\u00e9tuelle. Axe central de sa politique ext\u00e9rieure, la neutralit\u00e9 devient un \u00e9l\u00e9ment constitutif de l\u2019identit\u00e9 suisse.<\/p>\n<p>N\u2019ayant pas \u00e9t\u00e9 strictement respect\u00e9e durant la Seconde Guerre mondiale notamment sur le plan financier, la politique de neutralit\u00e9 suisse est remise en question pendant les premi\u00e8res ann\u00e9es de la Guerre froide. En r\u00e9ponse \u00e0 ces critiques, la neutralit\u00e9 est d\u00e9fendue assid\u00fbment par Max Petitpierre qui en fait une doctrine d\u2019Etat. De 1945 \u00e0 1961, il dirige le D\u00e9partement politique f\u00e9d\u00e9ral (aujourd\u2019hui le D\u00e9partement des affaires \u00e9trang\u00e8res). Sa politique \u00e9trang\u00e8re est d\u00e9finie sous les termes de \u00ab neutralit\u00e9 et solidarit\u00e9?\u00bb ou \u00ab?neutralit\u00e9 active \u00bb. D\u00e8s lors, la Suisse s\u2019implique davantage dans les affaires internationales \u00e0 travers des bons offices et plusieurs organisations. Par exemple, en 1953 est instaur\u00e9e une mission helv\u00e9tique sur la fronti\u00e8re entre la Cor\u00e9e du Sud et du Nord afin d\u2019essayer d\u2019y faire respecter un cessez-le-feu. La Suisse participe \u00e9galement \u00e0 la Conf\u00e9rence sur la S\u00e9curit\u00e9 et la Coop\u00e9ration en Europe (CSCE) de 1973 \u00e0 1995, une organisation internationale ayant pour but de favoriser le dialogue et la n\u00e9gociation entre l\u2019Est et l\u2019Ouest.<\/p>\n<p>Malgr\u00e9 l\u2019\u00e9volution de la politique de neutralit\u00e9 int\u00e9grale vers celle de neutralit\u00e9 active, la Suisse met un demi-si\u00e8cle pour rejoindre l\u2019ONU. Elle refuse tout d\u2019abord d\u2019y adh\u00e9rer en 1945 afin de pr\u00e9server sa neutralit\u00e9. N\u00e9anmoins, elle h\u00e9berge le si\u00e8ge europ\u00e9en de l\u2019ONU \u00e0 Gen\u00e8ve depuis 1946 et coop\u00e8re avec cette derni\u00e8re plusieurs fois, notamment au Congo. En 1986, une votation populaire rejette une deuxi\u00e8me fois l\u2019adh\u00e9sion de la Suisse \u00e0 l\u2019ONU, le peuple suisse consid\u00e9rant que cette adh\u00e9sion transgresserait la neutralit\u00e9. Ce n\u2019est qu\u2019en 2002 qu\u2019un revirement d\u2019opinion se produit et la Suisse devient ainsi le 190<sup>e<\/sup> Etat membre de l\u2019ONU.<\/p>\n<p>A l\u2019\u00e9chelle europ\u00e9enne, la Suisse est face \u00e0 une reconstruction \u00e0 la fois \u00e9conomique et politique de l\u2019Europe. Apr\u00e8s avoir soutenu le plan Marshall en 1948, elle d\u00e9cide de ne pas adh\u00e9rer \u00e0 la Communaut\u00e9 \u00e9conomique europ\u00e9enne (CEE), tout en acceptant l\u2019accord de libre-\u00e9change avec celle-ci en 1972. Le gouvernement suisse justifie ses choix en diff\u00e9renciant la coop\u00e9ration \u00e9conomique et technique de la coop\u00e9ration politique. Cependant, personne ne peut nier l\u2019aspect politique de ces coop\u00e9rations tel que le caract\u00e8re anti-communiste du plan Marshall, qui est rejet\u00e9 par l\u2019Union sovi\u00e9tique et les pays du futur bloc de l\u2019Est.<\/p>\n<p>Quoique proche de l\u2019id\u00e9ologie occidentale, la Suisse cherche prudemment \u00e0 maintenir une coop\u00e9ration \u00e9conomique et technique avec les pays en voie de d\u00e9veloppement pendant la Guerre froide. Cependant, sa participation \u00e0 des sanctions \u00e9conomiques ressuscite des d\u00e9bats sur sa neutralit\u00e9. Si les restrictions commerciales envers les pays communistes en 1951 sont mises en place sous la pression des Etats-Unis, sa participation autonome aux sanctions \u00e9conomiques contre l\u2019Irak initi\u00e9es par l\u2019ONU de 1990 \u00e0 2003 refl\u00e8te la volont\u00e9 du gouvernement suisse de prot\u00e9ger la s\u00e9curit\u00e9 internationale sans pour autant violer sa politique de neutralit\u00e9.<\/p>\n<p>Nous observons une politique pragmatique du gouvernement suisse. Son attitude envers les affaires internationales s\u2019adapte au cas par cas au fil du temps. Contrairement \u00e0 une adaptation de la politique de neutralit\u00e9, la position des journaux reste \u00e0 peu pr\u00e8s stable pendant la p\u00e9riode de la guerre froide. Apr\u00e8s une analyse pr\u00e9liminaire du corpus, nous retrouvons deux journalistes qui \u00e9voquent r\u00e9guli\u00e8rement la neutralit\u00e9 : Olivier Reverdin, directeur du <em>Journal de Gen\u00e8ve<\/em>, conseiller national, ainsi que conseiller aux Etats et Jacques-Simon Eggly, le successeur de ce dernier pour le Journal de Gen\u00e8ve. Tous les deux sont issus du parti lib\u00e9ral suisse, ce qui explique l\u2019opinion stable du journal. Nous esp\u00e9rons rep\u00e9rer un plus grand nombre d\u2019auteurs et consid\u00e9rer leurs prises de position, qui jouent un r\u00f4le non n\u00e9gligeable dans notre analyse.<\/p>\n<p>En faisant cette premi\u00e8re analyse du contexte historique, nous avons pu constater plusieurs changements au niveau de la politique de neutralit\u00e9, qui semble s\u2019adapter et devenir plus flexible au cours du temps, afin de garantir la s\u00e9curit\u00e9 et le d\u00e9veloppement du pays. Est-ce que les articles de la presse sont repr\u00e9sentatifs de cette \u00e9volution? Quels sont les \u00e9v\u00e9nements qui marquent les points de transitions et ceux qui suscitent un d\u00e9bat sur la politique de neutralit\u00e9 dans la presse ? Et enfin, y a-t-il une corr\u00e9lation entre la politique de neutralit\u00e9 et le contexte de mondialisation ? Nous souhaitons r\u00e9pondre \u00e0 ces questions en nous basant sur les archives num\u00e9ris\u00e9es du <em>Journal de Gen\u00e8ve<\/em> et de la <em>Gazette de Lausanne<\/em> dont la ligne \u00e9ditoriale est \u00ab attach\u00e9e aux valeurs lib\u00e9rales fondamentales \u00bb. Plus pr\u00e9cis\u00e9ment, nous pensons analyser l\u2019\u00e9vocation de la \u00ab neutralit\u00e9 \u00bb dans la presse au travers de la p\u00e9riode de la Guerre froide en utilisant les outils informatiques \u00e0 disposition.<\/p>\n<p style=\"text-align: right\"><a href=\"https:\/\/wp.unil.ch\/histoireparlesdonnees\/les-travaux\/traitement-mediatique-de-la-neutralite-suisse\/corpus-et-bibliographie\/\">-&gt;<\/a><\/p>\n","protected":false},"excerpt":{"rendered":"<p>Introduction \u00b7 Corpus \u00b7 M\u00e9thodologie \u00b7 R\u00e9sultats \u00b7 Interpr\u00e9tation \u00b7 Avantages et limites \u00b7 Conclusion Auteurs : Boris Fl\u00fcckiger, Faustine Ginoux, Yuxiang Li La Suisse est souvent per\u00e7ue comme l&#8217;\u00c9tat incarnant la neutralit\u00e9 par excellence, et ce depuis le Congr\u00e8s<\/p>\n","protected":false},"author":1001264,"featured_media":0,"parent":17,"menu_order":7,"comment_status":"closed","ping_status":"closed","template":"","meta":{"_seopress_robots_primary_cat":"","_seopress_titles_title":"","_seopress_titles_desc":"","_seopress_robots_index":"","footnotes":""},"class_list":["post-138","page","type-page","status-publish"],"_links":{"self":[{"href":"https:\/\/wp.unil.ch\/histoireparlesdonnees\/wp-json\/wp\/v2\/pages\/138","targetHints":{"allow":["GET"]}}],"collection":[{"href":"https:\/\/wp.unil.ch\/histoireparlesdonnees\/wp-json\/wp\/v2\/pages"}],"about":[{"href":"https:\/\/wp.unil.ch\/histoireparlesdonnees\/wp-json\/wp\/v2\/types\/page"}],"author":[{"embeddable":true,"href":"https:\/\/wp.unil.ch\/histoireparlesdonnees\/wp-json\/wp\/v2\/users\/1001264"}],"replies":[{"embeddable":true,"href":"https:\/\/wp.unil.ch\/histoireparlesdonnees\/wp-json\/wp\/v2\/comments?post=138"}],"version-history":[{"count":0,"href":"https:\/\/wp.unil.ch\/histoireparlesdonnees\/wp-json\/wp\/v2\/pages\/138\/revisions"}],"up":[{"embeddable":true,"href":"https:\/\/wp.unil.ch\/histoireparlesdonnees\/wp-json\/wp\/v2\/pages\/17"}],"wp:attachment":[{"href":"https:\/\/wp.unil.ch\/histoireparlesdonnees\/wp-json\/wp\/v2\/media?parent=138"}],"curies":[{"name":"wp","href":"https:\/\/api.w.org\/{rel}","templated":true}]}}