{"id":126,"date":"2017-03-01T17:47:22","date_gmt":"2017-03-01T16:47:22","guid":{"rendered":"http:\/\/wp.unil.ch\/histoireparlesdonnees\/?page_id=126"},"modified":"2017-05-31T18:22:14","modified_gmt":"2017-05-31T16:22:14","slug":"bibliographie-indicative","status":"publish","type":"page","link":"https:\/\/wp.unil.ch\/histoireparlesdonnees\/les-travaux\/la-presse-suisse-face-a-des-regimes-autoritaires-lespagne-la-grece-et-le-portugal-au-xxeme-siecle-a-travers-lanalyse-du-journal-de-geneve-et-de-la-gazette-de-lausanne\/bibliographie-indicative\/","title":{"rendered":"Bibliographie indicative"},"content":{"rendered":"<h3>Ouvrages:<\/h3>\n<ul>\n<li>CLOGG, Richard, <i> A concise history of Greece<\/i>, Cambridge Univ. Press, 1998, (1992), 291p.<\/li>\n<li>FARRE, S\u00e9bastien, <i>La Suisse et l\u2019Espagne de Franco. De la guerre civile \u00e0 la mort du dictateur (1936-1975)<\/i>, Lausanne\u00a0: Ed. Antipodes, 2006, 486p.<\/li>\n<li>GUEX, S\u00e9bastien &amp; HUBER, Peter, <i>La Suisse et l\u2019Espagne de la R\u00e9publique \u00e0 Franco<\/i>, Lausanne\u00a0: Ed. Antipodes, 2001, 600p.<\/li>\n<li>ISCOP &amp; CETIM, <i>Suisse-Portugal, de l&#8217;Europe \u00e0 l&#8217;Afrique<\/i>, CETIM :1973<\/li>\n<\/ul>\n<h3>Articles:<\/h3>\n<ul>\n<li>DE JESUS, Andr\u00e9s, <i>Nacionalismo espa\u00f1ol\u00a0: las politicas de la memoria. Las estatuas de Franco, la memoria del franquismo y la transici\u00f3n pol\u00edtica<\/i>, Historia y pol\u00edtica, No. 12, Santiago de Compostela, UNED, (Sept.) 2004, pp. 161-186<\/li>\n<li>FIBBI, Rosita et al., <i>Les Portugais en Suisse. Office f\u00e9d\u00e9rale des migrations (ODM)<\/i>, 2010<\/li>\n<li>RAVESSOUD, Catalina, <i>Quel type de mobilisation pour le \u201cComit\u00e9 suisse pour le r\u00e9tablissement de la d\u00e9mocratie en Gr\u00e8ce ?<\/i>, M\u00e9moire de Master, 2008<\/li>\n<li>Commission Ind\u00e9pendante d\u2019Experts Suisse, \u00ab\u00a0Seconde Guerre mondiale, La Suisse et les transactions sur l\u2019or pendant la Seconde Guerre Mondiale\u00a0\u00bb, <em>Rapport interm\u00e9diaire<\/em>, 1998, pp. 84-89, <a href=\"https:\/\/www.uek.ch\/fr\/publikationen1997-2000\/goldf.pdf\">https:\/\/www.uek.ch\/fr\/publikationen1997-2000\/goldf.pdf<\/a><\/li>\n<\/ul>\n<h3>Sites internet:<\/h3>\n<ul>\n<li><a href=\"https:\/\/www.hls-dhs-dss.ch\/textes\/f\/F3355.php\">https:\/\/www.hls-dhs-dss.ch\/textes\/f\/F3355.php<\/a>, Entr\u00e9e \u201cGr\u00e8ce\u201d du dictionnaire historique de la Suisse, Ekkehard Wolfgang Borntr\u00e4ger (version du 16 novembre 2016)<\/li>\n<li><a href=\"https:\/\/www.dodis.ch\">https:\/\/www.dodis.ch<\/a>, Archives diplomatiques suisses<\/li>\n<\/ul>\n","protected":false},"excerpt":{"rendered":"<p>Ouvrages: CLOGG, Richard, A concise history of Greece, Cambridge Univ. Press, 1998, (1992), 291p. FARRE, S\u00e9bastien, La Suisse et l\u2019Espagne de Franco. De la guerre civile \u00e0 la mort du dictateur (1936-1975), Lausanne\u00a0: Ed. Antipodes, 2006, 486p. GUEX, S\u00e9bastien &amp;<\/p>\n","protected":false},"author":1001264,"featured_media":0,"parent":115,"menu_order":8,"comment_status":"closed","ping_status":"closed","template":"","meta":{"_seopress_robots_primary_cat":"","_seopress_titles_title":"","_seopress_titles_desc":"","_seopress_robots_index":"","footnotes":""},"class_list":["post-126","page","type-page","status-publish"],"_links":{"self":[{"href":"https:\/\/wp.unil.ch\/histoireparlesdonnees\/wp-json\/wp\/v2\/pages\/126","targetHints":{"allow":["GET"]}}],"collection":[{"href":"https:\/\/wp.unil.ch\/histoireparlesdonnees\/wp-json\/wp\/v2\/pages"}],"about":[{"href":"https:\/\/wp.unil.ch\/histoireparlesdonnees\/wp-json\/wp\/v2\/types\/page"}],"author":[{"embeddable":true,"href":"https:\/\/wp.unil.ch\/histoireparlesdonnees\/wp-json\/wp\/v2\/users\/1001264"}],"replies":[{"embeddable":true,"href":"https:\/\/wp.unil.ch\/histoireparlesdonnees\/wp-json\/wp\/v2\/comments?post=126"}],"version-history":[{"count":0,"href":"https:\/\/wp.unil.ch\/histoireparlesdonnees\/wp-json\/wp\/v2\/pages\/126\/revisions"}],"up":[{"embeddable":true,"href":"https:\/\/wp.unil.ch\/histoireparlesdonnees\/wp-json\/wp\/v2\/pages\/115"}],"wp:attachment":[{"href":"https:\/\/wp.unil.ch\/histoireparlesdonnees\/wp-json\/wp\/v2\/media?parent=126"}],"curies":[{"name":"wp","href":"https:\/\/api.w.org\/{rel}","templated":true}]}}