{"id":1169,"date":"2018-05-30T18:34:40","date_gmt":"2018-05-30T16:34:40","guid":{"rendered":"http:\/\/wp.unil.ch\/histoireparlesdonnees\/?page_id=1169"},"modified":"2018-05-31T12:45:01","modified_gmt":"2018-05-31T10:45:01","slug":"methodologie","status":"publish","type":"page","link":"https:\/\/wp.unil.ch\/histoireparlesdonnees\/les-travaux-2017-2018\/etude-de-levolution-des-revendications-feministes-a-travers-mai-68-basee-sur-les-archives-de-la-gazette-de-lausanne-et-du-journal-de-geneve\/methodologie\/","title":{"rendered":"M\u00e9thodologie"},"content":{"rendered":"<p>Pour donner des \u00e9l\u00e9ments de r\u00e9ponses aux questions pr\u00e9sent\u00e9es ci-dessus, nous utilisons les m\u00e9thodologies suivantes :<\/p>\n<ul>\n<li>Premi\u00e8rement, nous analysons les articles sur les manifestations et gr\u00e8ves qui ont eu lieu pendant la p\u00e9riode de Mai 68. Pour cela, nous cr\u00e9ons un sous-corpus compos\u00e9 des articles des ann\u00e9es 1968 et 1969. Nous avons choisi ces deux ann\u00e9es car Mai 68 est arriv\u00e9 plus tard en Suisse, donc les manifestations en 1969 ont souvent encore un lien avec Mai 68. Les articles qui composent notre sous-corpus sont tous les articles contenant les mots \u00abmanifestation\u00bb et \u00ab\u00e9tudiants\u00bb ou \u00abgr\u00e8ve\u00bb ou \u00abmanifestation\u00bb et \u00abouvriers\u00bb. Nous allons ensuite faire une analyse de Reinert pour voir quelles classes apparaissent et observer si nous avons des classes en rapport avec le f\u00e9minisme. Nous pouvons aussi voir de mani\u00e8re g\u00e9n\u00e9rale comment le JDG et GDL traitent de Mai 68 et le nombre d&#8217;articles concernant ce sujet.<\/li>\n<li>Deuxi\u00e8mement, nous recherchons des mots repr\u00e9sentatifs des probl\u00e9matiques de l&#8217;\u00e9poque propres aux femmes, comme par exemple les mots \u00abavortement\u00bb et \u00abcontraception\u00bb. En analysant leur fr\u00e9quence d\u2019apparition dans notre corpus, nous avons remarqu\u00e9 que certaines des courbes d\u2019apparition pr\u00e9sentent un point d\u2019inflexion durant la p\u00e9riode \u00e9tudi\u00e9e. L\u2019existence ou non de ce point d\u2019inflexion nous donne une indication concernant les p\u00e9riodes ayant permis le d\u00e9veloppement de ces id\u00e9es, et donc de voir si cela peut \u00eatre li\u00e9 \u00e0 Mai 68.<\/li>\n<li>Troisi\u00e8mement, nous allons essayer de sortir l\u2019ensemble des articles qui traitent des actions et d\u00e9bats f\u00e9ministes avant, pendant et apr\u00e8s Mai 68. Pour cela, nous allons sortir les articles contenant au moins l&#8217;un des mots suivants : \u00abf\u00e9ministe\u00bb, \u00abf\u00e9ministes\u00bb ou \u00abf\u00e9minisme\u00bb. Nous allons avoir deux sous-corpus principaux, un de 1960 \u00e0 1967 et l&#8217;autre de 1968 \u00e0 1969. Nous analysons aussi d&#8217;autres sous-corpus en s\u00e9lectionnant des ann\u00e9es bien pr\u00e9cises pour \u00eatre s\u00fbr de ne pas avoir de r\u00e9sultats biais\u00e9s par une ann\u00e9e ou un \u00e9v\u00e8nement, par exemple en enlevant les ann\u00e9es de 1970 \u00e0 1973 car la votation sur le droit de vote des femmes pourrait amener des particularit\u00e9s qui d\u00e9coulent de cet \u00e9v\u00e9nement. Nous allons ensuite analyser qualitativement les articles sortis avec Iramuteq. Nous essayons de voir comment ces sujets sont trait\u00e9s : est-ce que de nouvelles classes apparaissent apr\u00e8s Mai 68 ? Quelle est l&#8217;ampleur de chaque classe ?<\/li>\n<\/ul>\n<p>Nous avons remarqu\u00e9 que nous avons peu d&#8217;articles comprenant le mot f\u00e9ministe ou f\u00e9minisme sur la p\u00e9riode \u00e9tudi\u00e9e. Pour les ann\u00e9es 1968 et 1969, nous avons 36 articles. Nous avons alors parcouru chaque article et nous pouvons d\u00e8s lors savoir sur quoi portaient les articles sur le f\u00e9minisme pendant la p\u00e9riode de Mai 68 et voir si des articles sont li\u00e9s \u00e0 ces \u00e9v\u00e9nements. Nous avons ainsi une \u00e9tude qualitative du f\u00e9minisme vu par le JDG et la GDL durant cette p\u00e9riode.<\/p>\n<p>&nbsp;<\/p>\n<p style=\"text-align: center\"><a href=\"https:\/\/wp.unil.ch\/histoireparlesdonnees\/les-travaux-2017-2018\/etude-de-levolution-des-revendications-feministes-a-travers-mai-68-basee-sur-les-archives-de-la-gazette-de-lausanne-et-du-journal-de-geneve\/introduction\/\">&lt; pr\u00e9c\u00e9dent<\/a>\u00a0 \u00a0 |\u00a0 \u00a0 <a href=\"https:\/\/wp.unil.ch\/histoireparlesdonnees\/les-travaux-2017-2018\/etude-de-levolution-des-revendications-feministes-a-travers-mai-68-basee-sur-les-archives-de-la-gazette-de-lausanne-et-du-journal-de-geneve\/analyse\/\">suivant &gt;<\/a><\/p>\n","protected":false},"excerpt":{"rendered":"<p>Pour donner des \u00e9l\u00e9ments de r\u00e9ponses aux questions pr\u00e9sent\u00e9es ci-dessus, nous utilisons les m\u00e9thodologies suivantes : Premi\u00e8rement, nous analysons les articles sur les manifestations et gr\u00e8ves qui ont eu lieu pendant la p\u00e9riode de Mai 68. Pour cela, nous cr\u00e9ons<\/p>\n","protected":false},"author":1001612,"featured_media":0,"parent":1133,"menu_order":0,"comment_status":"closed","ping_status":"closed","template":"","meta":{"_seopress_robots_primary_cat":"","_seopress_titles_title":"","_seopress_titles_desc":"","_seopress_robots_index":"","footnotes":""},"class_list":["post-1169","page","type-page","status-publish"],"_links":{"self":[{"href":"https:\/\/wp.unil.ch\/histoireparlesdonnees\/wp-json\/wp\/v2\/pages\/1169","targetHints":{"allow":["GET"]}}],"collection":[{"href":"https:\/\/wp.unil.ch\/histoireparlesdonnees\/wp-json\/wp\/v2\/pages"}],"about":[{"href":"https:\/\/wp.unil.ch\/histoireparlesdonnees\/wp-json\/wp\/v2\/types\/page"}],"author":[{"embeddable":true,"href":"https:\/\/wp.unil.ch\/histoireparlesdonnees\/wp-json\/wp\/v2\/users\/1001612"}],"replies":[{"embeddable":true,"href":"https:\/\/wp.unil.ch\/histoireparlesdonnees\/wp-json\/wp\/v2\/comments?post=1169"}],"version-history":[{"count":0,"href":"https:\/\/wp.unil.ch\/histoireparlesdonnees\/wp-json\/wp\/v2\/pages\/1169\/revisions"}],"up":[{"embeddable":true,"href":"https:\/\/wp.unil.ch\/histoireparlesdonnees\/wp-json\/wp\/v2\/pages\/1133"}],"wp:attachment":[{"href":"https:\/\/wp.unil.ch\/histoireparlesdonnees\/wp-json\/wp\/v2\/media?parent=1169"}],"curies":[{"name":"wp","href":"https:\/\/api.w.org\/{rel}","templated":true}]}}