{"id":1139,"date":"2018-05-30T18:14:52","date_gmt":"2018-05-30T16:14:52","guid":{"rendered":"http:\/\/wp.unil.ch\/histoireparlesdonnees\/?page_id=1139"},"modified":"2018-05-31T12:43:46","modified_gmt":"2018-05-31T10:43:46","slug":"introduction","status":"publish","type":"page","link":"https:\/\/wp.unil.ch\/histoireparlesdonnees\/les-travaux-2017-2018\/etude-de-levolution-des-revendications-feministes-a-travers-mai-68-basee-sur-les-archives-de-la-gazette-de-lausanne-et-du-journal-de-geneve\/introduction\/","title":{"rendered":"Introduction"},"content":{"rendered":"<p>Ce travail a pour but de pr\u00e9senter une \u00e9tude de l&#8217;\u00e9volution des revendications f\u00e9ministes \u00e0 travers Mai 68. Notre corpus d&#8217;\u00e9tude est compos\u00e9 des archives de deux journaux romands : la <em>Gazette de Lausanne<\/em>\u00a0(GDL) et le <em>Journal de Gen\u00e8ve<\/em>\u00a0(JDG). Nous d\u00e9montrons comment le manque d&#8217;articles traitant du sujet au sein du corpus a rendu difficile notre analyse, et pr\u00e9sentons nos r\u00e9sultats dans la derni\u00e8re section de ce document. Mais tout d&#8217;abord, un bref rappel historique et contextuel concernant Mai 68 et les mouvements f\u00e9ministes suisses de l&#8217;\u00e9poque s&#8217;impose. Nous observons \u00e9galement les impacts de Mai 68 sur le f\u00e9minisme en France.<\/p>\n<p><strong>Mai 68 : un ph\u00e9nom\u00e8ne global<\/strong><\/p>\n<p>\u00c0 la fin des ann\u00e9es 1960, la guerre du Vi\u00eatnam bat son plein et s&#8217;introduit dans les foyers occidentaux \u00e0 travers la t\u00e9l\u00e9vision. Ce contexte g\u00e9opolitique instable agit comme un catalyseur pour divers mouvements citoyens et ouvriers \u00e0 travers l&#8217;Europe de l&#8217;Ouest et les \u00c9tats-Unis, et il est difficile de d\u00e9limiter les mouvements de 68 dans l&#8217;espace tant les diff\u00e9rents courants &#8211; bien que comportant certaines revendications propres aux contextes des diff\u00e9rents pays concern\u00e9s &#8211; se sont mutuellement influenc\u00e9s.<\/p>\n<p>Cette difficult\u00e9 \u00e0 d\u00e9limiter Mai 68 dans l&#8217;espace peut \u00eatre coupl\u00e9e \u00e0 une difficult\u00e9 \u00e0 situer cette p\u00e9riode dans le temps &#8211; m\u00eame si l&#8217;appellation &#8220;Mai 68&#8221; couramment utilis\u00e9e de nos jours semble laisser penser le contraire &#8211; lorsque l&#8217;on s&#8217;int\u00e9resse sp\u00e9cifiquement aux changements concernant la place des femmes dans nos soci\u00e9t\u00e9s. Cependant, \u00e9tant donn\u00e9 que notre corpus d&#8217;\u00e9tude est compos\u00e9 des archives de la <em>Gazette de Lausanne<\/em>\u00a0et du <em>Journal de Gen\u00e8ve<\/em>, deux journaux romands, il nous semble l\u00e9gitime de nous concentrer sur les revendications f\u00e9ministes en Suisse et en France avant, pendant et apr\u00e8s Mai 68 &#8211; plus pr\u00e9cis\u00e9ment entre 1960 et 1975.<\/p>\n<p><strong>Mouvements f\u00e9ministes en Suisse<\/strong><\/p>\n<p>Les diff\u00e9rentes organisations f\u00e9ministes n\u00e9es en Suisse durant la p\u00e9riode \u00e9tudi\u00e9e sont cit\u00e9es dans <em>Les ann\u00e9es 68<\/em> de Skenderovic et Sp\u00e4ti <sup><a id=\"ref1\" title=\"Texte de la note\" href=\"#fn1\"> 1<\/a><\/sup>: il s&#8217;agit du Frauenbefreiungsbewegung (FBB), du Mouvement de lib\u00e9ration des femmes et du Movimento donne Ticino. La dimension globale des mouvements de 68 en Suisse est mis en lumi\u00e8re par le fait que ces trois organisations ont \u00e9t\u00e9 fond\u00e9es respectivement \u00e0 Z\u00fcrich, en Suisse romande et au Tessin. L&#8217;\u00e9tendue des revendications peut \u00e9galement \u00eatre constat\u00e9e; si le FBB est cr\u00e9\u00e9 en 1969, le Movimento donne Ticino appara\u00eet lui en 1975.<\/p>\n<p>Comme fait marquant durant cette p\u00e9riode, nous pouvons notamment citer l&#8217;introduction du suffrage f\u00e9minin au niveau f\u00e9d\u00e9ral, suite \u00e0 la votation du 7 f\u00e9vrier<\/p>\n<p><strong>Impacts sur le f\u00e9minisme en France<\/strong><\/p>\n<p>En France, les ann\u00e9es 1960 sont synonymes de grands chamboulements pour la situation des femmes <sup><a id=\"ref2\" title=\"Texte de la note\" href=\"#fn2\"> 2<\/a><\/sup>.Nous sommes alors \u00e0 l&#8217;apog\u00e9e des Trente Glorieuses, qui modifient grandement la soci\u00e9t\u00e9. L&#8217;urbanisation est grandissante, alors que le nombre de paysans diminue. On constate aussi la stagnation d\u00e9mographique, mettant fin \u00e0 l&#8217;\u00e9poque du baby-boom. Cette situation est suivie par une hausse du taux d&#8217;activit\u00e9 salari\u00e9e f\u00e9minin. Ainsi, on constate une remise en cause progressive du mod\u00e8le de la m\u00e8re au foyer. Les grandes revendications f\u00e9ministes des ann\u00e9es 60 sont l&#8217;acc\u00e8s \u00e0 la contraception (comme c&#8217;est le cas en Suisse), l&#8217;\u00e9galit\u00e9 salariale et de meilleures conditions de travail (diminution des horaires et retraite \u00e0 65 ans par exemple). Les questions f\u00e9minines deviennent plus importantes: elles deviennent des probl\u00e8mes de soci\u00e9t\u00e9, des questions politiques discut\u00e9es publiquement \u00e0 la t\u00e9l\u00e9vision et dans les journaux. Nous observons dans notre analyse si notre corpus a suivi ou non cette tendance.<\/p>\n<p>Les manifestations de Mai 68 sont aussi bien suivies par les \u00e9tudiants que par les \u00e9tudiantes, tout comme les gr\u00e8ves le sont par les salari\u00e9s que par les salari\u00e9es. Les femmes expriment les revendications qui les concernent, que ce soit l&#8217;instauration de garderies dans les universit\u00e9s, l&#8217;\u00e9galit\u00e9 salariale, les am\u00e9nagements d&#8217;horaires, ainsi que plus de respect dans la hi\u00e9rarchie masculine <sup><a id=\"ref2\" title=\"Texte de la note\" href=\"#fn2\">2<\/a><\/sup>. L\u00e0 encore, cela nous donne des pistes d&#8217;\u00e9tudes \u00e0 exploiter.<\/p>\n<p><strong>Corpus d&#8217;\u00e9tude et probl\u00e9matique<\/strong><\/p>\n<p>Notre corpus d&#8217;\u00e9tude est compos\u00e9 des archives de la <em>Gazette de Lausanne<\/em>\u00a0et du <em>Journal de Gen\u00e8ve<\/em>, et s&#8217;\u00e9tend de 1960 \u00e0 1975, en accord avec notre sujet d&#8217;\u00e9tude, \u00e0 savoir l&#8217;influence de Mai 68 sur les mouvements f\u00e9minins. La difficult\u00e9 principale est de savoir comment interroger ce corpus sur un sujet aussi vaste et diversifi\u00e9 que Mai 68, notamment en tenant compte du fait que l&#8217;appellation &#8220;Mai 68&#8221; est anachronique dans la p\u00e9riode \u00e9tudi\u00e9e. Il sera donc pr\u00e9f\u00e9rable d&#8217;y rechercher des r\u00e9f\u00e9rences claires aux mouvements cit\u00e9s ci-dessus.<\/p>\n<p>La localisation g\u00e9ographique ainsi que la forme journalistique du corpus ne permet que peu d&#8217;appr\u00e9hender Mai 68 dans sa globalit\u00e9, c&#8217;est pourquoi notre recherche se base \u00e9galement sur des ouvrages historiques tels que <em>Les ann\u00e9es 68\u00a0<\/em> <sup><a id=\"ref1\" title=\"Texte de la note\" href=\"#fn1\">1<\/a><\/sup>. D&#8217;un point de vue d\u00e9mographique, il est \u00e9galement \u00e9vident que l&#8217;abondance d&#8217;articles historiques sur le sujet est plus importante en France : il est donc naturel de s&#8217;appuyer \u00e9galement sur ce type de litt\u00e9rature. Nous citerons notamment les articles de Jenson <sup><a id=\"ref3\" title=\"Texte de la note\" href=\"#fn3\"> 3<\/a><\/sup> et de Chaperon <sup><a id=\"ref2\" title=\"Texte de la note\" href=\"#fn2\">2<\/a><\/sup>.<\/p>\n<p>Notre travail aura pour but de r\u00e9pondre aux questions suivantes de notre probl\u00e9matique, \u00e0 savoir :<\/p>\n<ul>\n<li>Comment le corpus a-t-il pr\u00e9sent\u00e9 les \u00e9v\u00e9nements de Mai 68? Que dit-il de la pr\u00e9sence ou non des femmes et de leurs combats aux diverses manifestations ?<\/li>\n<li>Comment cette presse traite les actions de lutte sociale pendant la p\u00e9riode \u00e9tudi\u00e9e? Est-ce que les revendications f\u00e9ministes apparaissent ?<\/li>\n<li>Quelle est l&#8217;ampleur des revendications f\u00e9ministes dans le corpus durant la p\u00e9riode \u00e9tudi\u00e9e?<\/li>\n<li>Peut-on remarquer un diff\u00e9rent traitement par cette m\u00eame presse concernant les mouvements f\u00e9ministes avant et apr\u00e8s Mai 68 ?<\/li>\n<\/ul>\n<p><a href=\"#ref1\">?<\/a><sup><a id=\"fn1\"><\/a>1<\/sup> SKENDEROVIC David et SP\u00c4TI Christina. <em>Les ann\u00e9es 68<\/em>. Editions Antipodes, Lausanne, 2012.<br \/>\n<a href=\"#ref2\">?<\/a><sup><a id=\"fn2\"><\/a>2<\/sup> CHAPERON Sylvie. &#8220;La radicalisation des mouvements f\u00e9minins fran\u00e7ais de 1960 \u00e0 1970&#8221;,\u00a0<em>Vingti\u00e8me si\u00e8cle, revue d\u2019histoire, <\/em>48(1) :pp.61-74,\u00a01995.<br \/>\n<a href=\"#ref3\">?<\/a><sup><a id=\"fn3\"><\/a>3<\/sup> JENSON Jane. &#8220;Le f\u00e9minisme en France depuis mai 68&#8221;,\u00a0<em>Vingti\u00e8me si\u00e8cle, revue d\u2019histoire<\/em>, 24(1) :pp.55\u201368, 1989.<\/p>\n<p>&nbsp;<\/p>\n<p style=\"text-align: center\"><a href=\"https:\/\/wp.unil.ch\/histoireparlesdonnees\/les-travaux-2017-2018\/etude-de-levolution-des-revendications-feministes-a-travers-mai-68-basee-sur-les-archives-de-la-gazette-de-lausanne-et-du-journal-de-geneve\/\">&lt; pr\u00e9c\u00e9dent<\/a>\u00a0 \u00a0 |\u00a0 \u00a0 <a href=\"https:\/\/wp.unil.ch\/histoireparlesdonnees\/les-travaux-2017-2018\/etude-de-levolution-des-revendications-feministes-a-travers-mai-68-basee-sur-les-archives-de-la-gazette-de-lausanne-et-du-journal-de-geneve\/methodologie\/\">suivant &gt;<\/a><\/p>\n","protected":false},"excerpt":{"rendered":"<p>Ce travail a pour but de pr\u00e9senter une \u00e9tude de l&#8217;\u00e9volution des revendications f\u00e9ministes \u00e0 travers Mai 68. Notre corpus d&#8217;\u00e9tude est compos\u00e9 des archives de deux journaux romands : la Gazette de Lausanne\u00a0(GDL) et le Journal de Gen\u00e8ve\u00a0(JDG). Nous<\/p>\n","protected":false},"author":1001612,"featured_media":0,"parent":1133,"menu_order":0,"comment_status":"closed","ping_status":"closed","template":"","meta":{"_seopress_robots_primary_cat":"","_seopress_titles_title":"","_seopress_titles_desc":"","_seopress_robots_index":"","footnotes":""},"class_list":["post-1139","page","type-page","status-publish"],"_links":{"self":[{"href":"https:\/\/wp.unil.ch\/histoireparlesdonnees\/wp-json\/wp\/v2\/pages\/1139","targetHints":{"allow":["GET"]}}],"collection":[{"href":"https:\/\/wp.unil.ch\/histoireparlesdonnees\/wp-json\/wp\/v2\/pages"}],"about":[{"href":"https:\/\/wp.unil.ch\/histoireparlesdonnees\/wp-json\/wp\/v2\/types\/page"}],"author":[{"embeddable":true,"href":"https:\/\/wp.unil.ch\/histoireparlesdonnees\/wp-json\/wp\/v2\/users\/1001612"}],"replies":[{"embeddable":true,"href":"https:\/\/wp.unil.ch\/histoireparlesdonnees\/wp-json\/wp\/v2\/comments?post=1139"}],"version-history":[{"count":0,"href":"https:\/\/wp.unil.ch\/histoireparlesdonnees\/wp-json\/wp\/v2\/pages\/1139\/revisions"}],"up":[{"embeddable":true,"href":"https:\/\/wp.unil.ch\/histoireparlesdonnees\/wp-json\/wp\/v2\/pages\/1133"}],"wp:attachment":[{"href":"https:\/\/wp.unil.ch\/histoireparlesdonnees\/wp-json\/wp\/v2\/media?parent=1139"}],"curies":[{"name":"wp","href":"https:\/\/api.w.org\/{rel}","templated":true}]}}