{"id":1072,"date":"2018-05-30T17:10:05","date_gmt":"2018-05-30T15:10:05","guid":{"rendered":"http:\/\/wp.unil.ch\/histoireparlesdonnees\/?page_id=1072"},"modified":"2018-05-30T17:49:25","modified_gmt":"2018-05-30T15:49:25","slug":"conclusion","status":"publish","type":"page","link":"https:\/\/wp.unil.ch\/histoireparlesdonnees\/les-travaux-2017-2018\/les-femmes-dans-le-domaine-industriel-pendant-les-periodes-de-guerre\/conclusion\/","title":{"rendered":"Conclusion"},"content":{"rendered":"<p class=\"Standard\" style=\"text-align: justify;text-indent: .5in\"><span lang=\"FR-CH\">En conclusion, nous pouvons dire que les journaux d\u00e9crivent peu la femme comme une ouvri\u00e8re mais souvent plus comme une figure de la famille. Chaque analyse de Reinert sortant une classe contenant le mot \u00ab\u00a0famille\u00a0\u00bb contient aussi le mot \u00ab\u00a0femme\u00a0\u00bb. Comme observ\u00e9 lors des analyses approfondies, les deux journaux ont une orientation politique de droite. Ceci associ\u00e9 \u00e0 la vision de la femme de l\u2019\u00e9poque en g\u00e9n\u00e9ral, sugg\u00e8re que les articles sur les femmes ouvri\u00e8res de l\u2019\u00e9poque sont relativement rares. Notre analyse parvient toutefois \u00e0 percer \u00e0 travers la vision traditionaliste et de droite des deux journaux pour montrer qu&#8217;il existe un nombre d&#8217;articles relatant des femmes dans l&#8217;industrie. Le ph\u00e9nom\u00e8ne d\u2019inclusion des femmes dans l\u2019industrie est perceptible dans les m\u00e9dias, bien qu\u2019ils s\u2019agissent de journaux suisses et que nos analyses qualitatives nous aient r\u00e9v\u00e9l\u00e9 que les articles relatant des femmes dans l\u2019industrie sont mis aux seconds plans dans ces journaux. En effet, les articles composant les classes ayant trait \u00e0 notre sujet sont pour la plupart des articles secondaires, indiquant par ailleurs la vision qu\u2019avait les m\u00e9dias de ce mouvement de f\u00e9minisation des domaines industriels.<\/span><\/p>\n<p>&nbsp;<\/p>\n<p style=\"text-align: center\"><a href=\"https:\/\/wp.unil.ch\/histoireparlesdonnees\/les-travaux-2017-2018\/les-femmes-dans-le-domaine-industriel-pendant-les-periodes-de-guerre\/analyses\/\">?<\/a><\/p>\n<p style=\"text-align: center\"><a href=\"https:\/\/wp.unil.ch\/histoireparlesdonnees\/les-travaux-2017-2018\/les-femmes-dans-le-domaine-industriel-pendant-les-periodes-de-guerre\/\">Retour au sommaire<\/a><\/p>\n<p style=\"text-align: center\"><a href=\"https:\/\/wp.unil.ch\/histoireparlesdonnees\/les-travaux-2017-2018\/les-femmes-dans-le-domaine-industriel-pendant-les-periodes-de-guerre\/bibliographie\/\">?<\/a><\/p>\n","protected":false},"excerpt":{"rendered":"<p>En conclusion, nous pouvons dire que les journaux d\u00e9crivent peu la femme comme une ouvri\u00e8re mais souvent plus comme une figure de la famille. Chaque analyse de Reinert sortant une classe contenant le mot \u00ab\u00a0famille\u00a0\u00bb contient aussi le mot \u00ab\u00a0femme\u00a0\u00bb.<\/p>\n","protected":false},"author":1001793,"featured_media":0,"parent":998,"menu_order":0,"comment_status":"closed","ping_status":"closed","template":"","meta":{"_seopress_robots_primary_cat":"","_seopress_titles_title":"","_seopress_titles_desc":"","_seopress_robots_index":"","footnotes":""},"class_list":["post-1072","page","type-page","status-publish"],"_links":{"self":[{"href":"https:\/\/wp.unil.ch\/histoireparlesdonnees\/wp-json\/wp\/v2\/pages\/1072","targetHints":{"allow":["GET"]}}],"collection":[{"href":"https:\/\/wp.unil.ch\/histoireparlesdonnees\/wp-json\/wp\/v2\/pages"}],"about":[{"href":"https:\/\/wp.unil.ch\/histoireparlesdonnees\/wp-json\/wp\/v2\/types\/page"}],"author":[{"embeddable":true,"href":"https:\/\/wp.unil.ch\/histoireparlesdonnees\/wp-json\/wp\/v2\/users\/1001793"}],"replies":[{"embeddable":true,"href":"https:\/\/wp.unil.ch\/histoireparlesdonnees\/wp-json\/wp\/v2\/comments?post=1072"}],"version-history":[{"count":0,"href":"https:\/\/wp.unil.ch\/histoireparlesdonnees\/wp-json\/wp\/v2\/pages\/1072\/revisions"}],"up":[{"embeddable":true,"href":"https:\/\/wp.unil.ch\/histoireparlesdonnees\/wp-json\/wp\/v2\/pages\/998"}],"wp:attachment":[{"href":"https:\/\/wp.unil.ch\/histoireparlesdonnees\/wp-json\/wp\/v2\/media?parent=1072"}],"curies":[{"name":"wp","href":"https:\/\/api.w.org\/{rel}","templated":true}]}}