{"id":1005,"date":"2018-05-30T16:24:40","date_gmt":"2018-05-30T14:24:40","guid":{"rendered":"http:\/\/wp.unil.ch\/histoireparlesdonnees\/?page_id=1005"},"modified":"2018-06-11T15:56:29","modified_gmt":"2018-06-11T13:56:29","slug":"la-perception-du-feminisme-par-la-gazette-de-lausanne-le-journal-de-geneve-et-le-nouveau-quotidien-entre-1958-et-1998","status":"publish","type":"page","link":"https:\/\/wp.unil.ch\/histoireparlesdonnees\/les-travaux-2017-2018\/la-perception-du-feminisme-par-la-gazette-de-lausanne-le-journal-de-geneve-et-le-nouveau-quotidien-entre-1958-et-1998\/","title":{"rendered":"La perception du f\u00e9minisme par la Gazette de Lausanne, le Journal de Gen\u00e8ve et le Nouveau Quotidien entre 1958 et 1998"},"content":{"rendered":"<p><em>Th\u00e9ophile de Cazenove, Sophie Chalumeau, Bruno Wicht<\/em><\/p>\n<h2><b>Introduction<\/b><\/h2>\n<p><span style=\"font-weight: 400\">Durant la seconde moiti\u00e9 du XX\u00e8me si\u00e8cle les id\u00e9es et mouvements f\u00e9ministes s\u2019amplifient et touchent de plus en plus de sph\u00e8res de la soci\u00e9t\u00e9. Des <\/span><b>id\u00e9es<\/b><span style=\"font-weight: 400\"> politiques, philosophiques et sociales, qui partagent un but commun : d\u00e9finir, \u00e9tablir et atteindre l&#8217;\u00e9galit\u00e9 politique, \u00e9conomique, culturelle, personnelle, sociale et juridique entre les femmes et les hommes se diffusent, et <\/span><span style=\"font-weight: 400\">des <\/span><b>organisations<\/b><span style=\"font-weight: 400\"> politiques ou sociales agissant collectivement militent pour l\u2019am\u00e9lioration et l&#8217;extension du r\u00f4le et des droits des femmes dans la soci\u00e9t\u00e9.<\/span><\/p>\n<p><span style=\"font-weight: 400\">Cette recherche se focalise sur la <\/span><b>perception<\/b><span style=\"font-weight: 400\"> de ces mouvements f\u00e9ministes en Suisse et en France au travers <\/span><b>de la Gazette de Lausanne (GdL), <\/b><span style=\"font-weight: 400\">du<\/span><b> Journal de Gen\u00e8ve (JdG) <\/b><span style=\"font-weight: 400\">et du <\/span><b>Nouveau Quotidien (NQ)<\/b><span style=\"font-weight: 400\">. De plus cette recherche se restreint \u00e0 la p\u00e9riode de 1958 \u00e0 1998. En effet, en 1959 une tentative de votation du droit de vote et \u00e9ligibilit\u00e9 des femmes en suisse a \u00e9chou\u00e9e et est int\u00e9ressante \u00e0 \u00e9tudier et le corpus \u00e0 disposition s&#8217;arr\u00eate en 1998.<\/span><\/p>\n<p><a href=\"https:\/\/wp.unil.ch\/histoireparlesdonnees\/les-travaux-2017-2018\/la-perception-du-feminisme-par-la-gazette-de-lausanne-le-journal-de-geneve-et-le-nouveau-quotidien-entre-1958-et-1998\/contextualisation\/\">Contextualisation<\/a><\/p>\n<p><a href=\"https:\/\/wp.unil.ch\/histoireparlesdonnees\/les-travaux-2017-2018\/la-perception-du-feminisme-par-la-gazette-de-lausanne-le-journal-de-geneve-et-le-nouveau-quotidien-entre-1958-et-1998\/methodologie\/\">M\u00e9thodologie<\/a><\/p>\n<p><a href=\"https:\/\/wp.unil.ch\/histoireparlesdonnees\/les-travaux-2017-2018\/la-perception-du-feminisme-par-la-gazette-de-lausanne-le-journal-de-geneve-et-le-nouveau-quotidien-entre-1958-et-1998\/analyse\/\">Analyse<\/a><\/p>\n<p><a href=\"https:\/\/wp.unil.ch\/histoireparlesdonnees\/les-travaux-2017-2018\/la-perception-du-feminisme-par-la-gazette-de-lausanne-le-journal-de-geneve-et-le-nouveau-quotidien-entre-1958-et-1998\/conclusion\/\">Conclusion<\/a><\/p>\n<p><a href=\"https:\/\/wp.unil.ch\/histoireparlesdonnees\/les-travaux-2017-2018\/la-perception-du-feminisme-par-la-gazette-de-lausanne-le-journal-de-geneve-et-le-nouveau-quotidien-entre-1958-et-1998\/bibliographie\/\">Bibliographie<\/a><\/p>\n","protected":false},"excerpt":{"rendered":"<p>Th\u00e9ophile de Cazenove, Sophie Chalumeau, Bruno Wicht Introduction Durant la seconde moiti\u00e9 du XX\u00e8me si\u00e8cle les id\u00e9es et mouvements f\u00e9ministes s\u2019amplifient et touchent de plus en plus de sph\u00e8res de la soci\u00e9t\u00e9. Des id\u00e9es politiques, philosophiques et sociales, qui partagent<\/p>\n","protected":false},"author":1001793,"featured_media":0,"parent":912,"menu_order":0,"comment_status":"closed","ping_status":"closed","template":"","meta":{"_seopress_robots_primary_cat":"","_seopress_titles_title":"","_seopress_titles_desc":"","_seopress_robots_index":"","footnotes":""},"class_list":["post-1005","page","type-page","status-publish"],"_links":{"self":[{"href":"https:\/\/wp.unil.ch\/histoireparlesdonnees\/wp-json\/wp\/v2\/pages\/1005","targetHints":{"allow":["GET"]}}],"collection":[{"href":"https:\/\/wp.unil.ch\/histoireparlesdonnees\/wp-json\/wp\/v2\/pages"}],"about":[{"href":"https:\/\/wp.unil.ch\/histoireparlesdonnees\/wp-json\/wp\/v2\/types\/page"}],"author":[{"embeddable":true,"href":"https:\/\/wp.unil.ch\/histoireparlesdonnees\/wp-json\/wp\/v2\/users\/1001793"}],"replies":[{"embeddable":true,"href":"https:\/\/wp.unil.ch\/histoireparlesdonnees\/wp-json\/wp\/v2\/comments?post=1005"}],"version-history":[{"count":0,"href":"https:\/\/wp.unil.ch\/histoireparlesdonnees\/wp-json\/wp\/v2\/pages\/1005\/revisions"}],"up":[{"embeddable":true,"href":"https:\/\/wp.unil.ch\/histoireparlesdonnees\/wp-json\/wp\/v2\/pages\/912"}],"wp:attachment":[{"href":"https:\/\/wp.unil.ch\/histoireparlesdonnees\/wp-json\/wp\/v2\/media?parent=1005"}],"curies":[{"name":"wp","href":"https:\/\/api.w.org\/{rel}","templated":true}]}}