{"id":209,"date":"2021-05-04T13:39:06","date_gmt":"2021-05-04T11:39:06","guid":{"rendered":"https:\/\/wp.unil.ch\/herens\/?page_id=209"},"modified":"2022-12-06T18:53:18","modified_gmt":"2022-12-06T17:53:18","slug":"a-propos","status":"publish","type":"page","link":"https:\/\/wp.unil.ch\/herens\/a-propos\/","title":{"rendered":"\u00c0 propos"},"content":{"rendered":"\n<h2 class=\"has-buttons-background-color has-text-color wp-block-heading\">L&rsquo;\u00e9quipe de coordination&nbsp;&#8211; Universit\u00e9 de Lausanne<\/h2>\n\n\n\n<p>Le&nbsp;<a href=\"https:\/\/www.unil.ch\/centre-montagne\/fr\/home.html\">Centre interdisciplinaire de recherche sur la montagne<\/a>&nbsp;(CIRM) r\u00e9alise des recherches interdisciplinaires avec les collectivit\u00e9s des Alpes vaudoises et valaisannes, sur des aspects socio-d\u00e9mographiques, \u00e9conomiques, culturels, environnementaux ou climatiques et diffuse les connaissances acquises par les chercheur\u00b7e\u00b7s aupr\u00e8s de la population des r\u00e9gions de montagne concern\u00e9es.<br><em><a href=\"mailto:melanie.clivaz@unil.ch\">M\u00e9lanie Clivaz<\/a><\/em> \/\/ G\u00e9ographe et charg\u00e9e de projet, responsable de la communication et m\u00e9diation scientifique au Centre interdisciplinaire de recherche sur la montagne \/ UNIL.<br><em><a href=\"mailto:emmanuel.reynard@unil.ch\">Emmanuel Reynard<\/a><\/em> \/\/ G\u00e9ographe et Directeur du Centre interdisciplinaire de recherche sur la montagne \/ UNIL.<\/p>\n\n\n\n<p>Le&nbsp;<a href=\"https:\/\/www.eprouvette-unil.ch\/\">Service Culture et M\u00e9diation scientifique<\/a>&nbsp;(SCMS) joue le r\u00f4le de laboratoire culturel exp\u00e9rimental et invente des dispositifs vari\u00e9s et des espaces d\u2019\u00e9changes privil\u00e9gi\u00e9s entre artistes, scientifiques, communaut\u00e9 universitaire et citoyen\u00b7ne\u00b7s. Les projets du service visent \u00e0 partager les savoirs enseign\u00e9s et \u00e9labor\u00e9s dans les sept facult\u00e9s de l\u2019UNIL, stimuler la r\u00e9flexion, la curiosit\u00e9 et l\u2019esprit critique des citoyen\u00b7ne\u00b7s, en particulier sur les grands enjeux de soci\u00e9t\u00e9 contemporains.<br><em><a href=\"mailto:severine.trouilloud@unil.ch\">S\u00e9verine Trouilloud<\/a><\/em> \/\/ Cheffe de projets et m\u00e9diatrice scientifique au Service Culture et M\u00e9diation scientifique \/ L\u2019\u00e9prouvette, Laboratoire Sciences et Soci\u00e9t\u00e9 de l\u2019UNIL.<\/p>\n\n\n\n<h2 class=\"has-buttons-background-color has-text-color wp-block-heading\">Le comit\u00e9 de pilotage<\/h2>\n\n\n\n<p>Form\u00e9 d\u2019une dizaine de personnes&nbsp;d\u2019institutions universitaires et des territoires et&nbsp;pr\u00e9sid\u00e9 par Emmanuel&nbsp;Reynard, directeur du CIRM, le comit\u00e9 de pilotage a pour objectifs d&rsquo;aider l&rsquo;\u00e9quipe de coordination et les chercheur\u00b7e\u00b7s d&rsquo;un point de vue strat\u00e9gique et m\u00e9thodologique.<\/p>\n\n\n\n<div class=\"su-list\" style=\"margin-left:10px\">Composition :  <p><\/p> <ul> <li><i class=\"sui sui-angle-right\" style=\"color:#333\"><\/i> Emmanuel Reynard, UNIL CIRM, pr\u00e9sident du comit\u00e9 de pilotage <\/li> <li><i class=\"sui sui-angle-right\" style=\"color:#333\"><\/i> Jennifer Genovese, UNIL SCMS<\/li> <li><i class=\"sui sui-angle-right\" style=\"color:#333\"><\/i> B\u00e9n\u00e9dicte Brunet, UNIL SCMS<\/li> <li><i class=\"sui sui-angle-right\" style=\"color:#333\"><\/i> Nelly Niwa, UNIL Centre interdisciplinaire de durabilit\u00e9<\/li> <li><i class=\"sui sui-angle-right\" style=\"color:#333\"><\/i> Julia Steinberger, UNIL projet Climact<\/li> <li><i class=\"sui sui-angle-right\" style=\"color:#333\"><\/i> Yves Rey, Canton du Valais Service des hautes \u00e9coles<\/li> <li><i class=\"sui sui-angle-right\" style=\"color:#333\"><\/i> Nicolas Mettan, Canton du Valais Service de d\u00e9veloppement territorial<\/li> <li><i class=\"sui sui-angle-right\" style=\"color:#333\"><\/i> Virginie Gaspoz, Pr\u00e9sidente de la commune d&rsquo;Evol\u00e8ne<\/li> <li><i class=\"sui sui-angle-right\" style=\"color:#333\"><\/i> Eric Nanchen, Fondation pour le d\u00e9veloppement durable des r\u00e9gions de montagne<\/li> <li><i class=\"sui sui-angle-right\" style=\"color:#333\"><\/i> Jean-Paul Felley, HES-SO Valais-Wallis EDHEA<\/li> <\/ul><\/div>\n\n\n\n<p><\/p>\n\n\n\n<h2 class=\"has-buttons-background-color has-text-color wp-block-heading\">LEs partenaires<\/h2>\n\n\n\n<h4 class=\"wp-block-heading\"><strong>Les communes<\/strong><\/h4>\n\n\n\n<p>Trois communes du Val d&rsquo;H\u00e9rens soutiennent officiellement le projet :&nbsp;<a href=\"https:\/\/www.commune-evolene.ch\/\">Evol\u00e8ne<\/a>,&nbsp;<a href=\"https:\/\/www.saint-martin.ch\/fr\/\">Saint-Martin<\/a>&nbsp;et&nbsp;<a href=\"https:\/\/www.vex.ch\/\">Vex<\/a>.<\/p>\n\n\n\n<h4 class=\"wp-block-heading\"><strong>Jardin Botanique Flore-Alpe<\/strong><\/h4>\n\n\n\n<p>\u00c0 1500 m d\u2019altitude \u00e0 Champex-Lac en Valais, le&nbsp;<a href=\"https:\/\/www.flore-alpe.ch\/fr\/\">jardin botanique Flore-Alpe<\/a>&nbsp;abrite pr\u00e8s de 4&rsquo;000 esp\u00e8ces et sous-esp\u00e8ces<strong>&nbsp;<\/strong>de la flore locale et des r\u00e9gions de montagne du monde entier. Son centre de recherche, le Centre alpien de phytog\u00e9ographie (CAP), est sp\u00e9cialis\u00e9 dans l\u2019\u00e9tude de la distribution des v\u00e9g\u00e9taux de montagne et reconnu pour ses travaux sur<strong>&nbsp;<\/strong>l\u2019\u00e9volution de la flore alpine et de la limite de la for\u00eat<strong>&nbsp;<\/strong>dans le contexte du r\u00e9chauffement climatique.&nbsp;<\/p>\n\n\n\n<h4 class=\"wp-block-heading\"><strong>HES-SO Valais-Wallis<\/strong><\/h4>\n\n\n\n<p>Le projet <em>H\u00e9rison &#8211; H\u00e9rens Immersion Sonore<\/em> est port\u00e9 par deux Hautes \u00c9coles de la HES-SO Valais-Wallis (<a href=\"https:\/\/hesav.ch\" data-type=\"URL\" data-id=\"https:\/\/hesav.ch\" target=\"_blank\" rel=\"noreferrer noopener\">Haute \u00c9cole de Sant\u00e9<\/a> et <a href=\"https:\/\/edhea.ch\" data-type=\"URL\" data-id=\"https:\/\/edhea.ch\" target=\"_blank\" rel=\"noreferrer noopener\">EDHEA<\/a>) et l&rsquo;<a href=\"https:\/\/unil.ch\/index.html\" data-type=\"URL\" data-id=\"https:\/\/unil.ch\/index.html\" target=\"_blank\" rel=\"noreferrer noopener\">Universit\u00e9 de Lausanne<\/a>.<\/p>\n\n\n\n<h4 class=\"wp-block-heading\"><strong>Le Fab-lab de renens<\/strong><\/h4>\n\n\n\n<p>Les FabLab&nbsp;<em>(t\u00e9lescopage des mots fabrique et laboratoire)<\/em>&nbsp;constituent un r\u00e9seau mondial d\u2019ateliers de fabrication num\u00e9rique. Ce sont des lieux de partage et d\u2019acc\u00e8s libre \u00e0 des technologies de prototypage rapide o\u00f9 l\u2019on peut fabriquer \u00ab \u00e0 peu pr\u00e8s tout \u00bb.<\/p>\n\n\n\n<p>Le <a href=\"https:\/\/www.fablab-renens.ch\">Fablab de Renens<\/a> offre un apprentissage par la r\u00e9alisation concr\u00e8te de projets. On y gagne de l\u2019ind\u00e9pendance vis-\u00e0-vis des technologies que l\u2019on apprend \u00e0 ma\u00eetriser et l\u2019on peut \u00e0 son tour partager ses connaissances.<\/p>\n\n\n\n<h4 class=\"wp-block-heading\"><strong>Le ColLaboratoire \u2013 Universit\u00e9 de Lausanne<\/strong><\/h4>\n\n\n\n<p>Le&nbsp;<a href=\"https:\/\/www.unil.ch\/collaboratoire\/home.html\">ColLaboratoire<\/a>, l&rsquo;unit\u00e9 de recherche-action, collaborative et participative (RACP) de l&rsquo;UNIL,&nbsp;fournit un soutien m\u00e9thodologique et strat\u00e9gique aux facult\u00e9s et services de l&rsquo;UNIL engag\u00e9s dans ce type de recherches. Il&nbsp;r\u00e9alise des projets de RACP associant l&rsquo;UNIL et ses partenaires extra-acad\u00e9miques -associations, ONG, groupes concern\u00e9s, entreprises, institutions publiques- en int\u00e9grant&nbsp;les besoins, comp\u00e9tences et savoirs des acteurs&nbsp;sociaux dans les activit\u00e9s scientifiques.<\/p>\n\n\n\n<h4 class=\"wp-block-heading\"><strong>Le Centre DE COMP\u00c9tence en Durabilit\u00e9 \u2013 Universit\u00e9 de Lausanne<\/strong><\/h4>\n\n\n\n<p>Le <a href=\"https:\/\/www.unil.ch\/centre-durabilite\/fr\/home.html\">Centre de comp\u00e9tence en durabilit\u00e9<\/a> (CCD) approche de mani\u00e8re syst\u00e9mique et transdisciplinaire&nbsp;le d\u00e9fi consistant \u00e0 offrir \u00e0 toutes et tous une vie bonne, tout en&nbsp;respectant les limites plan\u00e9taires. Il promeut une vision forte de la durabilit\u00e9 et accompagne la cr\u00e9ation de projets, qui r\u00e9pondent aux d\u00e9fis soci\u00e9taux et environnementaux de durabilit\u00e9, en relation \u00e9troite avec la soci\u00e9t\u00e9 civile.<\/p>\n\n\n\n<h2 class=\"has-buttons-background-color has-text-color wp-block-heading\">Les soutiens financiers<\/h2>\n\n\n\n<div class=\"wp-block-columns is-layout-flex wp-container-core-columns-is-layout-9d6595d7 wp-block-columns-is-layout-flex\">\n<div class=\"wp-block-column is-vertically-aligned-top is-layout-flow wp-block-column-is-layout-flow\" style=\"flex-basis:33.33%\">\n<figure class=\"wp-block-image size-large\"><img alt=\"\" loading=\"lazy\" decoding=\"async\" width=\"293\" height=\"139\" src=\"https:\/\/wp.unil.ch\/herens\/files\/2021\/06\/logo-RRSC-horizontal-black-2017_transparent-2.png\" alt=\"\" class=\"wp-image-1109\" \/><\/figure>\n<\/div>\n\n\n\n<div class=\"wp-block-column is-layout-flow wp-block-column-is-layout-flow\" style=\"flex-basis:66.66%\">\n<p>Le projet\u00a0<em>Val d&rsquo;H\u00e9rens 1950\/2050 \u2013 Vies, images et pratiques d&rsquo;un territoire en mutation<\/em>\u00a0est laur\u00e9at du prix \u00e0 l&rsquo;encouragement de projet 2021 du\u00a0<a href=\"https:\/\/www.rezoscience.ch\/\">R\u00e9seau romand Science et Cit\u00e9<\/a>\u00a0(RRSC). Le RRSC est une association ind\u00e9pendante, active depuis 2002 dans le champ de la culture scientifique et technique. Le RRSC collabore en qualit\u00e9 d\u2019antenne r\u00e9gionale avec la\u00a0<a rel=\"noreferrer noopener\" href=\"https:\/\/www.science-et-cite.ch\/fr\/\" target=\"_blank\">Fondation Science et Cit\u00e9<\/a>, qui est le centre de comp\u00e9tence pour le dialogue sciences-soci\u00e9t\u00e9 au sein des Acad\u00e9mies suisses des sciences.<\/p>\n<\/div>\n<\/div>\n\n\n\n<div class=\"wp-block-columns is-layout-flex wp-container-core-columns-is-layout-9d6595d7 wp-block-columns-is-layout-flex\">\n<div class=\"wp-block-column is-layout-flow wp-block-column-is-layout-flow\" style=\"flex-basis:33.33%\">\n<figure class=\"wp-block-image size-full\"><img alt=\"\" loading=\"lazy\" decoding=\"async\" width=\"220\" height=\"147\" src=\"https:\/\/wp.unil.ch\/herens\/files\/2022\/12\/Logo2017_lamurithienne.jpg\" alt=\"\" class=\"wp-image-2103\" \/><\/figure>\n<\/div>\n\n\n\n<div class=\"wp-block-column is-layout-flow wp-block-column-is-layout-flow\" style=\"flex-basis:66.66%\">\n<p>Avec le soutien de \u00ab\u00a0<a href=\"https:\/\/www.lamurithienne.ch\/\">La Murithienne<\/a>, soci\u00e9t\u00e9 valaisanne des sciences naturelles, par la Fondation Dr Ignace Mari\u00e9tan\u00a0\u00bb, pour le volet <em>Les plantes patrimoniales, t\u00e9moins des changements climatiques ?<\/em><\/p>\n<\/div>\n<\/div>\n","protected":false},"excerpt":{"rendered":"<p>L&rsquo;\u00e9quipe de coordination&nbsp;&#8211; Universit\u00e9 de Lausanne Le&nbsp;Centre interdisciplinaire de recherche sur la montagne&nbsp;(CIRM) r\u00e9alise des recherches interdisciplinaires avec les collectivit\u00e9s des Alpes vaudoises et valaisannes, sur des aspects&hellip;<\/p>\n","protected":false},"author":108,"featured_media":618,"parent":0,"menu_order":5,"comment_status":"closed","ping_status":"closed","template":"template-full-width-cover.php","meta":{"_seopress_robots_primary_cat":"","_seopress_titles_title":"","_seopress_titles_desc":"","_seopress_robots_index":"","_EventAllDay":false,"_EventTimezone":"","_EventStartDate":"","_EventEndDate":"","_EventStartDateUTC":"","_EventEndDateUTC":"","_EventShowMap":false,"_EventShowMapLink":false,"_EventURL":"","_EventCost":"","_EventCostDescription":"","_EventCurrencySymbol":"","_EventCurrencyCode":"","_EventCurrencyPosition":"","_EventDateTimeSeparator":"","_EventTimeRangeSeparator":"","_EventOrganizerID":[],"_EventVenueID":[],"_OrganizerEmail":"","_OrganizerPhone":"","_OrganizerWebsite":"","_VenueAddress":"","_VenueCity":"","_VenueCountry":"","_VenueProvince":"","_VenueState":"","_VenueZip":"","_VenuePhone":"","_VenueURL":"","_VenueStateProvince":"","_VenueLat":"","_VenueLng":"","_VenueShowMap":false,"_VenueShowMapLink":false,"footnotes":""},"class_list":["post-209","page","type-page","status-publish","has-post-thumbnail"],"_links":{"self":[{"href":"https:\/\/wp.unil.ch\/herens\/wp-json\/wp\/v2\/pages\/209","targetHints":{"allow":["GET"]}}],"collection":[{"href":"https:\/\/wp.unil.ch\/herens\/wp-json\/wp\/v2\/pages"}],"about":[{"href":"https:\/\/wp.unil.ch\/herens\/wp-json\/wp\/v2\/types\/page"}],"author":[{"embeddable":true,"href":"https:\/\/wp.unil.ch\/herens\/wp-json\/wp\/v2\/users\/108"}],"replies":[{"embeddable":true,"href":"https:\/\/wp.unil.ch\/herens\/wp-json\/wp\/v2\/comments?post=209"}],"version-history":[{"count":0,"href":"https:\/\/wp.unil.ch\/herens\/wp-json\/wp\/v2\/pages\/209\/revisions"}],"wp:featuredmedia":[{"embeddable":true,"href":"https:\/\/wp.unil.ch\/herens\/wp-json\/wp\/v2\/media\/618"}],"wp:attachment":[{"href":"https:\/\/wp.unil.ch\/herens\/wp-json\/wp\/v2\/media?parent=209"}],"curies":[{"name":"wp","href":"https:\/\/api.w.org\/{rel}","templated":true}]}}