{"id":2276,"date":"2023-05-16T15:48:05","date_gmt":"2023-05-16T13:48:05","guid":{"rendered":"https:\/\/wp.unil.ch\/hecgraduation\/?page_id=2276"},"modified":"2025-11-27T15:10:41","modified_gmt":"2025-11-27T14:10:41","slug":"save-the-dates","status":"publish","type":"page","link":"https:\/\/wp.unil.ch\/hecgraduation\/","title":{"rendered":"Vivez les c\u00e9l\u00e9brations en direct!"},"content":{"rendered":"\n<p>F\u00e9licitations \u00e0 tous nos dipl\u00f4m\u00e9s et toutes nos dipl\u00f4m\u00e9es de Bachelor et Master 2025\u202f!&nbsp;&nbsp;<\/p>\n\n\n\n<figure class=\"wp-block-embed is-type-video is-provider-youtube wp-block-embed-youtube wp-embed-aspect-16-9 wp-has-aspect-ratio\"><div class=\"wp-block-embed__wrapper\">\n<iframe loading=\"lazy\" title=\"Graduation Celebration - Bachelor 2025\" width=\"735\" height=\"413\" src=\"https:\/\/www.youtube.com\/embed\/4MkIzv0kork?feature=oembed\" frameborder=\"0\" allow=\"accelerometer; autoplay; clipboard-write; encrypted-media; gyroscope; picture-in-picture; web-share\" referrerpolicy=\"strict-origin-when-cross-origin\" allowfullscreen><\/iframe>\n<\/div><\/figure>\n\n\n\n<figure class=\"wp-block-embed is-type-video is-provider-youtube wp-block-embed-youtube wp-embed-aspect-16-9 wp-has-aspect-ratio\"><div class=\"wp-block-embed__wrapper\">\n<iframe loading=\"lazy\" title=\"Graduation Celebration - Master 2025\" width=\"735\" height=\"413\" src=\"https:\/\/www.youtube.com\/embed\/Gp7lDPkZ6Gk?feature=oembed\" frameborder=\"0\" allow=\"accelerometer; autoplay; clipboard-write; encrypted-media; gyroscope; picture-in-picture; web-share\" referrerpolicy=\"strict-origin-when-cross-origin\" allowfullscreen><\/iframe>\n<\/div><\/figure>\n\n\n\n<h2 class=\"wp-block-heading\"><strong>C\u00e9l\u00e9brations de fin d&rsquo;\u00e9tudes HEC Lausanne 2025 &#8211; Infos pratiques<\/strong><\/h2>\n\n\n\n<p>Nous vous informons que la\u00a0<strong>C\u00e9l\u00e9bration de fin d\u2019\u00e9tudes HEC Lausanne Master et Bachelor 2025<\/strong>\u00a0se tiendra le\u00a0<strong>samedi 29 novembre 2025\u00a0au SwissTech Convention Center,\u00a0<\/strong>Ecublens.<\/p>\n\n\n\n<p>Les inscriptions sont \u00e0 pr\u00e9sent closes. Les personnes non-inscrites et ne disposant pas d\u2019e-ticket seront consid\u00e9r\u00e9es comme absentes et ne pourront <strong>pas <\/strong>acc\u00e9der \u00e0 l\u2019\u00e9v\u00e9nement. <\/p>\n\n\n\n<p><strong>BACHELOR<\/strong><\/p>\n\n\n\n<ul class=\"wp-block-list\">\n<li>Convocation des dipl\u00f4m\u00e9\u00b7e\u00b7s et de leurs convives\u202f: 9h00&nbsp;<\/li>\n\n\n\n<li>C\u00e9r\u00e9monie\u202f: 10h00&nbsp;<\/li>\n\n\n\n<li>Verre de cl\u00f4ture\u202f: 11h30&nbsp;<\/li>\n<\/ul>\n\n\n\n<p><strong>MASTER<\/strong><\/p>\n\n\n\n<ul class=\"wp-block-list\">\n<li>Convocation des dipl\u00f4m\u00e9\u00b7e\u00b7s et de leurs convives\u202f: 14h00&nbsp;<\/li>\n\n\n\n<li>C\u00e9r\u00e9monie\u202f: 15h00&nbsp;<\/li>\n\n\n\n<li>Verre de cl\u00f4ture\u202f: 17h00\u00a0<\/li>\n<\/ul>\n\n\n\n<p><strong>Pour les laur\u00e9ates et laur\u00e9ats de prix\u202f<\/strong>: merci de prendre en compte les horaires communiqu\u00e9s par courriel par le Service des Affaires Etudiantes.\u00a0<\/p>\n\n\n\n<p><strong>Acc\u00e8s<\/strong> : <a href=\"https:\/\/www.stcc.ch\/wp-content\/uploads\/2024\/05\/STCC_Parking_FR_Fev2024.pdf\">Des places de parc<\/a> sont disponibles sur place (liste des parkings ici&nbsp;: <a href=\"https:\/\/www.stcc.ch\/wp-content\/uploads\/2024\/05\/STCC_Parking_FR_Fev2024.pdf\">https:\/\/www.stcc.ch\/wp-content\/uploads\/2024\/05\/STCC_Parking_FR_Fev2024.pdf<\/a>). L\u2019acc\u00e8s en transports publics est cependant recommand\u00e9. Plus d\u2019informations sur le site&nbsp;: <a href=\"https:\/\/www.stcc.ch\/access\/\">https:\/\/www.stcc.ch\/access\/<\/a>. Plan d\u2019acc\u00e8s t\u00e9l\u00e9chargeable ici: <a href=\"https:\/\/www.stcc.ch\/wp-content\/uploads\/2019\/11\/STCC_ACCESS_PLAN-1.pdf\" target=\"_blank\" rel=\"noreferrer noopener\">https:\/\/www.stcc.ch\/wp-content\/uploads\/2019\/11\/STCC_ACCESS_PLAN-1.pdf<\/a>&nbsp;<\/p>\n\n\n\n<p><strong>Dress code<\/strong>\u202f: une tenue \u00e9l\u00e9gante est recommand\u00e9e pour tous les participantes et participants. Le chapeau acad\u00e9mique de dipl\u00f4m\u00e9 sera fourni par HEC Lausanne, il n\u2019y a pas de vestiaire sur place.&nbsp;<\/p>\n\n\n\n<p>Chaque dipl\u00f4m\u00e9\u00b7e peut inviter jusqu&rsquo;\u00e0 <strong>3 personnes<\/strong> pour l&rsquo;ensemble de l&rsquo;\u00e9v\u00e9nement (c\u00e9r\u00e9monie et verre de cl\u00f4ture). Ces invit\u00e9\u00b7e\u00b7s doivent \u00eatre identiques pour toute la dur\u00e9e de l\u2019\u00e9v\u00e9nement. Aucune exception ne sera faite. Le nombre d&rsquo;invit\u00e9s convi\u00e9s ne peut pas \u00eatre modifi\u00e9. La c\u00e9r\u00e9monie sera retransmise en direct sur cette page ainsi que sur notre chaine <a href=\"https:\/\/www.youtube.com\/user\/HECLausanneofficial\">Youtube<\/a>. <\/p>\n\n\n\n<p><strong>Aucun dipl\u00f4me ne sera remis durant l\u2019\u00e9v\u00e9nement<\/strong>, ils sont envoy\u00e9s par la poste apr\u00e8s chaque p\u00e9riode de commande de grade, plus d\u2019infos \u00e0 <a href=\"mailto:hecbachelor@unil.ch\" target=\"_blank\" rel=\"noreferrer noopener\">hecbachelor@unil.ch<\/a> et <a href=\"mailto:hecmaster@unil.ch\" target=\"_blank\" rel=\"noreferrer noopener\">hecmaster@unil.ch<\/a>.<\/p>\n\n\n\n<p>Pour toutes questions concernant les C\u00e9l\u00e9brations de fin d\u2019\u00e9tudes: veuillez consulter les conditions de participation ci-dessous, ou contacter <a href=\"mailto:hecgraduation@unil.ch\" target=\"_blank\" rel=\"noreferrer noopener\">hecgraduation@unil.ch<\/a>&nbsp;&nbsp;<\/p>\n\n\n\n<p><strong>Conditions de participation<\/strong>: afin d\u2019assurer le bon d\u00e9roulement des \u00e9v\u00e9nements, veuillez prendre connaissance de nos conditions g\u00e9n\u00e9rales:<\/p>\n\n\n\n<div data-wp-interactive=\"core\/file\" class=\"wp-block-file\"><object data-wp-bind--hidden=\"!state.hasPdfPreview\" hidden class=\"wp-block-file__embed\" data=\"https:\/\/wp.unil.ch\/hecgraduation\/files\/2025\/10\/terms-and-conditions-cfe2025-2.pdf\" type=\"application\/pdf\" style=\"width:100%;height:600px\" aria-label=\"Contenu embarqu\u00e9 Terms and conditions CFE2025.\"><\/object><a id=\"wp-block-file--media-ce001b4e-1f15-4bd9-9229-46fb8ebcf30a\" href=\"https:\/\/wp.unil.ch\/hecgraduation\/files\/2025\/10\/terms-and-conditions-cfe2025-2.pdf\">Terms and conditions CFE2025<\/a><a href=\"https:\/\/wp.unil.ch\/hecgraduation\/files\/2025\/10\/terms-and-conditions-cfe2025-2.pdf\" class=\"wp-block-file__button wp-element-button\" download aria-describedby=\"wp-block-file--media-ce001b4e-1f15-4bd9-9229-46fb8ebcf30a\">T\u00e9l\u00e9charger<\/a><\/div>\n\n\n\n<p><\/p>\n","protected":false},"excerpt":{"rendered":"<p>F\u00e9licitations \u00e0 tous nos dipl\u00f4m\u00e9s et toutes nos dipl\u00f4m\u00e9es de Bachelor et Master 2025\u202f!&nbsp;&nbsp; C\u00e9l\u00e9brations de fin d&rsquo;\u00e9tudes HEC Lausanne 2025 &#8211; Infos pratiques Nous vous informons que la\u00a0C\u00e9l\u00e9bration de &hellip; <\/p>\n","protected":false},"author":1002794,"featured_media":0,"parent":0,"menu_order":0,"comment_status":"closed","ping_status":"closed","template":"","meta":{"_seopress_robots_primary_cat":"","_seopress_titles_title":"","_seopress_titles_desc":"","_seopress_robots_index":"","footnotes":""},"class_list":["post-2276","page","type-page","status-publish"],"_links":{"self":[{"href":"https:\/\/wp.unil.ch\/hecgraduation\/wp-json\/wp\/v2\/pages\/2276","targetHints":{"allow":["GET"]}}],"collection":[{"href":"https:\/\/wp.unil.ch\/hecgraduation\/wp-json\/wp\/v2\/pages"}],"about":[{"href":"https:\/\/wp.unil.ch\/hecgraduation\/wp-json\/wp\/v2\/types\/page"}],"author":[{"embeddable":true,"href":"https:\/\/wp.unil.ch\/hecgraduation\/wp-json\/wp\/v2\/users\/1002794"}],"replies":[{"embeddable":true,"href":"https:\/\/wp.unil.ch\/hecgraduation\/wp-json\/wp\/v2\/comments?post=2276"}],"version-history":[{"count":4,"href":"https:\/\/wp.unil.ch\/hecgraduation\/wp-json\/wp\/v2\/pages\/2276\/revisions"}],"predecessor-version":[{"id":2699,"href":"https:\/\/wp.unil.ch\/hecgraduation\/wp-json\/wp\/v2\/pages\/2276\/revisions\/2699"}],"wp:attachment":[{"href":"https:\/\/wp.unil.ch\/hecgraduation\/wp-json\/wp\/v2\/media?parent=2276"}],"curies":[{"name":"wp","href":"https:\/\/api.w.org\/{rel}","templated":true}]}}