{"id":596,"date":"2019-12-17T08:59:00","date_gmt":"2019-12-17T07:59:00","guid":{"rendered":"http:\/\/wp.unil.ch\/h2o\/?page_id=596"},"modified":"2019-12-17T09:00:39","modified_gmt":"2019-12-17T08:00:39","slug":"2019-2","status":"publish","type":"page","link":"https:\/\/wp.unil.ch\/h2o\/2019-2\/","title":{"rendered":"&#8211; 2019"},"content":{"rendered":"<h1><img alt=\"\" loading=\"lazy\" decoding=\"async\" class=\"alignnone size-medium wp-image-567\" src=\"https:\/\/wp.unil.ch\/h2o\/files\/2019\/01\/Bandeau-2019_1000x288-01-300x86.png\" alt=\"\" width=\"300\" height=\"86\" srcset=\"https:\/\/wp.unil.ch\/h2o\/files\/2019\/01\/Bandeau-2019_1000x288-01-300x86.png 300w, https:\/\/wp.unil.ch\/h2o\/files\/2019\/01\/Bandeau-2019_1000x288-01-150x43.png 150w, https:\/\/wp.unil.ch\/h2o\/files\/2019\/01\/Bandeau-2019_1000x288-01-768x220.png 768w, https:\/\/wp.unil.ch\/h2o\/files\/2019\/01\/Bandeau-2019_1000x288-01-1024x293.png 1024w, https:\/\/wp.unil.ch\/h2o\/files\/2019\/01\/Bandeau-2019_1000x288-01-1000x288.png 1000w, https:\/\/wp.unil.ch\/h2o\/files\/2019\/01\/Bandeau-2019_1000x288-01-500x143.png 500w, https:\/\/wp.unil.ch\/h2o\/files\/2019\/01\/Bandeau-2019_1000x288-01.png 1920w\" sizes=\"auto, (max-width: 300px) 100vw, 300px\" \/><\/h1>\n<h1>PROGRAMME 2019 (<a href=\"https:\/\/wp.unil.ch\/h2o\/files\/2019\/03\/2019-REau_Programme-simple-A5.pdf\">t\u00e9l\u00e9charger ici<\/a>)<\/h1>\n<p><strong>9h00 \u00a0 Mot de bienvenue<\/strong><br \/>\nJean-Fran\u00e7ois Rubin, Directeur, La Maison de la Rivi\u00e8re<br \/>\nAlain Kaufmann, Directeur, Le ColLaboratoire, Universit\u00e9 de Lausanne<br \/>\nMod\u00e9ration par Laurent Bonnard, Journaliste<\/p>\n<p><strong>9h20 \u00a0 Comprendre la dynamique des populations de poissons en France et les facteurs \u00e9cologiques expliquant les d\u00e9clins : analyse \u00e0 l&rsquo;\u00e9chelle nationale<\/strong><br \/>\nRapha\u00ebl Santos, Post-doctorant \/ Collaborateur scientifique, HEPIA &#8211; groupe EISA<\/p>\n<p><strong>9h40 \u00a0 FISHLAB-GE &#8211; T\u00e9l\u00e9-recensement piscicole multisite par vid\u00e9o sur le Rh\u00f4ne genevois <\/strong><br \/>\nDamien Sidler, Directeur, COREALIS Energie &amp; environnement<\/p>\n<p><strong>10h00\u00a0 La migration des truites dans le Boiron &#8211; La revanche des nains<\/strong><br \/>\nAmandine Pillonel, Assistante HES, HEPIA<\/p>\n<p><strong>10h20 \u00a0 Pause &#8211; Stands et sessions de posters<\/strong><\/p>\n<p><strong>11h00 \u00a0 La cistude d&rsquo;Europe : pr\u00e9datrice d&rsquo;amphibiens ou chasseuse opportuniste ?<\/strong><br \/>\nCharlotte Ducotterd, Doctorante, Unil &#8211; DEE \/ La Maison de la Rivi\u00e8re<\/p>\n<p><strong>11h20 \u00a0 Caract\u00e9risation des habitats des Odonates des Alpes du Nord : Pour une gestion adapt\u00e9e au r\u00e9chauffement<\/strong><br \/>\nMarie Lamouille-H\u00e9bert, CHarg\u00e9e de mission milieux aquatiques et biodiversit\u00e9, HEPIA \/ FNE Haute-Savoie<\/p>\n<p><strong>11h40 \u00a0 Entretien des marais : quel est l&rsquo;effet de la fauche sur les oiseaux nicheurs palustres ?<br \/>\n<\/strong>Christophe Sahli, Collaborateur scientifique, Association de la Grande Cari\u00e7aie<\/p>\n<p><strong>12h00 \u00a0 La biodiversit\u00e9 dans la Plaine de l&rsquo;Orbe, un travail collectif<br \/>\n<\/strong>Emilie Staub, Assistante de projet, Alliance Vaudoise pour la Nature<\/p>\n<p><strong>12h20 \u00a0 Qualit\u00e9 de l&rsquo;eau et sant\u00e9 : un focus group romand sur les nouveaux polluants<br \/>\n<\/strong>Dominique Bollinger, Professeur HES, HEIG-VD<\/p>\n<p><strong>12h30 \u00a0 Pause\u00a0\u00a0 Repas &#8211; Stands et sessions de posters<\/strong><\/p>\n<p><strong>14h00 \u00a0 Mais o\u00f9 va le Rh\u00f4ne dans le L\u00e9man ?<br \/>\n<\/strong>Gabriel Cotte, Doctorant, Unil &#8211; IDYST<strong><br \/>\n<\/strong><\/p>\n<p><strong>14h20 \u00a0 Projet de revitalisation du delta du Rh\u00f4ne<br \/>\n<\/strong>Marianne Gfeller, Cheffe de projet Rh\u00f4ne 3, DGE &#8211; Division Eau<\/p>\n<p><strong>14h40 \u00a0 <\/strong><strong>Le L\u00e9man n&rsquo;est pas un jouet !<br \/>\n<\/strong>Adrien Bonny, Charg\u00e9 de projet, Association pour la Sauvegarde du L\u00e9man<\/p>\n<p><strong>15h00 \u00a0 <\/strong><strong>Revitalisation du lac de Pramont : 18&rsquo;000 m3 de remblais plus tard<br \/>\n<\/strong>Henri Guanzini, Chef de projet, Drosera \u00e9cologie appliqu\u00e9e SA<\/p>\n<p><strong>15h20 \u00a0 Film documentaire : \u00ab\u00a0L&rsquo;appel du glacier\u00a0\u00bb<\/strong><strong><br \/>\n<\/strong>Hassan Lakhdar, R\u00e9alisateur, Teenergy Productions<\/p>\n<p><strong>15h50 \u00a0 Comparaison de deux strat\u00e9gies de gestion des s\u00e9diments fins d&rsquo;un grand barrage hydro\u00e9lectrique (barrage de Verbois, Rh\u00f4ne, Suisse) pour la communaut\u00e9 piscicole<\/strong><strong><br \/>\n<\/strong>Franck Cattan\u00e9o, Professeur HES, HEPIA<\/p>\n<p><strong>16h10 \u00a0 Mot de cl\u00f4ture<\/strong><br \/>\nMod\u00e9ration par Laurent Bonnard, Journaliste<br \/>\nJean-Fran\u00e7ois Rubin, Directeur, La Maison de la Rivi\u00e8re<br \/>\nAlain Kaufmann, Directeur, Le ColLaboratoire, Universit\u00e9 de Lausanne<\/p>\n","protected":false},"excerpt":{"rendered":"<p>PROGRAMME 2019 (t\u00e9l\u00e9charger ici) 9h00 \u00a0 Mot de bienvenue Jean-Fran\u00e7ois Rubin, Directeur, La Maison de la Rivi\u00e8re Alain Kaufmann, Directeur, Le ColLaboratoire, Universit\u00e9 de Lausanne Mod\u00e9ration par Laurent Bonnard, Journaliste &hellip; <\/p>\n","protected":false},"author":823,"featured_media":0,"parent":0,"menu_order":0,"comment_status":"closed","ping_status":"closed","template":"","meta":{"_seopress_robots_primary_cat":"","_seopress_titles_title":"","_seopress_titles_desc":"","_seopress_robots_index":"","footnotes":""},"class_list":["post-596","page","type-page","status-publish"],"_links":{"self":[{"href":"https:\/\/wp.unil.ch\/h2o\/wp-json\/wp\/v2\/pages\/596","targetHints":{"allow":["GET"]}}],"collection":[{"href":"https:\/\/wp.unil.ch\/h2o\/wp-json\/wp\/v2\/pages"}],"about":[{"href":"https:\/\/wp.unil.ch\/h2o\/wp-json\/wp\/v2\/types\/page"}],"author":[{"embeddable":true,"href":"https:\/\/wp.unil.ch\/h2o\/wp-json\/wp\/v2\/users\/823"}],"replies":[{"embeddable":true,"href":"https:\/\/wp.unil.ch\/h2o\/wp-json\/wp\/v2\/comments?post=596"}],"version-history":[{"count":0,"href":"https:\/\/wp.unil.ch\/h2o\/wp-json\/wp\/v2\/pages\/596\/revisions"}],"wp:attachment":[{"href":"https:\/\/wp.unil.ch\/h2o\/wp-json\/wp\/v2\/media?parent=596"}],"curies":[{"name":"wp","href":"https:\/\/api.w.org\/{rel}","templated":true}]}}