{"id":424,"date":"2016-12-14T10:05:01","date_gmt":"2016-12-14T09:05:01","guid":{"rendered":"http:\/\/wp.unil.ch\/h2o\/?page_id=424"},"modified":"2016-12-14T16:30:23","modified_gmt":"2016-12-14T15:30:23","slug":"2016-2","status":"publish","type":"page","link":"https:\/\/wp.unil.ch\/h2o\/archives\/2016-2\/","title":{"rendered":"&#8211; 2016"},"content":{"rendered":"<p><img alt=\"\" loading=\"lazy\" decoding=\"async\" class=\"size-medium wp-image-411 alignleft\" src=\"https:\/\/wp.unil.ch\/h2o\/files\/2016\/02\/eau_banner_1000x288_prod-300x86.jpg\" alt=\"\" width=\"300\" height=\"86\" srcset=\"https:\/\/wp.unil.ch\/h2o\/files\/2016\/02\/eau_banner_1000x288_prod-300x86.jpg 300w, https:\/\/wp.unil.ch\/h2o\/files\/2016\/02\/eau_banner_1000x288_prod-150x43.jpg 150w, https:\/\/wp.unil.ch\/h2o\/files\/2016\/02\/eau_banner_1000x288_prod-768x221.jpg 768w, https:\/\/wp.unil.ch\/h2o\/files\/2016\/02\/eau_banner_1000x288_prod-500x144.jpg 500w, https:\/\/wp.unil.ch\/h2o\/files\/2016\/02\/eau_banner_1000x288_prod.jpg 1000w\" sizes=\"auto, (max-width: 300px) 100vw, 300px\" \/><\/p>\n<p>&nbsp;<\/p>\n<p>&nbsp;<\/p>\n<p>&nbsp;<\/p>\n<p><strong>PROGRAMME <a href=\"https:\/\/wp.unil.ch\/h2o\/files\/2016\/02\/REau-2016-Programme.pdf\">\u00e0 t\u00e9l\u00e9charger<\/a><br \/>\n<\/strong><\/p>\n<p><strong>9h00 \u00a0 Mot de bienvenue<\/strong><br \/>\nJean-Fran\u00e7ois Rubin, Pr\u00e9sident de la Fondation de La Maison de la Rivi\u00e8re<br \/>\nAlain Kaufmann, Directeur Interface Sciences-Soci\u00e9t\u00e9, Universit\u00e9 de Lausanne Mod\u00e9ration par Laurent Bonnard, Journaliste<\/p>\n<p><strong>9h20 \u00a0 \u00abY z\u2019ont aucune id\u00e9e de rien!\u00bb Le processus participatif : outils pour la n\u00e9gociation<\/strong><br \/>\nSandrine Tolivia, Directrice ELTEL SA, Docteure en Sciences Humaines et Sociales<\/p>\n<p><strong>9h40 \u00a0 La complexit\u00e9 des t\u00e2ches communales en mati\u00e8re de gestion de l\u2019eau <\/strong><br \/>\nBrigitte Dufour-Fallot, Syndique de La Chaux, Directrice de Bio-Eco<\/p>\n<p><strong>10h00 \u00a0Quelle est la diversit\u00e9 des poissons dans les lacs alpins\u00a0aujourd\u2019hui\u00a0?<\/strong><br \/>\nGuy P\u00e9riat, Teleos Suisse s\u00e0rl &amp; EAWAG<\/p>\n<p><strong>10h20 \u00a0 Pause &#8211; Stands et sessions de posters<\/strong><\/p>\n<p><strong>11h00 \u00a0 A la recherche des charac\u00e9es du Canton de Fribourg<\/strong><br \/>\nJessica Joaquim, Responsable du projet \u00ab Charac\u00e9es du Canton de Fribourg \u00bb<br \/>\nMus\u00e9e d\u2019histoire naturelle de Fribourg<\/p>\n<p><strong>11h20 \u00a0 Est-ce que la composition g\u00e9ochimique des otolithes permet de d\u00e9terminer l\u2019origine natale des truites fario du L\u00e9man ?<\/strong><br \/>\nArnaud Caudron, Pr\u00e9sident SCIMABIO Interface (FR)<br \/>\nAlexandre Richard, Pr\u00e9sident de SCIMABIO<\/p>\n<p><strong>11h40 \u00a0 Projet FISHLAB-Gen\u00e8ve, t\u00e9l\u00e9surveillance vid\u00e9o des migrations sur le Rh\u00f4ne<br \/>\n<\/strong>Damien Sidler, Directeur du bureau COREALIS Energie &amp; Environnement<\/p>\n<p><strong>12h00 \u00a0 Pause\u00a0\u00a0 Repas &#8211; Stands et sessions de posters<\/strong><\/p>\n<p><strong>13h30 \u00a0 Pr\u00e9sentation de travaux de Master et Doctorat par les \u00e9tudiants de<br \/>\n<\/strong><strong>l&rsquo;UNIL et d&rsquo;hepia Gen\u00e8ve<\/strong><\/p>\n<p><strong>14h50 \u00a0 L\u2019eau vu par les jeunes : un d\u00e9fi cin\u00e9matographique<br \/>\n<\/strong>Florent Liardet, Chef de projet tourisme, Parc naturel r\u00e9gional Gruy\u00e8re Pays-d\u2019Enhaut<\/p>\n<p><strong>15h10 \u00a0 <\/strong><strong>GEothermie 2020, ou comment r\u00e9inventer l\u2019eau chaude !<br \/>\n<\/strong>Michel Meyer, responsable g\u00e9othermie aux Services Industriels de Gen\u00e8ve<\/p>\n<p><strong>16h10 \u00a0 Mot de cl\u00f4ture<\/strong><br \/>\nJean-Fran\u00e7ois Rubin, Alain Kaufmann, Laurent Bonnard<\/p>\n","protected":false},"excerpt":{"rendered":"<p>&nbsp; &nbsp; &nbsp; PROGRAMME \u00e0 t\u00e9l\u00e9charger 9h00 \u00a0 Mot de bienvenue Jean-Fran\u00e7ois Rubin, Pr\u00e9sident de la Fondation de La Maison de la Rivi\u00e8re Alain Kaufmann, Directeur Interface Sciences-Soci\u00e9t\u00e9, Universit\u00e9 de &hellip; <\/p>\n","protected":false},"author":823,"featured_media":0,"parent":133,"menu_order":1,"comment_status":"closed","ping_status":"closed","template":"sidebar-page.php","meta":{"_seopress_robots_primary_cat":"","_seopress_titles_title":"","_seopress_titles_desc":"","_seopress_robots_index":"","footnotes":""},"class_list":["post-424","page","type-page","status-publish"],"_links":{"self":[{"href":"https:\/\/wp.unil.ch\/h2o\/wp-json\/wp\/v2\/pages\/424","targetHints":{"allow":["GET"]}}],"collection":[{"href":"https:\/\/wp.unil.ch\/h2o\/wp-json\/wp\/v2\/pages"}],"about":[{"href":"https:\/\/wp.unil.ch\/h2o\/wp-json\/wp\/v2\/types\/page"}],"author":[{"embeddable":true,"href":"https:\/\/wp.unil.ch\/h2o\/wp-json\/wp\/v2\/users\/823"}],"replies":[{"embeddable":true,"href":"https:\/\/wp.unil.ch\/h2o\/wp-json\/wp\/v2\/comments?post=424"}],"version-history":[{"count":0,"href":"https:\/\/wp.unil.ch\/h2o\/wp-json\/wp\/v2\/pages\/424\/revisions"}],"up":[{"embeddable":true,"href":"https:\/\/wp.unil.ch\/h2o\/wp-json\/wp\/v2\/pages\/133"}],"wp:attachment":[{"href":"https:\/\/wp.unil.ch\/h2o\/wp-json\/wp\/v2\/media?parent=424"}],"curies":[{"name":"wp","href":"https:\/\/api.w.org\/{rel}","templated":true}]}}