{"id":393,"date":"2015-11-11T16:13:41","date_gmt":"2015-11-11T15:13:41","guid":{"rendered":"http:\/\/wp.unil.ch\/h2o\/?page_id=393"},"modified":"2016-12-14T12:48:05","modified_gmt":"2016-12-14T11:48:05","slug":"2015-2","status":"publish","type":"page","link":"https:\/\/wp.unil.ch\/h2o\/archives\/2015-2\/","title":{"rendered":"&#8211; 2015"},"content":{"rendered":"<p><a href=\"https:\/\/wp.unil.ch\/h2o\/files\/2011\/12\/eau_A5_prog.pdf\"><img alt=\"\" loading=\"lazy\" decoding=\"async\" class=\"alignleft size-medium wp-image-304\" src=\"https:\/\/wp.unil.ch\/h2o\/files\/2014\/11\/cropped-EAU_2015_1000x288_200dpi-300x86.jpg\" alt=\"\" width=\"300\" height=\"86\" \/><\/a><\/p>\n<h1>Programme<\/h1>\n<p>09h00<br \/>\n<strong><em>Mot de bienvenue<\/em><\/strong><br \/>\nJean-Fran\u00e7ois Rubin, Pr\u00e9sident de la Fondation de La Maison de la Rivi\u00e8re<br \/>\nAlain Kaufmann, Directeur Interface sciences-soci\u00e9t\u00e9, Universit\u00e9 de Lausanne<br \/>\nMod\u00e9ration par Laurent Bonnard, journaliste<\/p>\n<p>09h20<br \/>\n<strong>Revitalisation de la Venoge \u00e0 la Roujarde (Penthaz): comment concilier nature et mesures de protection? <a href=\"https:\/\/wp.unil.ch\/h2o\/files\/2015\/03\/A.-Eggimann.pdf\">A. Eggimann<\/a><\/strong><br \/>\nArnaud Eggimann, Association Venoge Vivante<\/p>\n<p>09h40<br \/>\n<strong>Des r\u00e9serves de p\u00eache certifi\u00e9es pour promouvoir la conservation \u00e9cologique et le d\u00e9veloppement local <a href=\"https:\/\/wp.unil.ch\/h2o\/files\/2015\/03\/P.-Varese.pdf\">P. Varese<\/a><\/strong><br \/>\nPaolo Varese, Associazione per la Tutela degli Ambienti Acquatici e dell\u2019Ittiofauna, Luserna San Giovanni<\/p>\n<p>10h00<br \/>\n<strong>Tourbi\u00e8res assoiff\u00e9es : o\u00f9 est pass\u00e9e l\u2019eau? <a href=\"https:\/\/wp.unil.ch\/h2o\/files\/2015\/03\/P.-Grosvernier.pdf\">P. Grosvernier<\/a><\/strong><br \/>\nPhilippe Grosvernier, Ecologue conseil, LIN\u2019eco<\/p>\n<p>10h20 Pause, stands et sessions de posters<\/p>\n<p>11h00<br \/>\n<strong>Vuln\u00e9rabilit\u00e9 des bassins versants suisses aux s\u00e9cheresses: approche hydrog\u00e9ologique <a href=\"https:\/\/wp.unil.ch\/h2o\/files\/2015\/03\/C.-Carlier.pdf\">C. Carlier<\/a><\/strong><br \/>\nClaire Carlier, Doctorante au Centre d\u2019Hydrog\u00e9ologie et de G\u00e9othermie, Universit\u00e9 de Neuch\u00e2tel<\/p>\n<p>11h20<br \/>\n<strong>Influence of drinking water abstraction on groundwater flow and surface water discharge in the Emmental<\/strong><br \/>\nOliver Schilling, Assistant doctorant au Centre d\u2019Hydrog\u00e9ologie et de G\u00e9othermie, Universit\u00e9 de Neuch\u00e2tel<\/p>\n<p>11h40<br \/>\n<strong>Hydrog\u00e9ologie et humanitaire &#8211; Quantification de la recharge d\u2019un large aquif\u00e8re en climat aride (Dadaab, Kenya) <a href=\"https:\/\/wp.unil.ch\/h2o\/files\/2015\/03\/L.-Blandenier.pdf\">L. Blandenier<\/a><\/strong><br \/>\nLucien Blandenier, Centre d\u2019Hydrog\u00e9ologie et de G\u00e9othermie, Universit\u00e9 de Neuch\u00e2tel<\/p>\n<p>12h00 Pause, repas, stands et sessions de posters<\/p>\n<p>13h30<br \/>\n<strong>Aqualogue : une exposition \u00e0 l\u2019interface entre recherches, collections et art <a href=\"https:\/\/wp.unil.ch\/h2o\/files\/2015\/03\/Gattolliat_Sartori_Marcacci.pdf\">Gattolliat_Sartori_Marcacci<\/a><\/strong><br \/>\nJean-Luc Gattolliat, Charg\u00e9 de recherche, Mus\u00e9e Cantonal de Zoologie, Lausanne<br \/>\nMichel Sartori, Directeur du Mus\u00e9e Cantonal de Zoologie, Lausanne<br \/>\nSandro Marcacci, Photographe, Initiateur du Projet Aqualogue<\/p>\n<p>13h50<br \/>\n<strong>Les macroinvert\u00e9br\u00e9s: des bioindicateurs incontournables pour le biomonitoring des cours d\u2019eau en Suisse <a href=\"https:\/\/wp.unil.ch\/h2o\/files\/2015\/03\/N.-M\u00e9netrey.pdf\">N. M\u00e9netrey<\/a><\/strong><br \/>\nNathalie Men\u00e9trey, Hydrobiologiste ind\u00e9pendante, Le Mont-sur-Lausanne<\/p>\n<p>14h10<br \/>\n<strong>Pr\u00e9sentation de travaux de Bachelor et Master de l\u2019Universit\u00e9 de Lausanne et de la Haute \u00e9cole du paysage, d\u2019ing\u00e9nierie et d\u2019architecture de Gen\u00e8ve<br \/>\n<a href=\"https:\/\/wp.unil.ch\/h2o\/files\/2015\/03\/Etudiant-M.-Gyger.pdf\">Etudiant M. Gyger<\/a> <a href=\"https:\/\/wp.unil.ch\/h2o\/files\/2015\/03\/Etudiant-C.-Gabbud.pdf\">Etudiant C. Gabbud<\/a> <a href=\"https:\/\/wp.unil.ch\/h2o\/files\/2015\/03\/Etudiant-S.-Boxler-Dike.pdf\">Etudiant S. Boxler Dike<\/a> <a href=\"https:\/\/wp.unil.ch\/h2o\/files\/2015\/03\/Etudiant-N.-Baetz.pdf\">Etudiant N. Baetz<\/a> <a href=\"https:\/\/wp.unil.ch\/h2o\/files\/2015\/03\/Etudiant-V.-Bovy.pdf\">Etudiant V. Bovy<\/a><br \/>\n<\/strong><\/p>\n<p>15h10<br \/>\n<strong>L\u2019eau et sa valeur: le point de vue des \u00e9thiques environnementales <a href=\"https:\/\/wp.unil.ch\/h2o\/files\/2015\/11\/G.-Hess.pdf\">G. Hess<\/a><\/strong><br \/>\nG\u00e9rald Hess, Ma\u00eetre d\u2019enseignement et de recherche en philosophie et \u00e9thique environnementales \u00e0 la Facult\u00e9 des g\u00e9osciences et de l\u2019environnement, Universit\u00e9 de Lausanne<\/p>\n<p>16h10<br \/>\n<strong><em>Mot de cl\u00f4ture<\/em><\/strong><br \/>\nJean-Fran\u00e7ois Rubin, Alain Kaufmann, Laurent Bonnard<\/p>\n","protected":false},"excerpt":{"rendered":"<p>Programme 09h00 Mot de bienvenue Jean-Fran\u00e7ois Rubin, Pr\u00e9sident de la Fondation de La Maison de la Rivi\u00e8re Alain Kaufmann, Directeur Interface sciences-soci\u00e9t\u00e9, Universit\u00e9 de Lausanne Mod\u00e9ration par Laurent Bonnard, journaliste &hellip; <\/p>\n","protected":false},"author":1001034,"featured_media":0,"parent":133,"menu_order":2,"comment_status":"closed","ping_status":"closed","template":"sidebar-page.php","meta":{"_seopress_robots_primary_cat":"","_seopress_titles_title":"","_seopress_titles_desc":"","_seopress_robots_index":"","footnotes":""},"class_list":["post-393","page","type-page","status-publish"],"_links":{"self":[{"href":"https:\/\/wp.unil.ch\/h2o\/wp-json\/wp\/v2\/pages\/393","targetHints":{"allow":["GET"]}}],"collection":[{"href":"https:\/\/wp.unil.ch\/h2o\/wp-json\/wp\/v2\/pages"}],"about":[{"href":"https:\/\/wp.unil.ch\/h2o\/wp-json\/wp\/v2\/types\/page"}],"author":[{"embeddable":true,"href":"https:\/\/wp.unil.ch\/h2o\/wp-json\/wp\/v2\/users\/1001034"}],"replies":[{"embeddable":true,"href":"https:\/\/wp.unil.ch\/h2o\/wp-json\/wp\/v2\/comments?post=393"}],"version-history":[{"count":0,"href":"https:\/\/wp.unil.ch\/h2o\/wp-json\/wp\/v2\/pages\/393\/revisions"}],"up":[{"embeddable":true,"href":"https:\/\/wp.unil.ch\/h2o\/wp-json\/wp\/v2\/pages\/133"}],"wp:attachment":[{"href":"https:\/\/wp.unil.ch\/h2o\/wp-json\/wp\/v2\/media?parent=393"}],"curies":[{"name":"wp","href":"https:\/\/api.w.org\/{rel}","templated":true}]}}